2016-08-02 14:12:05.273160 7fe2d2ffd700 20 librbd::Journal: 0x7fe30804b640 transition_state: new state=7
2016-08-02 14:12:05.273173 7fe2d2ffd700 20 librbd::Journal: 0x7fe30804b640 wait_for_steady_state: on_state=0x7fe2ec059750
2016-08-02 14:12:05.273215 7fe2d2ffd700 20 librbd::Journal: 0x7fe30804b640 handle_recording_stopped: r=0
2016-08-02 14:12:05.273220 7fe2d2ffd700 20 librbd::Journal: 0x7fe30804b640 destroy_journaler: r=0
2016-08-02 14:12:05.273222 7fe2d2ffd700 20 librbd::Journal: 0x7fe30804b640 transition_state: new state=8
2016-08-02 14:12:05.855490 7fe2d2ffd700 20 librbd::Journal: 0x7fe30804b640 handle_journal_destroyed: r=0
2016-08-02 14:12:05.855501 7fe2d2ffd700 20 librbd::Journal: 0x7fe30804b640 transition_state: new state=9
2016-08-02 14:12:05.855505 7fe2d2ffd700 10 librbd::exclusive_lock::ReleaseRequest: handle_close_journal: r=0
2016-08-02 14:12:05.855512 7fe2d2ffd700 10 librbd::exclusive_lock::ReleaseRequest: send_unlock
2016-08-02 14:12:05.855514 7fe2d2ffd700 10 librbd::ExclusiveLock: 0x7fe30803aa80 handle_shutdown_releasing: r=0
2016-08-02 14:12:06.246761 7fe2f4ff9700 10 librbd::exclusive_lock::ReleaseRequest: handle_unlock: r=0
2016-08-02 14:12:06.246823 7fe2d2ffd700 10 librbd::ExclusiveLock: 0x7fe30803aa80 handle_shutdown_released: r=0
2016-08-02 14:12:06.246829 7fe2d2ffd700 20 librbd::AioImageRequestWQ: clear_require_lock_on_read
2016-08-02 14:12:06.246831 7fe2d2ffd700 5 librbd::AioImageRequestWQ: unblock_writes: 0x7fe31002a7c0, num=0
2016-08-02 14:12:06.246834 7fe2d2ffd700 10 librbd::ImageWatcher: 0x7fe3080455a0 notify released lock
2016-08-02 14:12:06.246835 7fe2d2ffd700 10 librbd::ImageWatcher: 0x7fe3080455a0 current lock owner: [0,0]
2016-08-02 14:12:06.246847 7fe2d2ffd700 20 librbd::image_watcher::Notifier: notify: pending=1
2016-08-02 14:12:06.246937 7fe2d2ffd700 10 librbd::image::CloseRequest: 0x7fe31402c770 handle_shut_down_exclusive_lock: r=0
2016-08-02 14:12:06.246941 7fe2d2ffd700 10 librbd::image::CloseRequest: 0x7fe31402c770 send_flush_readahead
2016-08-02 14:12:06.246943 7fe2d2ffd700 10 librbd::image::CloseRequest: 0x7fe31402c770 handle_flush_readahead: r=0
2016-08-02 14:12:06.246944 7fe2d2ffd700 10 librbd::image::CloseRequest: 0x7fe31402c770 send_shut_down_cache
2016-08-02 14:12:06.246946 7fe2d2ffd700 10 librbd::image::CloseRequest: 0x7fe31402c770 handle_shut_down_cache: r=0
2016-08-02 14:12:06.246947 7fe2d2ffd700 10 librbd::image::CloseRequest: 0x7fe31402c770 send_flush_op_work_queue
2016-08-02 14:12:06.246950 7fe2d2ffd700 10 librbd::image::CloseRequest: 0x7fe31402c770 handle_flush_op_work_queue: r=0
2016-08-02 14:12:06.369270 7fe2f4ff9700 20 librbd::image_watcher::Notifier: handle_notify: pending=0
2016-08-02 14:12:06.369304 7fe2d2ffd700 10 librbd::image::CloseRequest: 0x7fe31402c770 handle_flush_image_watcher: r=0
2016-08-02 14:12:06.369323 7fe2d2ffd700 10 librbd::ImageState: 0x7fe310000e10 handle_close: r=0
2016-08-02 14:12:06.578662 7fe323dc8700 20 rbd::mirror::image_replayer::BootstrapRequest::finish: r=-17
2016-08-02 14:12:33.185182 7fe2d8ff9700 5 librbd::AioImageRequestWQ: 0x7fe31002dab0 : ictx=0x7fe31002cf30
2016-08-02 14:12:33.185191 7fe2d8ff9700 20 librbd::ImageState: open
2016-08-02 14:12:33.185194 7fe2d8ff9700 10 librbd::ImageState: 0x7fe3100102e0 send_open_unlock
2016-08-02 14:12:33.185197 7fe2d8ff9700 10 librbd::image::OpenRequest: 0x7fe31000a2a0 send_v2_get_name
2016-08-02 14:12:33.186753 7fe2f4ff9700 10 librbd::image::OpenRequest: handle_v2_get_name: r=0
2016-08-02 14:12:33.186759 7fe2f4ff9700 10 librbd::image::OpenRequest: 0x7fe31000a2a0 send_v2_get_immutable_metadata
2016-08-02 14:12:33.188373 7fe2f4ff9700 10 librbd::image::OpenRequest: handle_v2_get_immutable_metadata: r=0
2016-08-02 14:12:33.188380 7fe2f4ff9700 10 librbd::image::OpenRequest: 0x7fe31000a2a0 send_v2_get_stripe_unit_count
2016-08-02 14:12:33.189320 7fe2f4ff9700 10 librbd::image::OpenRequest: handle_v2_get_stripe_unit_count: r=-8
2016-08-02 14:12:33.189329 7fe2f4ff9700 10 librbd::ImageCtx: init_layout stripe_unit 4194304 stripe_count 1 object_size 4194304 prefix rbd_data.1017557e0515 format rbd_data.1017557e0515.%016llx
2016-08-02 14:12:33.189331 7fe2f4ff9700 10 librbd::image::OpenRequest: 0x7fe31000a2a0 send_v2_apply_metadata: start_key=conf_
2016-08-02 14:12:33.190318 7fe2f4ff9700 10 librbd::image::OpenRequest: 0x7fe31000a2a0 handle_v2_apply_metadata: r=0
2016-08-02 14:12:33.190326 7fe2f4ff9700 20 librbd::ImageCtx: apply_metadata
2016-08-02 14:12:33.190483 7fe2f4ff9700 10 librbd::image::OpenRequest: 0x7fe31000a2a0 send_register_watch
2016-08-02 14:12:33.190493 7fe2f4ff9700 10 librbd::ImageWatcher: 0x7fe3080455a0 registering image watcher
2016-08-02 14:12:33.504601 7fe2f4ff9700 10 librbd::image::OpenRequest: 0x7fe31000a2a0 handle_register_watch: r=0
2016-08-02 14:12:33.504621 7fe2f4ff9700 10 librbd::image::OpenRequest: 0x7fe31000a2a0 send_refresh
2016-08-02 14:12:33.504624 7fe2f4ff9700 10 librbd::image::RefreshRequest: 0x7fe308051890 send_v2_get_mutable_metadata
2016-08-02 14:12:33.506855 7fe2f4ff9700 10 librbd::image::RefreshRequest: 0x7fe308051890 handle_v2_get_mutable_metadata: r=0
2016-08-02 14:12:33.506868 7fe2f4ff9700 10 librbd::image::RefreshRequest: 0x7fe308051890 send_v2_get_flags
2016-08-02 14:12:33.507796 7fe2f4ff9700 10 librbd::image::RefreshRequest: 0x7fe308051890 handle_v2_get_flags: r=0
2016-08-02 14:12:33.507806 7fe2f4ff9700 10 librbd::image::RefreshRequest: 0x7fe308051890 send_v2_init_exclusive_lock
2016-08-02 14:12:33.507814 7fe2f4ff9700 10 librbd::ExclusiveLock: 0x7fe308031c50 init
2016-08-02 14:12:33.507816 7fe2f4ff9700 5 librbd::AioImageRequestWQ: block_writes: 0x7fe31002cf30, num=1
2016-08-02 14:12:33.507823 7fe2f4ff9700 20 librbd::AioImageRequestWQ: set_require_lock_on_read
2016-08-02 14:12:33.507841 7fe2d2ffd700 10 librbd::ExclusiveLock: 0x7fe308031c50 handle_init_complete
2016-08-02 14:12:33.507849 7fe2d2ffd700 10 librbd::image::RefreshRequest: 0x7fe308051890 handle_v2_init_exclusive_lock: r=0
2016-08-02 14:12:33.507851 7fe2d2ffd700 10 librbd::image::RefreshRequest: 0x7fe308051890 send_v2_apply
2016-08-02 14:12:33.507854 7fe2d2ffd700 10 librbd::image::RefreshRequest: 0x7fe308051890 handle_v2_apply
2016-08-02 14:12:33.507856 7fe2d2ffd700 20 librbd::image::RefreshRequest: 0x7fe308051890 apply
2016-08-02 14:12:33.507864 7fe2d2ffd700 10 librbd::image::OpenRequest: handle_refresh: r=0
2016-08-02 14:12:33.507868 7fe2d2ffd700 10 librbd::ImageState: 0x7fe3100102e0 handle_open: r=0
2016-08-02 14:12:33.507873 7fe2d2ffd700 20 librbd::Journal: get_tag_owner
2016-08-02 14:12:33.710373 7fe2f4ff9700 20 librbd::Journal: 0x7fe2ec007500 process: most recent journal tag: tid=2, data=[mirror_uuid=<orphan>, predecessor_mirror_uuid=0e03fa0e-b67a-4332-a578-d73531ddc988, predecessor_tag_tid=1, predecessor_entry_tid=3]
2016-08-02 14:12:33.987755 7fe2d2ffd700 20 librbd::ExclusiveLock: 0x7fe308031c50 block_requests
2016-08-02 14:12:33.987764 7fe2d2ffd700 10 librbd::ExclusiveLock: 0x7fe308031c50 request_lock
2016-08-02 14:12:33.987767 7fe2d2ffd700 10 librbd::ExclusiveLock: 0x7fe308031c50 send_acquire_lock
2016-08-02 14:12:33.987775 7fe2d2ffd700 10 librbd::exclusive_lock::AcquireRequest: send_flush_notifies
2016-08-02 14:12:33.987782 7fe2d2ffd700 10 librbd::exclusive_lock::AcquireRequest: handle_flush_notifies
2016-08-02 14:12:33.987784 7fe2d2ffd700 10 librbd::exclusive_lock::AcquireRequest: send_lock
2016-08-02 14:12:34.039838 7fe2f4ff9700 10 librbd::exclusive_lock::AcquireRequest: handle_lock: r=0
2016-08-02 14:12:34.039848 7fe2f4ff9700 10 librbd::ExclusiveLock: 0x7fe308031c50 handle_acquiring_lock
2016-08-02 14:12:34.039851 7fe2f4ff9700 10 librbd::exclusive_lock::AcquireRequest: send_open_journal
2016-08-02 14:12:34.039857 7fe2f4ff9700 5 librbd::Journal: 0x7fe30804a550: ictx=0x7fe31002cf30
2016-08-02 14:12:34.039864 7fe2f4ff9700 20 librbd::Journal: 0x7fe30804a550 open
2016-08-02 14:12:34.039866 7fe2f4ff9700 20 librbd::Journal: 0x7fe30804a550 wait_for_steady_state: on_state=0x7fe3080390b0
2016-08-02 14:12:34.039868 7fe2f4ff9700 20 librbd::Journal: 0x7fe30804a550 create_journaler
2016-08-02 14:12:34.039869 7fe2f4ff9700 20 librbd::Journal: 0x7fe30804a550 transition_state: new state=1
2016-08-02 14:12:34.148657 7fe2d2ffd700 20 librbd::Journal: 0x7fe30804a550 handle_initialized: r=0
2016-08-02 14:12:34.148668 7fe2d2ffd700 20 librbd::Journal: 0x7fe30804a550 max_append_size=16777183
2016-08-02 14:12:34.148677 7fe2d2ffd700 20 librbd::Journal: 0x7fe30804a550 handle_initialized: client: [id=, commit_position=[positions=[[object_number=1, tag_tid=0, entry_tid=1], [object_number=0, tag_tid=0, entry_tid=0]]], state=connected], image meta: [tag_class=0]
2016-08-02 14:12:34.150028 7fe2f4ff9700 20 librbd::Journal: 0x7fe2ec064100 process: most recent journal tag: tid=2, data=[mirror_uuid=<orphan>, predecessor_mirror_uuid=0e03fa0e-b67a-4332-a578-d73531ddc988, predecessor_tag_tid=1, predecessor_entry_tid=3]
2016-08-02 14:12:34.150052 7fe2d2ffd700 20 librbd::Journal: 0x7fe30804a550 handle_get_tags: r=0
2016-08-02 14:12:34.150057 7fe2d2ffd700 20 librbd::Journal: 0x7fe30804a550 transition_state: new state=2
2016-08-02 14:12:34.155523 7fe2d17fa700 20 librbd::Journal: 0x7fe30804a550 handle_replay_complete: r=0
2016-08-02 14:12:34.155527 7fe2d17fa700 20 librbd::Journal: 0x7fe30804a550 transition_state: new state=5
2016-08-02 14:12:34.155538 7fe2d17fa700 20 librbd::Journal: 0x7fe30804a550 handle_replay_complete: shut down replay
2016-08-02 14:12:34.155540 7fe2d17fa700 20 librbd::journal::Replay: 0x7fe2ec069240 shut_down
2016-08-02 14:12:34.155558 7fe2d2ffd700 20 librbd::Journal: 0x7fe30804a550 handle_replay_complete: handle shut down replay
2016-08-02 14:12:34.155563 7fe2d2ffd700 20 librbd::Journal: 0x7fe30804a550 handle_flushing_replay
2016-08-02 14:12:34.155592 7fe2d2ffd700 20 librbd::Journal: 0x7fe30804a550 transition_state: new state=6
2016-08-02 14:12:34.155596 7fe2d2ffd700 10 librbd::exclusive_lock::AcquireRequest: handle_open_journal: r=0
2016-08-02 14:12:34.155597 7fe2d2ffd700 10 librbd::exclusive_lock::AcquireRequest: send_allocate_journal_tag
2016-08-02 14:12:34.155615 7fe323dc8700 10 librbd::exclusive_lock::AcquireRequest: handle_allocate_journal_tag: r=0
2016-08-02 14:12:34.155625 7fe2d2ffd700 10 librbd::ExclusiveLock: 0x7fe308031c50 handle_acquire_lock: r=0
2016-08-02 14:12:34.155626 7fe2d2ffd700 5 librbd::ExclusiveLock: successfully acquired exclusive lock
2016-08-02 14:12:34.155628 7fe2d2ffd700 10 librbd::ImageWatcher: 0x7fe3080455a0 notify acquired lock
2016-08-02 14:12:34.155630 7fe2d2ffd700 10 librbd::ImageWatcher: 0x7fe3080455a0 current lock owner: [4119,140613068846992]
2016-08-02 14:12:34.155640 7fe2d2ffd700 20 librbd::image_watcher::Notifier: notify: pending=1
2016-08-02 14:12:34.155698 7fe2d2ffd700 20 librbd::AioImageRequestWQ: clear_require_lock_on_read
2016-08-02 14:12:34.155701 7fe2d2ffd700 5 librbd::AioImageRequestWQ: unblock_writes: 0x7fe31002cf30, num=0
2016-08-02 14:12:34.155705 7fe2d2ffd700 20 librbd::ExclusiveLock: 0x7fe308031c50 is_lock_owner=1
2016-08-02 14:12:34.156670 7fe2da7fc700 20 librbd::ImageState: close
2016-08-02 14:12:34.156673 7fe2da7fc700 10 librbd::ImageState: 0x7fe3100102e0 send_close_unlock
2016-08-02 14:12:34.156676 7fe2da7fc700 10 librbd::image::CloseRequest: 0x7fe31402b8c0 send_shut_down_update_watchers
2016-08-02 14:12:34.156678 7fe2da7fc700 20 librbd::ImageState: shut_down_update_watchers
2016-08-02 14:12:34.156679 7fe2da7fc700 20 librbd::ImageState: ImageUpdateWatchers::shut_down
2016-08-02 14:12:34.156681 7fe2da7fc700 20 librbd::ImageState: ImageUpdateWatchers::shut_down: completing shut down
2016-08-02 14:12:34.156691 7fe2d2ffd700 10 librbd::image::CloseRequest: 0x7fe31402b8c0 handle_shut_down_update_watchers: r=0
2016-08-02 14:12:34.156694 7fe2d2ffd700 10 librbd::image::CloseRequest: 0x7fe31402b8c0 send_unregister_image_watcher
2016-08-02 14:12:34.156695 7fe2d2ffd700 10 librbd::ImageWatcher: 0x7fe3080455a0 unregistering image watcher
2016-08-02 14:12:34.166403 7fe2f4ff9700 10 librbd::ImageWatcher: 0x7fe308048bc0 C_NotifyAck start: id=73014444063, handle=140613068846992
2016-08-02 14:12:34.166409 7fe2f4ff9700 10 librbd::ImageWatcher: 0x7fe3080455a0 image exclusively locked announcement
2016-08-02 14:12:34.166410 7fe2f4ff9700 10 librbd::ImageWatcher: 0x7fe3080455a0 current lock owner: [4119,140613068846992]
2016-08-02 14:12:34.166412 7fe2f4ff9700 10 librbd::ImageWatcher: 0x7fe308048bc0 C_NotifyAck finish: id=73014444063, handle=140613068846992
2016-08-02 14:12:34.211606 7fe2d2ffd700 10 librbd::image::CloseRequest: 0x7fe31402b8c0 handle_unregister_image_watcher: r=0
2016-08-02 14:12:34.211615 7fe2d2ffd700 10 librbd::image::CloseRequest: 0x7fe31402b8c0 send_shut_down_aio_queue
2016-08-02 14:12:34.211617 7fe2d2ffd700 5 librbd::AioImageRequestWQ: shut_down: in_flight=0
2016-08-02 14:12:34.211621 7fe2d2ffd700 10 librbd::image::CloseRequest: 0x7fe31402b8c0 handle_shut_down_aio_queue: r=0
2016-08-02 14:12:34.211623 7fe2d2ffd700 10 librbd::image::CloseRequest: 0x7fe31402b8c0 send_shut_down_exclusive_lock
2016-08-02 14:12:34.211624 7fe2d2ffd700 10 librbd::ExclusiveLock: 0x7fe308031c50 shut_down
2016-08-02 14:12:34.211626 7fe2d2ffd700 10 librbd::ExclusiveLock: 0x7fe308031c50 send_shutdown
2016-08-02 14:12:34.211632 7fe2d2ffd700 10 librbd::exclusive_lock::ReleaseRequest: send_cancel_op_requests
2016-08-02 14:12:34.211633 7fe2d2ffd700 10 librbd::exclusive_lock::ReleaseRequest: handle_cancel_op_requests: r=0
2016-08-02 14:12:34.211634 7fe2d2ffd700 10 librbd::exclusive_lock::ReleaseRequest: send_block_writes
2016-08-02 14:12:34.211636 7fe2d2ffd700 20 librbd::AioImageRequestWQ: set_require_lock_on_read
2016-08-02 14:12:34.211637 7fe2d2ffd700 5 librbd::AioImageRequestWQ: block_writes: 0x7fe31002cf30, num=1
2016-08-02 14:12:34.211640 7fe2d2ffd700 10 librbd::exclusive_lock::ReleaseRequest: handle_block_writes: r=0
2016-08-02 14:12:34.211641 7fe2d2ffd700 10 librbd::exclusive_lock::ReleaseRequest: send_flush_notifies
2016-08-02 14:12:34.216647 7fe2f4ff9700 20 librbd::image_watcher::Notifier: handle_notify: pending=0
2016-08-02 14:12:34.216673 7fe2d2ffd700 10 librbd::exclusive_lock::ReleaseRequest: handle_flush_notifies
2016-08-02 14:12:34.216676 7fe2d2ffd700 10 librbd::exclusive_lock::ReleaseRequest: send_close_journal
2016-08-02 14:12:34.216678 7fe2d2ffd700 20 librbd::Journal: 0x7fe30804a550 close
2016-08-02 14:12:34.216679 7fe2d2ffd700 20 librbd::Journal: 0x7fe30804a550 transition_state: new state=7
2016-08-02 14:12:34.216687 7fe2d2ffd700 20 librbd::Journal: 0x7fe30804a550 wait_for_steady_state: on_state=0x7fe2ec059750
2016-08-02 14:12:34.216760 7fe2d2ffd700 20 librbd::Journal: 0x7fe30804a550 handle_recording_stopped: r=0
2016-08-02 14:12:34.216772 7fe2d2ffd700 20 librbd::Journal: 0x7fe30804a550 destroy_journaler: r=0
2016-08-02 14:12:34.216774 7fe2d2ffd700 20 librbd::Journal: 0x7fe30804a550 transition_state: new state=8
2016-08-02 14:12:34.248847 7fe2d2ffd700 20 librbd::Journal: 0x7fe30804a550 handle_journal_destroyed: r=0
2016-08-02 14:12:34.248859 7fe2d2ffd700 20 librbd::Journal: 0x7fe30804a550 transition_state: new state=9
2016-08-02 14:12:34.248863 7fe2d2ffd700 10 librbd::exclusive_lock::ReleaseRequest: handle_close_journal: r=0
2016-08-02 14:12:34.248868 7fe2d2ffd700 10 librbd::exclusive_lock::ReleaseRequest: send_unlock
2016-08-02 14:12:34.248869 7fe2d2ffd700 10 librbd::ExclusiveLock: 0x7fe308031c50 handle_shutdown_releasing: r=0
2016-08-02 14:12:34.295095 7fe2f4ff9700 10 librbd::exclusive_lock::ReleaseRequest: handle_unlock: r=0
2016-08-02 14:12:34.295110 7fe2d2ffd700 10 librbd::ExclusiveLock: 0x7fe308031c50 handle_shutdown_released: r=0
2016-08-02 14:12:34.295113 7fe2d2ffd700 20 librbd::AioImageRequestWQ: clear_require_lock_on_read
2016-08-02 14:12:34.295114 7fe2d2ffd700 5 librbd::AioImageRequestWQ: unblock_writes: 0x7fe31002cf30, num=0
2016-08-02 14:12:34.295116 7fe2d2ffd700 10 librbd::ImageWatcher: 0x7fe3080455a0 notify released lock
2016-08-02 14:12:34.295117 7fe2d2ffd700 10 librbd::ImageWatcher: 0x7fe3080455a0 current lock owner: [0,0]
2016-08-02 14:12:34.295123 7fe2d2ffd700 20 librbd::image_watcher::Notifier: notify: pending=1
2016-08-02 14:12:34.295166 7fe2d2ffd700 10 librbd::image::CloseRequest: 0x7fe31402b8c0 handle_shut_down_exclusive_lock: r=0
2016-08-02 14:12:34.295169 7fe2d2ffd700 10 librbd::image::CloseRequest: 0x7fe31402b8c0 send_flush_readahead
2016-08-02 14:12:34.295172 7fe2d2ffd700 10 librbd::image::CloseRequest: 0x7fe31402b8c0 handle_flush_readahead: r=0
2016-08-02 14:12:34.295173 7fe2d2ffd700 10 librbd::image::CloseRequest: 0x7fe31402b8c0 send_shut_down_cache
2016-08-02 14:12:34.295175 7fe2d2ffd700 10 librbd::image::CloseRequest: 0x7fe31402b8c0 handle_shut_down_cache: r=0
2016-08-02 14:12:34.295176 7fe2d2ffd700 10 librbd::image::CloseRequest: 0x7fe31402b8c0 send_flush_op_work_queue
2016-08-02 14:12:34.295179 7fe2d2ffd700 10 librbd::image::CloseRequest: 0x7fe31402b8c0 handle_flush_op_work_queue: r=0
2016-08-02 14:12:34.297390 7fe2f4ff9700 20 librbd::image_watcher::Notifier: handle_notify: pending=0
2016-08-02 14:12:34.297405 7fe2d2ffd700 10 librbd::image::CloseRequest: 0x7fe31402b8c0 handle_flush_image_watcher: r=0
2016-08-02 14:12:34.297428 7fe2d2ffd700 10 librbd::ImageState: 0x7fe3100102e0 handle_close: r=0
2016-08-02 14:12:34.434664 7fe323dc8700 20 rbd::mirror::image_replayer::BootstrapRequest::finish: r=-17
2016-08-02 14:12:38.009612 7fe2f41f2700 0 -- 192.168.34.135:0/472585458 >> 192.168.34.120:6808/19668 pipe(0x7fe2e8058f40 sd=29 :53754 s=2 pgs=46 cs=1 l=1 c=0x7fe2e8055030).injecting socket failure
2016-08-02 14:13:03.278542 7fe2d8ff9700 5 librbd::AioImageRequestWQ: 0x7fe3100306f0 : ictx=0x7fe31002fa60
2016-08-02 14:13:03.278556 7fe2d8ff9700 20 librbd::ImageState: open
2016-08-02 14:13:03.278558 7fe2d8ff9700 10 librbd::ImageState: 0x7fe31000c030 send_open_unlock
2016-08-02 14:13:03.278561 7fe2d8ff9700 10 librbd::image::OpenRequest: 0x7fe310013940 send_v2_get_name
2016-08-02 14:13:03.279975 7fe2f4ff9700 10 librbd::image::OpenRequest: handle_v2_get_name: r=0
2016-08-02 14:13:03.279988 7fe2f4ff9700 10 librbd::image::OpenRequest: 0x7fe310013940 send_v2_get_immutable_metadata
2016-08-02 14:13:03.281450 7fe2f4ff9700 10 librbd::image::OpenRequest: handle_v2_get_immutable_metadata: r=0
2016-08-02 14:13:03.281463 7fe2f4ff9700 10 librbd::image::OpenRequest: 0x7fe310013940 send_v2_get_stripe_unit_count
2016-08-02 14:13:03.282900 7fe2f4ff9700 10 librbd::image::OpenRequest: handle_v2_get_stripe_unit_count: r=-8
2016-08-02 14:13:03.282917 7fe2f4ff9700 10 librbd::ImageCtx: init_layout stripe_unit 4194304 stripe_count 1 object_size 4194304 prefix rbd_data.1017557e0515 format rbd_data.1017557e0515.%016llx
2016-08-02 14:13:03.282920 7fe2f4ff9700 10 librbd::image::OpenRequest: 0x7fe310013940 send_v2_apply_metadata: start_key=conf_
2016-08-02 14:13:03.283988 7fe2f4ff9700 10 librbd::image::OpenRequest: 0x7fe310013940 handle_v2_apply_metadata: r=0
2016-08-02 14:13:03.283995 7fe2f4ff9700 20 librbd::ImageCtx: apply_metadata
2016-08-02 14:13:03.284136 7fe2f4ff9700 10 librbd::image::OpenRequest: 0x7fe310013940 send_register_watch
2016-08-02 14:13:03.284144 7fe2f4ff9700 10 librbd::ImageWatcher: 0x7fe3080513c0 registering image watcher
2016-08-02 14:13:04.519805 7fe2f4ff9700 10 librbd::image::OpenRequest: 0x7fe310013940 handle_register_watch: r=0
2016-08-02 14:13:04.519816 7fe2f4ff9700 10 librbd::image::OpenRequest: 0x7fe310013940 send_refresh
2016-08-02 14:13:04.519819 7fe2f4ff9700 10 librbd::image::RefreshRequest: 0x7fe308058d40 send_v2_get_mutable_metadata
2016-08-02 14:13:04.521880 7fe2f4ff9700 10 librbd::image::RefreshRequest: 0x7fe308058d40 handle_v2_get_mutable_metadata: r=0
2016-08-02 14:13:04.521902 7fe2f4ff9700 10 librbd::image::RefreshRequest: 0x7fe308058d40 send_v2_get_flags
2016-08-02 14:13:04.523027 7fe2f4ff9700 10 librbd::image::RefreshRequest: 0x7fe308058d40 handle_v2_get_flags: r=0
2016-08-02 14:13:04.523038 7fe2f4ff9700 10 librbd::image::RefreshRequest: 0x7fe308058d40 send_v2_init_exclusive_lock
2016-08-02 14:13:04.523046 7fe2f4ff9700 10 librbd::ExclusiveLock: 0x7fe30802eda0 init
2016-08-02 14:13:04.523048 7fe2f4ff9700 5 librbd::AioImageRequestWQ: block_writes: 0x7fe31002fa60, num=1
2016-08-02 14:13:04.523056 7fe2f4ff9700 20 librbd::AioImageRequestWQ: set_require_lock_on_read
2016-08-02 14:13:04.523072 7fe2d2ffd700 10 librbd::ExclusiveLock: 0x7fe30802eda0 handle_init_complete
2016-08-02 14:13:04.523081 7fe2d2ffd700 10 librbd::image::RefreshRequest: 0x7fe308058d40 handle_v2_init_exclusive_lock: r=0
2016-08-02 14:13:04.523083 7fe2d2ffd700 10 librbd::image::RefreshRequest: 0x7fe308058d40 send_v2_apply
2016-08-02 14:13:04.523087 7fe2d2ffd700 10 librbd::image::RefreshRequest: 0x7fe308058d40 handle_v2_apply
2016-08-02 14:13:04.523088 7fe2d2ffd700 20 librbd::image::RefreshRequest: 0x7fe308058d40 apply
2016-08-02 14:13:04.523096 7fe2d2ffd700 10 librbd::image::OpenRequest: handle_refresh: r=0
2016-08-02 14:13:04.523101 7fe2d2ffd700 10 librbd::ImageState: 0x7fe31000c030 handle_open: r=0
2016-08-02 14:13:04.523105 7fe2d2ffd700 20 librbd::Journal: get_tag_owner
2016-08-02 14:13:04.575383 7fe2f4ff9700 20 librbd::Journal: 0x7fe2ec045ac0 process: most recent journal tag: tid=2, data=[mirror_uuid=<orphan>, predecessor_mirror_uuid=0e03fa0e-b67a-4332-a578-d73531ddc988, predecessor_tag_tid=1, predecessor_entry_tid=3]
2016-08-02 14:13:04.628783 7fe2d2ffd700 20 librbd::ExclusiveLock: 0x7fe30802eda0 block_requests
2016-08-02 14:13:04.628794 7fe2d2ffd700 10 librbd::ExclusiveLock: 0x7fe30802eda0 request_lock
2016-08-02 14:13:04.628796 7fe2d2ffd700 10 librbd::ExclusiveLock: 0x7fe30802eda0 send_acquire_lock
2016-08-02 14:13:04.628803 7fe2d2ffd700 10 librbd::exclusive_lock::AcquireRequest: send_flush_notifies
2016-08-02 14:13:04.628810 7fe2d2ffd700 10 librbd::exclusive_lock::AcquireRequest: handle_flush_notifies
2016-08-02 14:13:04.628811 7fe2d2ffd700 10 librbd::exclusive_lock::AcquireRequest: send_lock
2016-08-02 14:13:04.758859 7fe2f4ff9700 10 librbd::exclusive_lock::AcquireRequest: handle_lock: r=0
2016-08-02 14:13:04.758871 7fe2f4ff9700 10 librbd::ExclusiveLock: 0x7fe30802eda0 handle_acquiring_lock
2016-08-02 14:13:04.758874 7fe2f4ff9700 10 librbd::exclusive_lock::AcquireRequest: send_open_journal
2016-08-02 14:13:04.758891 7fe2f4ff9700 5 librbd::Journal: 0x7fe30805a9d0: ictx=0x7fe31002fa60
2016-08-02 14:13:04.758899 7fe2f4ff9700 20 librbd::Journal: 0x7fe30805a9d0 open
2016-08-02 14:13:04.758901 7fe2f4ff9700 20 librbd::Journal: 0x7fe30805a9d0 wait_for_steady_state: on_state=0x7fe30801a570
2016-08-02 14:13:04.758903 7fe2f4ff9700 20 librbd::Journal: 0x7fe30805a9d0 create_journaler
2016-08-02 14:13:04.758904 7fe2f4ff9700 20 librbd::Journal: 0x7fe30805a9d0 transition_state: new state=1
2016-08-02 14:13:05.901037 7fe2d2ffd700 20 librbd::Journal: 0x7fe30805a9d0 handle_initialized: r=0
2016-08-02 14:13:05.901048 7fe2d2ffd700 20 librbd::Journal: 0x7fe30805a9d0 max_append_size=16777183
2016-08-02 14:13:05.901057 7fe2d2ffd700 20 librbd::Journal: 0x7fe30805a9d0 handle_initialized: client: [id=, commit_position=[positions=[[object_number=1, tag_tid=0, entry_tid=1], [object_number=0, tag_tid=0, entry_tid=0]]], state=connected], image meta: [tag_class=0]
2016-08-02 14:13:05.904248 7fe2f4ff9700 20 librbd::Journal: 0x7fe2ec02b910 process: most recent journal tag: tid=2, data=[mirror_uuid=<orphan>, predecessor_mirror_uuid=0e03fa0e-b67a-4332-a578-d73531ddc988, predecessor_tag_tid=1, predecessor_entry_tid=3]
2016-08-02 14:13:05.904268 7fe2d2ffd700 20 librbd::Journal: 0x7fe30805a9d0 handle_get_tags: r=0
2016-08-02 14:13:05.904271 7fe2d2ffd700 20 librbd::Journal: 0x7fe30805a9d0 transition_state: new state=2
2016-08-02 14:13:05.908400 7fe2d17fa700 20 librbd::Journal: 0x7fe30805a9d0 handle_replay_complete: r=0
2016-08-02 14:13:05.908410 7fe2d17fa700 20 librbd::Journal: 0x7fe30805a9d0 transition_state: new state=5
2016-08-02 14:13:05.908421 7fe2d17fa700 20 librbd::Journal: 0x7fe30805a9d0 handle_replay_complete: shut down replay
2016-08-02 14:13:05.908423 7fe2d17fa700 20 librbd::journal::Replay: 0x7fe2ec074060 shut_down
2016-08-02 14:13:05.908431 7fe2d2ffd700 20 librbd::Journal: 0x7fe30805a9d0 handle_replay_complete: handle shut down replay
2016-08-02 14:13:05.908433 7fe2d2ffd700 20 librbd::Journal: 0x7fe30805a9d0 handle_flushing_replay
2016-08-02 14:13:05.908448 7fe2d2ffd700 20 librbd::Journal: 0x7fe30805a9d0 transition_state: new state=6
2016-08-02 14:13:05.908458 7fe2d2ffd700 10 librbd::exclusive_lock::AcquireRequest: handle_open_journal: r=0
2016-08-02 14:13:05.908460 7fe2d2ffd700 10 librbd::exclusive_lock::AcquireRequest: send_allocate_journal_tag
2016-08-02 14:13:05.908477 7fe323dc8700 10 librbd::exclusive_lock::AcquireRequest: handle_allocate_journal_tag: r=0
2016-08-02 14:13:05.908492 7fe2d2ffd700 10 librbd::ExclusiveLock: 0x7fe30802eda0 handle_acquire_lock: r=0
2016-08-02 14:13:05.908494 7fe2d2ffd700 5 librbd::ExclusiveLock: successfully acquired exclusive lock
2016-08-02 14:13:05.908496 7fe2d2ffd700 10 librbd::ImageWatcher: 0x7fe3080513c0 notify acquired lock
2016-08-02 14:13:05.908498 7fe2d2ffd700 10 librbd::ImageWatcher: 0x7fe3080513c0 current lock owner: [4119,140613068883984]
2016-08-02 14:13:05.908513 7fe2d2ffd700 20 librbd::image_watcher::Notifier: notify: pending=1
2016-08-02 14:13:05.908580 7fe2d2ffd700 20 librbd::AioImageRequestWQ: clear_require_lock_on_read
2016-08-02 14:13:05.908588 7fe2d2ffd700 5 librbd::AioImageRequestWQ: unblock_writes: 0x7fe31002fa60, num=0
2016-08-02 14:13:05.908592 7fe2d2ffd700 20 librbd::ExclusiveLock: 0x7fe30802eda0 is_lock_owner=1
2016-08-02 14:13:05.909975 7fe2da7fc700 20 librbd::ImageState: close
2016-08-02 14:13:05.909985 7fe2da7fc700 10 librbd::ImageState: 0x7fe31000c030 send_close_unlock
2016-08-02 14:13:05.909988 7fe2da7fc700 10 librbd::image::CloseRequest: 0x7fe314005e80 send_shut_down_update_watchers
2016-08-02 14:13:05.909990 7fe2da7fc700 20 librbd::ImageState: shut_down_update_watchers
2016-08-02 14:13:05.909991 7fe2da7fc700 20 librbd::ImageState: ImageUpdateWatchers::shut_down
2016-08-02 14:13:05.909992 7fe2da7fc700 20 librbd::ImageState: ImageUpdateWatchers::shut_down: completing shut down
2016-08-02 14:13:05.910132 7fe2d2ffd700 10 librbd::image::CloseRequest: 0x7fe314005e80 handle_shut_down_update_watchers: r=0
2016-08-02 14:13:05.910141 7fe2d2ffd700 10 librbd::image::CloseRequest: 0x7fe314005e80 send_unregister_image_watcher
2016-08-02 14:13:05.910143 7fe2d2ffd700 10 librbd::ImageWatcher: 0x7fe3080513c0 unregistering image watcher
2016-08-02 14:13:05.910226 7fe2f4ff9700 10 librbd::ImageWatcher: 0x7fe30805a770 C_NotifyAck start: id=73014444065, handle=140613068883984
2016-08-02 14:13:05.910236 7fe2f4ff9700 10 librbd::ImageWatcher: 0x7fe3080513c0 image exclusively locked announcement
2016-08-02 14:13:05.910237 7fe2f4ff9700 10 librbd::ImageWatcher: 0x7fe3080513c0 current lock owner: [4119,140613068883984]
2016-08-02 14:13:05.910239 7fe2f4ff9700 10 librbd::ImageWatcher: 0x7fe30805a770 C_NotifyAck finish: id=73014444065, handle=140613068883984
2016-08-02 14:13:07.304585 7fe2f4ff9700 20 librbd::image_watcher::Notifier: handle_notify: pending=0
2016-08-02 14:13:07.304613 7fe2d2ffd700 10 librbd::image::CloseRequest: 0x7fe314005e80 handle_unregister_image_watcher: r=0
2016-08-02 14:13:07.304617 7fe2d2ffd700 10 librbd::image::CloseRequest: 0x7fe314005e80 send_shut_down_aio_queue
2016-08-02 14:13:07.304619 7fe2d2ffd700 5 librbd::AioImageRequestWQ: shut_down: in_flight=0
2016-08-02 14:13:07.304623 7fe2d2ffd700 10 librbd::image::CloseRequest: 0x7fe314005e80 handle_shut_down_aio_queue: r=0
2016-08-02 14:13:07.304625 7fe2d2ffd700 10 librbd::image::CloseRequest: 0x7fe314005e80 send_shut_down_exclusive_lock
2016-08-02 14:13:07.304627 7fe2d2ffd700 10 librbd::ExclusiveLock: 0x7fe30802eda0 shut_down
2016-08-02 14:13:07.304629 7fe2d2ffd700 10 librbd::ExclusiveLock: 0x7fe30802eda0 send_shutdown
2016-08-02 14:13:07.304637 7fe2d2ffd700 10 librbd::exclusive_lock::ReleaseRequest: send_cancel_op_requests
2016-08-02 14:13:07.304638 7fe2d2ffd700 10 librbd::exclusive_lock::ReleaseRequest: handle_cancel_op_requests: r=0
2016-08-02 14:13:07.304640 7fe2d2ffd700 10 librbd::exclusive_lock::ReleaseRequest: send_block_writes
2016-08-02 14:13:07.304642 7fe2d2ffd700 20 librbd::AioImageRequestWQ: set_require_lock_on_read
2016-08-02 14:13:07.304643 7fe2d2ffd700 5 librbd::AioImageRequestWQ: block_writes: 0x7fe31002fa60, num=1
2016-08-02 14:13:07.304647 7fe2d2ffd700 10 librbd::exclusive_lock::ReleaseRequest: handle_block_writes: r=0
2016-08-02 14:13:07.304648 7fe2d2ffd700 10 librbd::exclusive_lock::ReleaseRequest: send_flush_notifies
2016-08-02 14:13:07.304651 7fe2d2ffd700 10 librbd::exclusive_lock::ReleaseRequest: handle_flush_notifies
2016-08-02 14:13:07.304652 7fe2d2ffd700 10 librbd::exclusive_lock::ReleaseRequest: send_close_journal
2016-08-02 14:13:07.304654 7fe2d2ffd700 20 librbd::Journal: 0x7fe30805a9d0 close
2016-08-02 14:13:07.304656 7fe2d2ffd700 20 librbd::Journal: 0x7fe30805a9d0 transition_state: new state=7
2016-08-02 14:13:07.304665 7fe2d2ffd700 20 librbd::Journal: 0x7fe30805a9d0 wait_for_steady_state: on_state=0x7fe2ec043860
2016-08-02 14:13:07.304689 7fe2d2ffd700 20 librbd::Journal: 0x7fe30805a9d0 handle_recording_stopped: r=0
2016-08-02 14:13:07.304692 7fe2d2ffd700 20 librbd::Journal: 0x7fe30805a9d0 destroy_journaler: r=0
2016-08-02 14:13:07.304693 7fe2d2ffd700 20 librbd::Journal: 0x7fe30805a9d0 transition_state: new state=8
2016-08-02 14:13:07.384588 7fe2d2ffd700 20 librbd::Journal: 0x7fe30805a9d0 handle_journal_destroyed: r=0
2016-08-02 14:13:07.384596 7fe2d2ffd700 20 librbd::Journal: 0x7fe30805a9d0 transition_state: new state=9
2016-08-02 14:13:07.384600 7fe2d2ffd700 10 librbd::exclusive_lock::ReleaseRequest: handle_close_journal: r=0
2016-08-02 14:13:07.384607 7fe2d2ffd700 10 librbd::exclusive_lock::ReleaseRequest: send_unlock
2016-08-02 14:13:07.384608 7fe2d2ffd700 10 librbd::ExclusiveLock: 0x7fe30802eda0 handle_shutdown_releasing: r=0
2016-08-02 14:13:07.952046 7fe2f4ff9700 10 librbd::exclusive_lock::ReleaseRequest: handle_unlock: r=0
2016-08-02 14:13:07.952083 7fe2d2ffd700 10 librbd::ExclusiveLock: 0x7fe30802eda0 handle_shutdown_released: r=0
2016-08-02 14:13:07.952089 7fe2d2ffd700 20 librbd::AioImageRequestWQ: clear_require_lock_on_read
2016-08-02 14:13:07.952091 7fe2d2ffd700 5 librbd::AioImageRequestWQ: unblock_writes: 0x7fe31002fa60, num=0
2016-08-02 14:13:07.952093 7fe2d2ffd700 10 librbd::ImageWatcher: 0x7fe3080513c0 notify released lock
2016-08-02 14:13:07.952095 7fe2d2ffd700 10 librbd::ImageWatcher: 0x7fe3080513c0 current lock owner: [0,0]
2016-08-02 14:13:07.952106 7fe2d2ffd700 20 librbd::image_watcher::Notifier: notify: pending=1
2016-08-02 14:13:07.952173 7fe2d2ffd700 10 librbd::image::CloseRequest: 0x7fe314005e80 handle_shut_down_exclusive_lock: r=0
2016-08-02 14:13:07.952176 7fe2d2ffd700 10 librbd::image::CloseRequest: 0x7fe314005e80 send_flush_readahead
2016-08-02 14:13:07.952178 7fe2d2ffd700 10 librbd::image::CloseRequest: 0x7fe314005e80 handle_flush_readahead: r=0
2016-08-02 14:13:07.952180 7fe2d2ffd700 10 librbd::image::CloseRequest: 0x7fe314005e80 send_shut_down_cache
2016-08-02 14:13:07.952182 7fe2d2ffd700 10 librbd::image::CloseRequest: 0x7fe314005e80 handle_shut_down_cache: r=0
2016-08-02 14:13:07.952183 7fe2d2ffd700 10 librbd::image::CloseRequest: 0x7fe314005e80 send_flush_op_work_queue
2016-08-02 14:13:07.952186 7fe2d2ffd700 10 librbd::image::CloseRequest: 0x7fe314005e80 handle_flush_op_work_queue: r=0
2016-08-02 14:13:07.953087 7fe2f4ff9700 20 librbd::image_watcher::Notifier: handle_notify: pending=0
2016-08-02 14:13:07.953107 7fe2d2ffd700 10 librbd::image::CloseRequest: 0x7fe314005e80 handle_flush_image_watcher: r=0
2016-08-02 14:13:07.953126 7fe2d2ffd700 10 librbd::ImageState: 0x7fe31000c030 handle_close: r=0
2016-08-02 14:13:08.017113 7fe323dc8700 20 rbd::mirror::image_replayer::BootstrapRequest::finish: r=-17
(2-2/2)