2016-08-02 14:10:33.526723 7fe2d2ffd700 10 librbd::exclusive_lock::AcquireRequest: handle_flush_notifies
2016-08-02 14:10:33.526724 7fe2d2ffd700 10 librbd::exclusive_lock::AcquireRequest: send_lock
2016-08-02 14:10:33.640283 7fe2f41f2700 0 -- 192.168.34.135:0/472585458 >> 192.168.34.120:6808/19668 pipe(0x7fe2e8051350 sd=25 :53684 s=2 pgs=41 cs=1 l=1 c=0x7fe2e80443f0).injecting socket failure
2016-08-02 14:10:33.640395 7fe2f4ff9700 10 librbd::exclusive_lock::AcquireRequest: handle_lock: r=0
2016-08-02 14:10:33.640404 7fe2f4ff9700 10 librbd::ExclusiveLock: 0x7fe30801f580 handle_acquiring_lock
2016-08-02 14:10:33.640407 7fe2f4ff9700 10 librbd::exclusive_lock::AcquireRequest: send_open_journal
2016-08-02 14:10:33.640414 7fe2f4ff9700 5 librbd::Journal: 0x7fe30803eaf0: ictx=0x7fe310023230
2016-08-02 14:10:33.640424 7fe2f4ff9700 20 librbd::Journal: 0x7fe30803eaf0 open
2016-08-02 14:10:33.640426 7fe2f4ff9700 20 librbd::Journal: 0x7fe30803eaf0 wait_for_steady_state: on_state=0x7fe3080157d0
2016-08-02 14:10:33.640428 7fe2f4ff9700 20 librbd::Journal: 0x7fe30803eaf0 create_journaler
2016-08-02 14:10:33.640429 7fe2f4ff9700 20 librbd::Journal: 0x7fe30803eaf0 transition_state: new state=1
2016-08-02 14:10:33.641375 7fe31c3b0700 0 -- 192.168.34.135:0/472585458 >> 192.168.34.120:6808/19668 pipe(0x7fe2e804eb40 sd=25 :53686 s=1 pgs=0 cs=0 l=1 c=0x7fe2e8031cc0).fault
2016-08-02 14:10:33.675556 7fe2d2ffd700 20 librbd::Journal: 0x7fe30803eaf0 handle_initialized: r=0
2016-08-02 14:10:33.675566 7fe2d2ffd700 20 librbd::Journal: 0x7fe30803eaf0 max_append_size=16777183
2016-08-02 14:10:33.675575 7fe2d2ffd700 20 librbd::Journal: 0x7fe30803eaf0 handle_initialized: client: [id=, commit_position=[positions=[[object_number=1, tag_tid=0, entry_tid=1], [object_number=0, tag_tid=0, entry_tid=0]]], state=connected], image meta: [tag_class=0]
2016-08-02 14:10:33.676927 7fe2f4ff9700 20 librbd::Journal: 0x7fe2ec03fb20 process: most recent journal tag: tid=2, data=[mirror_uuid=<orphan>, predecessor_mirror_uuid=0e03fa0e-b67a-4332-a578-d73531ddc988, predecessor_tag_tid=1, predecessor_entry_tid=3]
2016-08-02 14:10:33.677007 7fe2d2ffd700 20 librbd::Journal: 0x7fe30803eaf0 handle_get_tags: r=0
2016-08-02 14:10:33.677078 7fe2d2ffd700 20 librbd::Journal: 0x7fe30803eaf0 transition_state: new state=2
2016-08-02 14:10:33.680325 7fe2d17fa700 20 librbd::Journal: 0x7fe30803eaf0 handle_replay_complete: r=0
2016-08-02 14:10:33.680334 7fe2d17fa700 20 librbd::Journal: 0x7fe30803eaf0 transition_state: new state=5
2016-08-02 14:10:33.680347 7fe2d17fa700 20 librbd::Journal: 0x7fe30803eaf0 handle_replay_complete: shut down replay
2016-08-02 14:10:33.680349 7fe2d17fa700 20 librbd::journal::Replay: 0x7fe2ec04e110 shut_down
2016-08-02 14:10:33.680358 7fe2d2ffd700 20 librbd::Journal: 0x7fe30803eaf0 handle_replay_complete: handle shut down replay
2016-08-02 14:10:33.680360 7fe2d2ffd700 20 librbd::Journal: 0x7fe30803eaf0 handle_flushing_replay
2016-08-02 14:10:33.680374 7fe2d2ffd700 20 librbd::Journal: 0x7fe30803eaf0 transition_state: new state=6
2016-08-02 14:10:33.680383 7fe2d2ffd700 10 librbd::exclusive_lock::AcquireRequest: handle_open_journal: r=0
2016-08-02 14:10:33.680385 7fe2d2ffd700 10 librbd::exclusive_lock::AcquireRequest: send_allocate_journal_tag
2016-08-02 14:10:33.680395 7fe323dc8700 10 librbd::exclusive_lock::AcquireRequest: handle_allocate_journal_tag: r=0
2016-08-02 14:10:33.680402 7fe2d2ffd700 10 librbd::ExclusiveLock: 0x7fe30801f580 handle_acquire_lock: r=0
2016-08-02 14:10:33.680405 7fe2d2ffd700 5 librbd::ExclusiveLock: successfully acquired exclusive lock
2016-08-02 14:10:33.680406 7fe2d2ffd700 10 librbd::ImageWatcher: 0x7fe30803bd90 notify acquired lock
2016-08-02 14:10:33.680408 7fe2d2ffd700 10 librbd::ImageWatcher: 0x7fe30803bd90 current lock owner: [4119,140613068783552]
2016-08-02 14:10:33.680423 7fe2d2ffd700 20 librbd::image_watcher::Notifier: notify: pending=1
2016-08-02 14:10:33.680477 7fe2d2ffd700 20 librbd::AioImageRequestWQ: clear_require_lock_on_read
2016-08-02 14:10:33.680483 7fe2d2ffd700 5 librbd::AioImageRequestWQ: unblock_writes: 0x7fe310023230, num=0
2016-08-02 14:10:33.680487 7fe2d2ffd700 20 librbd::ExclusiveLock: 0x7fe30801f580 is_lock_owner=1
2016-08-02 14:10:33.681651 7fe2da7fc700 20 librbd::ImageState: close
2016-08-02 14:10:33.681661 7fe2da7fc700 10 librbd::ImageState: 0x7fe310000e10 send_close_unlock
2016-08-02 14:10:33.681664 7fe2da7fc700 10 librbd::image::CloseRequest: 0x7fe3140009f0 send_shut_down_update_watchers
2016-08-02 14:10:33.681666 7fe2da7fc700 20 librbd::ImageState: shut_down_update_watchers
2016-08-02 14:10:33.681668 7fe2da7fc700 20 librbd::ImageState: ImageUpdateWatchers::shut_down
2016-08-02 14:10:33.681670 7fe2da7fc700 20 librbd::ImageState: ImageUpdateWatchers::shut_down: completing shut down
2016-08-02 14:10:33.681715 7fe2d2ffd700 10 librbd::image::CloseRequest: 0x7fe3140009f0 handle_shut_down_update_watchers: r=0
2016-08-02 14:10:33.681724 7fe2d2ffd700 10 librbd::image::CloseRequest: 0x7fe3140009f0 send_unregister_image_watcher
2016-08-02 14:10:33.681726 7fe2d2ffd700 10 librbd::ImageWatcher: 0x7fe30803bd90 unregistering image watcher
2016-08-02 14:10:33.692375 7fe2f4ff9700 10 librbd::ImageWatcher: 0x7fe308009540 C_NotifyAck start: id=73014444055, handle=140613068783552
2016-08-02 14:10:33.692378 7fe2f4ff9700 10 librbd::ImageWatcher: 0x7fe30803bd90 image exclusively locked announcement
2016-08-02 14:10:33.692380 7fe2f4ff9700 10 librbd::ImageWatcher: 0x7fe30803bd90 current lock owner: [4119,140613068783552]
2016-08-02 14:10:33.692382 7fe2f4ff9700 10 librbd::ImageWatcher: 0x7fe308009540 C_NotifyAck finish: id=73014444055, handle=140613068783552
2016-08-02 14:10:33.731181 7fe2d2ffd700 10 librbd::image::CloseRequest: 0x7fe3140009f0 handle_unregister_image_watcher: r=0
2016-08-02 14:10:33.731191 7fe2d2ffd700 10 librbd::image::CloseRequest: 0x7fe3140009f0 send_shut_down_aio_queue
2016-08-02 14:10:33.731193 7fe2d2ffd700 5 librbd::AioImageRequestWQ: shut_down: in_flight=0
2016-08-02 14:10:33.731197 7fe2d2ffd700 10 librbd::image::CloseRequest: 0x7fe3140009f0 handle_shut_down_aio_queue: r=0
2016-08-02 14:10:33.731200 7fe2d2ffd700 10 librbd::image::CloseRequest: 0x7fe3140009f0 send_shut_down_exclusive_lock
2016-08-02 14:10:33.731201 7fe2d2ffd700 10 librbd::ExclusiveLock: 0x7fe30801f580 shut_down
2016-08-02 14:10:33.731203 7fe2d2ffd700 10 librbd::ExclusiveLock: 0x7fe30801f580 send_shutdown
2016-08-02 14:10:33.731210 7fe2d2ffd700 10 librbd::exclusive_lock::ReleaseRequest: send_cancel_op_requests
2016-08-02 14:10:33.731211 7fe2d2ffd700 10 librbd::exclusive_lock::ReleaseRequest: handle_cancel_op_requests: r=0
2016-08-02 14:10:33.731212 7fe2d2ffd700 10 librbd::exclusive_lock::ReleaseRequest: send_block_writes
2016-08-02 14:10:33.731213 7fe2d2ffd700 20 librbd::AioImageRequestWQ: set_require_lock_on_read
2016-08-02 14:10:33.731215 7fe2d2ffd700 5 librbd::AioImageRequestWQ: block_writes: 0x7fe310023230, num=1
2016-08-02 14:10:33.731218 7fe2d2ffd700 10 librbd::exclusive_lock::ReleaseRequest: handle_block_writes: r=0
2016-08-02 14:10:33.731219 7fe2d2ffd700 10 librbd::exclusive_lock::ReleaseRequest: send_flush_notifies
2016-08-02 14:10:33.733391 7fe2f4ff9700 20 librbd::image_watcher::Notifier: handle_notify: pending=0
2016-08-02 14:10:33.733472 7fe2d2ffd700 10 librbd::exclusive_lock::ReleaseRequest: handle_flush_notifies
2016-08-02 14:10:33.733505 7fe2d2ffd700 10 librbd::exclusive_lock::ReleaseRequest: send_close_journal
2016-08-02 14:10:33.733507 7fe2d2ffd700 20 librbd::Journal: 0x7fe30803eaf0 close
2016-08-02 14:10:33.733509 7fe2d2ffd700 20 librbd::Journal: 0x7fe30803eaf0 transition_state: new state=7
2016-08-02 14:10:33.733515 7fe2d2ffd700 20 librbd::Journal: 0x7fe30803eaf0 wait_for_steady_state: on_state=0x7fe2ec032640
2016-08-02 14:10:33.733535 7fe2d2ffd700 20 librbd::Journal: 0x7fe30803eaf0 handle_recording_stopped: r=0
2016-08-02 14:10:33.733536 7fe2d2ffd700 20 librbd::Journal: 0x7fe30803eaf0 destroy_journaler: r=0
2016-08-02 14:10:33.733538 7fe2d2ffd700 20 librbd::Journal: 0x7fe30803eaf0 transition_state: new state=8
2016-08-02 14:10:33.824199 7fe2d2ffd700 20 librbd::Journal: 0x7fe30803eaf0 handle_journal_destroyed: r=0
2016-08-02 14:10:33.824209 7fe2d2ffd700 20 librbd::Journal: 0x7fe30803eaf0 transition_state: new state=9
2016-08-02 14:10:33.824213 7fe2d2ffd700 10 librbd::exclusive_lock::ReleaseRequest: handle_close_journal: r=0
2016-08-02 14:10:33.824218 7fe2d2ffd700 10 librbd::exclusive_lock::ReleaseRequest: send_unlock
2016-08-02 14:10:33.824220 7fe2d2ffd700 10 librbd::ExclusiveLock: 0x7fe30801f580 handle_shutdown_releasing: r=0
2016-08-02 14:10:33.858424 7fe2f4ff9700 10 librbd::exclusive_lock::ReleaseRequest: handle_unlock: r=0
2016-08-02 14:10:33.858443 7fe2d2ffd700 10 librbd::ExclusiveLock: 0x7fe30801f580 handle_shutdown_released: r=0
2016-08-02 14:10:33.858446 7fe2d2ffd700 20 librbd::AioImageRequestWQ: clear_require_lock_on_read
2016-08-02 14:10:33.858448 7fe2d2ffd700 5 librbd::AioImageRequestWQ: unblock_writes: 0x7fe310023230, num=0
2016-08-02 14:10:33.858449 7fe2d2ffd700 10 librbd::ImageWatcher: 0x7fe30803bd90 notify released lock
2016-08-02 14:10:33.858451 7fe2d2ffd700 10 librbd::ImageWatcher: 0x7fe30803bd90 current lock owner: [0,0]
2016-08-02 14:10:33.858457 7fe2d2ffd700 20 librbd::image_watcher::Notifier: notify: pending=1
2016-08-02 14:10:33.858508 7fe2d2ffd700 10 librbd::image::CloseRequest: 0x7fe3140009f0 handle_shut_down_exclusive_lock: r=0
2016-08-02 14:10:33.858517 7fe2d2ffd700 10 librbd::image::CloseRequest: 0x7fe3140009f0 send_flush_readahead
2016-08-02 14:10:33.858519 7fe2d2ffd700 10 librbd::image::CloseRequest: 0x7fe3140009f0 handle_flush_readahead: r=0
2016-08-02 14:10:33.858521 7fe2d2ffd700 10 librbd::image::CloseRequest: 0x7fe3140009f0 send_shut_down_cache
2016-08-02 14:10:33.858522 7fe2d2ffd700 10 librbd::image::CloseRequest: 0x7fe3140009f0 handle_shut_down_cache: r=0
2016-08-02 14:10:33.858523 7fe2d2ffd700 10 librbd::image::CloseRequest: 0x7fe3140009f0 send_flush_op_work_queue
2016-08-02 14:10:33.858527 7fe2d2ffd700 10 librbd::image::CloseRequest: 0x7fe3140009f0 handle_flush_op_work_queue: r=0
2016-08-02 14:10:33.894765 7fe2f4ff9700 20 librbd::image_watcher::Notifier: handle_notify: pending=0
2016-08-02 14:10:33.894799 7fe2d2ffd700 10 librbd::image::CloseRequest: 0x7fe3140009f0 handle_flush_image_watcher: r=0
2016-08-02 14:10:33.894820 7fe2d2ffd700 10 librbd::ImageState: 0x7fe310000e10 handle_close: r=0
2016-08-02 14:10:33.934643 7fe323dc8700 20 rbd::mirror::image_replayer::BootstrapRequest::finish: r=-17
2016-08-02 14:11:03.541629 7fe2d8ff9700 5 librbd::AioImageRequestWQ: 0x7fe310026620 : ictx=0x7fe310025aa0
2016-08-02 14:11:03.541639 7fe2d8ff9700 20 librbd::ImageState: open
2016-08-02 14:11:03.541642 7fe2d8ff9700 10 librbd::ImageState: 0x7fe3100102e0 send_open_unlock
2016-08-02 14:11:03.541645 7fe2d8ff9700 10 librbd::image::OpenRequest: 0x7fe310013940 send_v2_get_name
2016-08-02 14:11:03.543298 7fe2f4ff9700 10 librbd::image::OpenRequest: handle_v2_get_name: r=0
2016-08-02 14:11:03.543305 7fe2f4ff9700 10 librbd::image::OpenRequest: 0x7fe310013940 send_v2_get_immutable_metadata
2016-08-02 14:11:03.544792 7fe2f4ff9700 10 librbd::image::OpenRequest: handle_v2_get_immutable_metadata: r=0
2016-08-02 14:11:03.544796 7fe2f4ff9700 10 librbd::image::OpenRequest: 0x7fe310013940 send_v2_get_stripe_unit_count
2016-08-02 14:11:03.546415 7fe2f4ff9700 10 librbd::image::OpenRequest: handle_v2_get_stripe_unit_count: r=-8
2016-08-02 14:11:03.546422 7fe2f4ff9700 10 librbd::ImageCtx: init_layout stripe_unit 4194304 stripe_count 1 object_size 4194304 prefix rbd_data.1017557e0515 format rbd_data.1017557e0515.%016llx
2016-08-02 14:11:03.546424 7fe2f4ff9700 10 librbd::image::OpenRequest: 0x7fe310013940 send_v2_apply_metadata: start_key=conf_
2016-08-02 14:11:03.547588 7fe2f4ff9700 10 librbd::image::OpenRequest: 0x7fe310013940 handle_v2_apply_metadata: r=0
2016-08-02 14:11:03.547593 7fe2f4ff9700 20 librbd::ImageCtx: apply_metadata
2016-08-02 14:11:03.547739 7fe2f4ff9700 10 librbd::image::OpenRequest: 0x7fe310013940 send_register_watch
2016-08-02 14:11:03.547748 7fe2f4ff9700 10 librbd::ImageWatcher: 0x7fe30803fa20 registering image watcher
2016-08-02 14:11:03.658843 7fe2f4ff9700 10 librbd::image::OpenRequest: 0x7fe310013940 handle_register_watch: r=0
2016-08-02 14:11:03.658850 7fe2f4ff9700 10 librbd::image::OpenRequest: 0x7fe310013940 send_refresh
2016-08-02 14:11:03.658854 7fe2f4ff9700 10 librbd::image::RefreshRequest: 0x7fe308040100 send_v2_get_mutable_metadata
2016-08-02 14:11:03.661051 7fe2f4ff9700 10 librbd::image::RefreshRequest: 0x7fe308040100 handle_v2_get_mutable_metadata: r=0
2016-08-02 14:11:03.661059 7fe2f4ff9700 10 librbd::image::RefreshRequest: 0x7fe308040100 send_v2_get_flags
2016-08-02 14:11:03.662276 7fe2f4ff9700 10 librbd::image::RefreshRequest: 0x7fe308040100 handle_v2_get_flags: r=0
2016-08-02 14:11:03.662282 7fe2f4ff9700 10 librbd::image::RefreshRequest: 0x7fe308040100 send_v2_init_exclusive_lock
2016-08-02 14:11:03.662290 7fe2f4ff9700 10 librbd::ExclusiveLock: 0x7fe30800b220 init
2016-08-02 14:11:03.662292 7fe2f4ff9700 5 librbd::AioImageRequestWQ: block_writes: 0x7fe310025aa0, num=1
2016-08-02 14:11:03.662298 7fe2f4ff9700 20 librbd::AioImageRequestWQ: set_require_lock_on_read
2016-08-02 14:11:03.662309 7fe2d2ffd700 10 librbd::ExclusiveLock: 0x7fe30800b220 handle_init_complete
2016-08-02 14:11:03.662311 7fe2d2ffd700 10 librbd::image::RefreshRequest: 0x7fe308040100 handle_v2_init_exclusive_lock: r=0
2016-08-02 14:11:03.662313 7fe2d2ffd700 10 librbd::image::RefreshRequest: 0x7fe308040100 send_v2_apply
2016-08-02 14:11:03.662316 7fe2d2ffd700 10 librbd::image::RefreshRequest: 0x7fe308040100 handle_v2_apply
2016-08-02 14:11:03.662317 7fe2d2ffd700 20 librbd::image::RefreshRequest: 0x7fe308040100 apply
2016-08-02 14:11:03.662325 7fe2d2ffd700 10 librbd::image::OpenRequest: handle_refresh: r=0
2016-08-02 14:11:03.662329 7fe2d2ffd700 10 librbd::ImageState: 0x7fe3100102e0 handle_open: r=0
2016-08-02 14:11:03.662334 7fe2d2ffd700 20 librbd::Journal: get_tag_owner
2016-08-02 14:11:03.802847 7fe2f4ff9700 20 librbd::Journal: 0x7fe2ec045ac0 process: most recent journal tag: tid=2, data=[mirror_uuid=<orphan>, predecessor_mirror_uuid=0e03fa0e-b67a-4332-a578-d73531ddc988, predecessor_tag_tid=1, predecessor_entry_tid=3]
2016-08-02 14:11:03.973207 7fe2d2ffd700 20 librbd::ExclusiveLock: 0x7fe30800b220 block_requests
2016-08-02 14:11:03.973215 7fe2d2ffd700 10 librbd::ExclusiveLock: 0x7fe30800b220 request_lock
2016-08-02 14:11:03.973218 7fe2d2ffd700 10 librbd::ExclusiveLock: 0x7fe30800b220 send_acquire_lock
2016-08-02 14:11:03.973226 7fe2d2ffd700 10 librbd::exclusive_lock::AcquireRequest: send_flush_notifies
2016-08-02 14:11:03.973233 7fe2d2ffd700 10 librbd::exclusive_lock::AcquireRequest: handle_flush_notifies
2016-08-02 14:11:03.973235 7fe2d2ffd700 10 librbd::exclusive_lock::AcquireRequest: send_lock
2016-08-02 14:11:04.029720 7fe2f4ff9700 10 librbd::exclusive_lock::AcquireRequest: handle_lock: r=0
2016-08-02 14:11:04.029730 7fe2f4ff9700 10 librbd::ExclusiveLock: 0x7fe30800b220 handle_acquiring_lock
2016-08-02 14:11:04.029733 7fe2f4ff9700 10 librbd::exclusive_lock::AcquireRequest: send_open_journal
2016-08-02 14:11:04.029740 7fe2f4ff9700 5 librbd::Journal: 0x7fe308043630: ictx=0x7fe310025aa0
2016-08-02 14:11:04.029765 7fe2f4ff9700 20 librbd::Journal: 0x7fe308043630 open
2016-08-02 14:11:04.029768 7fe2f4ff9700 20 librbd::Journal: 0x7fe308043630 wait_for_steady_state: on_state=0x7fe30802a1d0
2016-08-02 14:11:04.029770 7fe2f4ff9700 20 librbd::Journal: 0x7fe308043630 create_journaler
2016-08-02 14:11:04.029772 7fe2f4ff9700 20 librbd::Journal: 0x7fe308043630 transition_state: new state=1
2016-08-02 14:11:04.143245 7fe2d2ffd700 20 librbd::Journal: 0x7fe308043630 handle_initialized: r=0
2016-08-02 14:11:04.143250 7fe2d2ffd700 20 librbd::Journal: 0x7fe308043630 max_append_size=16777183
2016-08-02 14:11:04.143258 7fe2d2ffd700 20 librbd::Journal: 0x7fe308043630 handle_initialized: client: [id=, commit_position=[positions=[[object_number=1, tag_tid=0, entry_tid=1], [object_number=0, tag_tid=0, entry_tid=0]]], state=connected], image meta: [tag_class=0]
2016-08-02 14:11:04.145202 7fe2f4ff9700 20 librbd::Journal: 0x7fe2ec01e890 process: most recent journal tag: tid=2, data=[mirror_uuid=<orphan>, predecessor_mirror_uuid=0e03fa0e-b67a-4332-a578-d73531ddc988, predecessor_tag_tid=1, predecessor_entry_tid=3]
2016-08-02 14:11:04.145219 7fe2d2ffd700 20 librbd::Journal: 0x7fe308043630 handle_get_tags: r=0
2016-08-02 14:11:04.145222 7fe2d2ffd700 20 librbd::Journal: 0x7fe308043630 transition_state: new state=2
2016-08-02 14:11:04.151414 7fe2d17fa700 20 librbd::Journal: 0x7fe308043630 handle_replay_complete: r=0
2016-08-02 14:11:04.151424 7fe2d17fa700 20 librbd::Journal: 0x7fe308043630 transition_state: new state=5
2016-08-02 14:11:04.151438 7fe2d17fa700 20 librbd::Journal: 0x7fe308043630 handle_replay_complete: shut down replay
2016-08-02 14:11:04.151440 7fe2d17fa700 20 librbd::journal::Replay: 0x7fe2ec054a40 shut_down
2016-08-02 14:11:04.151449 7fe2d2ffd700 20 librbd::Journal: 0x7fe308043630 handle_replay_complete: handle shut down replay
2016-08-02 14:11:04.151451 7fe2d2ffd700 20 librbd::Journal: 0x7fe308043630 handle_flushing_replay
2016-08-02 14:11:04.151467 7fe2d2ffd700 20 librbd::Journal: 0x7fe308043630 transition_state: new state=6
2016-08-02 14:11:04.151470 7fe2d2ffd700 10 librbd::exclusive_lock::AcquireRequest: handle_open_journal: r=0
2016-08-02 14:11:04.151472 7fe2d2ffd700 10 librbd::exclusive_lock::AcquireRequest: send_allocate_journal_tag
2016-08-02 14:11:04.151491 7fe323dc8700 10 librbd::exclusive_lock::AcquireRequest: handle_allocate_journal_tag: r=0
2016-08-02 14:11:04.151499 7fe2d2ffd700 10 librbd::ExclusiveLock: 0x7fe30800b220 handle_acquire_lock: r=0
2016-08-02 14:11:04.151501 7fe2d2ffd700 5 librbd::ExclusiveLock: successfully acquired exclusive lock
2016-08-02 14:11:04.151503 7fe2d2ffd700 10 librbd::ImageWatcher: 0x7fe30803fa20 notify acquired lock
2016-08-02 14:11:04.151505 7fe2d2ffd700 10 librbd::ImageWatcher: 0x7fe30803fa20 current lock owner: [4119,140613068802896]
2016-08-02 14:11:04.151522 7fe2d2ffd700 20 librbd::image_watcher::Notifier: notify: pending=1
2016-08-02 14:11:04.151573 7fe2d2ffd700 20 librbd::AioImageRequestWQ: clear_require_lock_on_read
2016-08-02 14:11:04.151575 7fe2d2ffd700 5 librbd::AioImageRequestWQ: unblock_writes: 0x7fe310025aa0, num=0
2016-08-02 14:11:04.151579 7fe2d2ffd700 20 librbd::ExclusiveLock: 0x7fe30800b220 is_lock_owner=1
2016-08-02 14:11:04.152766 7fe2da7fc700 20 librbd::ImageState: close
2016-08-02 14:11:04.152775 7fe2da7fc700 10 librbd::ImageState: 0x7fe3100102e0 send_close_unlock
2016-08-02 14:11:04.152777 7fe2da7fc700 10 librbd::image::CloseRequest: 0x7fe314033770 send_shut_down_update_watchers
2016-08-02 14:11:04.152779 7fe2da7fc700 20 librbd::ImageState: shut_down_update_watchers
2016-08-02 14:11:04.152780 7fe2da7fc700 20 librbd::ImageState: ImageUpdateWatchers::shut_down
2016-08-02 14:11:04.152782 7fe2da7fc700 20 librbd::ImageState: ImageUpdateWatchers::shut_down: completing shut down
2016-08-02 14:11:04.152821 7fe2d2ffd700 10 librbd::image::CloseRequest: 0x7fe314033770 handle_shut_down_update_watchers: r=0
2016-08-02 14:11:04.152825 7fe2d2ffd700 10 librbd::image::CloseRequest: 0x7fe314033770 send_unregister_image_watcher
2016-08-02 14:11:04.152827 7fe2d2ffd700 10 librbd::ImageWatcher: 0x7fe30803fa20 unregistering image watcher
2016-08-02 14:11:04.194457 7fe2f4ff9700 10 librbd::ImageWatcher: 0x7fe3080388c0 C_NotifyAck start: id=73014444057, handle=140613068802896
2016-08-02 14:11:04.194460 7fe2f4ff9700 10 librbd::ImageWatcher: 0x7fe30803fa20 image exclusively locked announcement
2016-08-02 14:11:04.194461 7fe2f4ff9700 10 librbd::ImageWatcher: 0x7fe30803fa20 current lock owner: [4119,140613068802896]
2016-08-02 14:11:04.194464 7fe2f4ff9700 10 librbd::ImageWatcher: 0x7fe3080388c0 C_NotifyAck finish: id=73014444057, handle=140613068802896
2016-08-02 14:11:04.295787 7fe2d2ffd700 10 librbd::image::CloseRequest: 0x7fe314033770 handle_unregister_image_watcher: r=0
2016-08-02 14:11:04.295791 7fe2d2ffd700 10 librbd::image::CloseRequest: 0x7fe314033770 send_shut_down_aio_queue
2016-08-02 14:11:04.295793 7fe2d2ffd700 5 librbd::AioImageRequestWQ: shut_down: in_flight=0
2016-08-02 14:11:04.295797 7fe2d2ffd700 10 librbd::image::CloseRequest: 0x7fe314033770 handle_shut_down_aio_queue: r=0
2016-08-02 14:11:04.295799 7fe2d2ffd700 10 librbd::image::CloseRequest: 0x7fe314033770 send_shut_down_exclusive_lock
2016-08-02 14:11:04.295800 7fe2d2ffd700 10 librbd::ExclusiveLock: 0x7fe30800b220 shut_down
2016-08-02 14:11:04.295803 7fe2d2ffd700 10 librbd::ExclusiveLock: 0x7fe30800b220 send_shutdown
2016-08-02 14:11:04.295810 7fe2d2ffd700 10 librbd::exclusive_lock::ReleaseRequest: send_cancel_op_requests
2016-08-02 14:11:04.295811 7fe2d2ffd700 10 librbd::exclusive_lock::ReleaseRequest: handle_cancel_op_requests: r=0
2016-08-02 14:11:04.295812 7fe2d2ffd700 10 librbd::exclusive_lock::ReleaseRequest: send_block_writes
2016-08-02 14:11:04.295814 7fe2d2ffd700 20 librbd::AioImageRequestWQ: set_require_lock_on_read
2016-08-02 14:11:04.295815 7fe2d2ffd700 5 librbd::AioImageRequestWQ: block_writes: 0x7fe310025aa0, num=1
2016-08-02 14:11:04.295819 7fe2d2ffd700 10 librbd::exclusive_lock::ReleaseRequest: handle_block_writes: r=0
2016-08-02 14:11:04.295820 7fe2d2ffd700 10 librbd::exclusive_lock::ReleaseRequest: send_flush_notifies
2016-08-02 14:11:04.302589 7fe2f4ff9700 20 librbd::image_watcher::Notifier: handle_notify: pending=0
2016-08-02 14:11:04.302613 7fe2d2ffd700 10 librbd::exclusive_lock::ReleaseRequest: handle_flush_notifies
2016-08-02 14:11:04.302615 7fe2d2ffd700 10 librbd::exclusive_lock::ReleaseRequest: send_close_journal
2016-08-02 14:11:04.302616 7fe2d2ffd700 20 librbd::Journal: 0x7fe308043630 close
2016-08-02 14:11:04.302618 7fe2d2ffd700 20 librbd::Journal: 0x7fe308043630 transition_state: new state=7
2016-08-02 14:11:04.302626 7fe2d2ffd700 20 librbd::Journal: 0x7fe308043630 wait_for_steady_state: on_state=0x7fe2ec021540
2016-08-02 14:11:04.302645 7fe2d2ffd700 20 librbd::Journal: 0x7fe308043630 handle_recording_stopped: r=0
2016-08-02 14:11:04.302651 7fe2d2ffd700 20 librbd::Journal: 0x7fe308043630 destroy_journaler: r=0
2016-08-02 14:11:04.302653 7fe2d2ffd700 20 librbd::Journal: 0x7fe308043630 transition_state: new state=8
2016-08-02 14:11:04.369557 7fe2d2ffd700 20 librbd::Journal: 0x7fe308043630 handle_journal_destroyed: r=0
2016-08-02 14:11:04.369571 7fe2d2ffd700 20 librbd::Journal: 0x7fe308043630 transition_state: new state=9
2016-08-02 14:11:04.369575 7fe2d2ffd700 10 librbd::exclusive_lock::ReleaseRequest: handle_close_journal: r=0
2016-08-02 14:11:04.369580 7fe2d2ffd700 10 librbd::exclusive_lock::ReleaseRequest: send_unlock
2016-08-02 14:11:04.369581 7fe2d2ffd700 10 librbd::ExclusiveLock: 0x7fe30800b220 handle_shutdown_releasing: r=0
2016-08-02 14:11:04.495887 7fe2f4ff9700 10 librbd::exclusive_lock::ReleaseRequest: handle_unlock: r=0
2016-08-02 14:11:04.495912 7fe2d2ffd700 10 librbd::ExclusiveLock: 0x7fe30800b220 handle_shutdown_released: r=0
2016-08-02 14:11:04.495917 7fe2d2ffd700 20 librbd::AioImageRequestWQ: clear_require_lock_on_read
2016-08-02 14:11:04.495919 7fe2d2ffd700 5 librbd::AioImageRequestWQ: unblock_writes: 0x7fe310025aa0, num=0
2016-08-02 14:11:04.495923 7fe2d2ffd700 10 librbd::ImageWatcher: 0x7fe30803fa20 notify released lock
2016-08-02 14:11:04.495925 7fe2d2ffd700 10 librbd::ImageWatcher: 0x7fe30803fa20 current lock owner: [0,0]
2016-08-02 14:11:04.495940 7fe2d2ffd700 20 librbd::image_watcher::Notifier: notify: pending=1
2016-08-02 14:11:04.496020 7fe2d2ffd700 10 librbd::image::CloseRequest: 0x7fe314033770 handle_shut_down_exclusive_lock: r=0
2016-08-02 14:11:04.496025 7fe2d2ffd700 10 librbd::image::CloseRequest: 0x7fe314033770 send_flush_readahead
2016-08-02 14:11:04.496029 7fe2d2ffd700 10 librbd::image::CloseRequest: 0x7fe314033770 handle_flush_readahead: r=0
2016-08-02 14:11:04.496031 7fe2d2ffd700 10 librbd::image::CloseRequest: 0x7fe314033770 send_shut_down_cache
2016-08-02 14:11:04.496033 7fe2d2ffd700 10 librbd::image::CloseRequest: 0x7fe314033770 handle_shut_down_cache: r=0
2016-08-02 14:11:04.496035 7fe2d2ffd700 10 librbd::image::CloseRequest: 0x7fe314033770 send_flush_op_work_queue
2016-08-02 14:11:04.496040 7fe2d2ffd700 10 librbd::image::CloseRequest: 0x7fe314033770 handle_flush_op_work_queue: r=0
2016-08-02 14:11:04.497786 7fe2f4ff9700 20 librbd::image_watcher::Notifier: handle_notify: pending=0
2016-08-02 14:11:04.497801 7fe2d2ffd700 10 librbd::image::CloseRequest: 0x7fe314033770 handle_flush_image_watcher: r=0
2016-08-02 14:11:04.497827 7fe2d2ffd700 10 librbd::ImageState: 0x7fe3100102e0 handle_close: r=0
2016-08-02 14:11:04.919652 7fe323dc8700 20 rbd::mirror::image_replayer::BootstrapRequest::finish: r=-17
2016-08-02 14:11:33.490258 7fe2d8ff9700 5 librbd::AioImageRequestWQ: 0x7fe310029070 : ictx=0x7fe3100284f0
2016-08-02 14:11:33.490271 7fe2d8ff9700 20 librbd::ImageState: open
2016-08-02 14:11:33.490274 7fe2d8ff9700 10 librbd::ImageState: 0x7fe31000c030 send_open_unlock
2016-08-02 14:11:33.490277 7fe2d8ff9700 10 librbd::image::OpenRequest: 0x7fe310015690 send_v2_get_name
2016-08-02 14:11:33.491810 7fe2f4ff9700 10 librbd::image::OpenRequest: handle_v2_get_name: r=0
2016-08-02 14:11:33.491817 7fe2f4ff9700 10 librbd::image::OpenRequest: 0x7fe310015690 send_v2_get_immutable_metadata
2016-08-02 14:11:33.493379 7fe2f4ff9700 10 librbd::image::OpenRequest: handle_v2_get_immutable_metadata: r=0
2016-08-02 14:11:33.493383 7fe2f4ff9700 10 librbd::image::OpenRequest: 0x7fe310015690 send_v2_get_stripe_unit_count
2016-08-02 14:11:33.494555 7fe2f4ff9700 10 librbd::image::OpenRequest: handle_v2_get_stripe_unit_count: r=-8
2016-08-02 14:11:33.494562 7fe2f4ff9700 10 librbd::ImageCtx: init_layout stripe_unit 4194304 stripe_count 1 object_size 4194304 prefix rbd_data.1017557e0515 format rbd_data.1017557e0515.%016llx
2016-08-02 14:11:33.494564 7fe2f4ff9700 10 librbd::image::OpenRequest: 0x7fe310015690 send_v2_apply_metadata: start_key=conf_
2016-08-02 14:11:33.495701 7fe2f4ff9700 10 librbd::image::OpenRequest: 0x7fe310015690 handle_v2_apply_metadata: r=0
2016-08-02 14:11:33.495706 7fe2f4ff9700 20 librbd::ImageCtx: apply_metadata
2016-08-02 14:11:33.495842 7fe2f4ff9700 10 librbd::image::OpenRequest: 0x7fe310015690 send_register_watch
2016-08-02 14:11:33.495850 7fe2f4ff9700 10 librbd::ImageWatcher: 0x7fe308047750 registering image watcher
2016-08-02 14:11:33.613003 7fe2f4ff9700 10 librbd::image::OpenRequest: 0x7fe310015690 handle_register_watch: r=0
2016-08-02 14:11:33.613009 7fe2f4ff9700 10 librbd::image::OpenRequest: 0x7fe310015690 send_refresh
2016-08-02 14:11:33.613012 7fe2f4ff9700 10 librbd::image::RefreshRequest: 0x7fe308044c90 send_v2_get_mutable_metadata
2016-08-02 14:11:33.615139 7fe2f4ff9700 10 librbd::image::RefreshRequest: 0x7fe308044c90 handle_v2_get_mutable_metadata: r=0
2016-08-02 14:11:33.615147 7fe2f4ff9700 10 librbd::image::RefreshRequest: 0x7fe308044c90 send_v2_get_flags
2016-08-02 14:11:33.616277 7fe2f4ff9700 10 librbd::image::RefreshRequest: 0x7fe308044c90 handle_v2_get_flags: r=0
2016-08-02 14:11:33.616284 7fe2f4ff9700 10 librbd::image::RefreshRequest: 0x7fe308044c90 send_v2_init_exclusive_lock
2016-08-02 14:11:33.616292 7fe2f4ff9700 10 librbd::ExclusiveLock: 0x7fe30800c720 init
2016-08-02 14:11:33.616295 7fe2f4ff9700 5 librbd::AioImageRequestWQ: block_writes: 0x7fe3100284f0, num=1
2016-08-02 14:11:33.616301 7fe2f4ff9700 20 librbd::AioImageRequestWQ: set_require_lock_on_read
2016-08-02 14:11:33.616312 7fe2d2ffd700 10 librbd::ExclusiveLock: 0x7fe30800c720 handle_init_complete
2016-08-02 14:11:33.616314 7fe2d2ffd700 10 librbd::image::RefreshRequest: 0x7fe308044c90 handle_v2_init_exclusive_lock: r=0
2016-08-02 14:11:33.616316 7fe2d2ffd700 10 librbd::image::RefreshRequest: 0x7fe308044c90 send_v2_apply
2016-08-02 14:11:33.616319 7fe2d2ffd700 10 librbd::image::RefreshRequest: 0x7fe308044c90 handle_v2_apply
2016-08-02 14:11:33.616321 7fe2d2ffd700 20 librbd::image::RefreshRequest: 0x7fe308044c90 apply
2016-08-02 14:11:33.616329 7fe2d2ffd700 10 librbd::image::OpenRequest: handle_refresh: r=0
2016-08-02 14:11:33.616333 7fe2d2ffd700 10 librbd::ImageState: 0x7fe31000c030 handle_open: r=0
2016-08-02 14:11:33.616338 7fe2d2ffd700 20 librbd::Journal: get_tag_owner
2016-08-02 14:11:34.336382 7fe2f4ff9700 20 librbd::Journal: 0x7fe2ec007500 process: most recent journal tag: tid=2, data=[mirror_uuid=<orphan>, predecessor_mirror_uuid=0e03fa0e-b67a-4332-a578-d73531ddc988, predecessor_tag_tid=1, predecessor_entry_tid=3]
2016-08-02 14:11:34.438701 7fe2d2ffd700 20 librbd::ExclusiveLock: 0x7fe30800c720 block_requests
2016-08-02 14:11:34.438706 7fe2d2ffd700 10 librbd::ExclusiveLock: 0x7fe30800c720 request_lock
2016-08-02 14:11:34.438708 7fe2d2ffd700 10 librbd::ExclusiveLock: 0x7fe30800c720 send_acquire_lock
2016-08-02 14:11:34.438714 7fe2d2ffd700 10 librbd::exclusive_lock::AcquireRequest: send_flush_notifies
2016-08-02 14:11:34.438721 7fe2d2ffd700 10 librbd::exclusive_lock::AcquireRequest: handle_flush_notifies
2016-08-02 14:11:34.438722 7fe2d2ffd700 10 librbd::exclusive_lock::AcquireRequest: send_lock
2016-08-02 14:11:34.520202 7fe2f4ff9700 10 librbd::exclusive_lock::AcquireRequest: handle_lock: r=0
2016-08-02 14:11:34.520215 7fe2f4ff9700 10 librbd::ExclusiveLock: 0x7fe30800c720 handle_acquiring_lock
2016-08-02 14:11:34.520217 7fe2f4ff9700 10 librbd::exclusive_lock::AcquireRequest: send_open_journal
2016-08-02 14:11:34.520224 7fe2f4ff9700 5 librbd::Journal: 0x7fe308048770: ictx=0x7fe3100284f0
2016-08-02 14:11:34.520233 7fe2f4ff9700 20 librbd::Journal: 0x7fe308048770 open
2016-08-02 14:11:34.520235 7fe2f4ff9700 20 librbd::Journal: 0x7fe308048770 wait_for_steady_state: on_state=0x7fe308011c00
2016-08-02 14:11:34.520237 7fe2f4ff9700 20 librbd::Journal: 0x7fe308048770 create_journaler
2016-08-02 14:11:34.520239 7fe2f4ff9700 20 librbd::Journal: 0x7fe308048770 transition_state: new state=1
2016-08-02 14:11:35.280553 7fe2d2ffd700 20 librbd::Journal: 0x7fe308048770 handle_initialized: r=0
2016-08-02 14:11:35.280573 7fe2d2ffd700 20 librbd::Journal: 0x7fe308048770 max_append_size=16777183
2016-08-02 14:11:35.280583 7fe2d2ffd700 20 librbd::Journal: 0x7fe308048770 handle_initialized: client: [id=, commit_position=[positions=[[object_number=1, tag_tid=0, entry_tid=1], [object_number=0, tag_tid=0, entry_tid=0]]], state=connected], image meta: [tag_class=0]
2016-08-02 14:11:35.284099 7fe2f4ff9700 20 librbd::Journal: 0x7fe2ec035f90 process: most recent journal tag: tid=2, data=[mirror_uuid=<orphan>, predecessor_mirror_uuid=0e03fa0e-b67a-4332-a578-d73531ddc988, predecessor_tag_tid=1, predecessor_entry_tid=3]
2016-08-02 14:11:35.284124 7fe2d2ffd700 20 librbd::Journal: 0x7fe308048770 handle_get_tags: r=0
2016-08-02 14:11:35.284128 7fe2d2ffd700 20 librbd::Journal: 0x7fe308048770 transition_state: new state=2
2016-08-02 14:11:35.299949 7fe2d17fa700 20 librbd::Journal: 0x7fe308048770 handle_replay_complete: r=0
2016-08-02 14:11:35.299959 7fe2d17fa700 20 librbd::Journal: 0x7fe308048770 transition_state: new state=5
2016-08-02 14:11:35.299973 7fe2d17fa700 20 librbd::Journal: 0x7fe308048770 handle_replay_complete: shut down replay
2016-08-02 14:11:35.299975 7fe2d17fa700 20 librbd::journal::Replay: 0x7fe2ec05f0d0 shut_down
2016-08-02 14:11:35.299984 7fe2d2ffd700 20 librbd::Journal: 0x7fe308048770 handle_replay_complete: handle shut down replay
2016-08-02 14:11:35.299986 7fe2d2ffd700 20 librbd::Journal: 0x7fe308048770 handle_flushing_replay
2016-08-02 14:11:35.300002 7fe2d2ffd700 20 librbd::Journal: 0x7fe308048770 transition_state: new state=6
2016-08-02 14:11:35.300007 7fe2d2ffd700 10 librbd::exclusive_lock::AcquireRequest: handle_open_journal: r=0
2016-08-02 14:11:35.300009 7fe2d2ffd700 10 librbd::exclusive_lock::AcquireRequest: send_allocate_journal_tag
2016-08-02 14:11:35.300026 7fe323dc8700 10 librbd::exclusive_lock::AcquireRequest: handle_allocate_journal_tag: r=0
2016-08-02 14:11:35.300036 7fe2d2ffd700 10 librbd::ExclusiveLock: 0x7fe30800c720 handle_acquire_lock: r=0
2016-08-02 14:11:35.300040 7fe2d2ffd700 5 librbd::ExclusiveLock: successfully acquired exclusive lock
2016-08-02 14:11:35.300042 7fe2d2ffd700 10 librbd::ImageWatcher: 0x7fe308047750 notify acquired lock
2016-08-02 14:11:35.300044 7fe2d2ffd700 10 librbd::ImageWatcher: 0x7fe308047750 current lock owner: [4119,140613068822128]
2016-08-02 14:11:35.300062 7fe2d2ffd700 20 librbd::image_watcher::Notifier: notify: pending=1
2016-08-02 14:11:35.300122 7fe2d2ffd700 20 librbd::AioImageRequestWQ: clear_require_lock_on_read
2016-08-02 14:11:35.300125 7fe2d2ffd700 5 librbd::AioImageRequestWQ: unblock_writes: 0x7fe3100284f0, num=0
2016-08-02 14:11:35.300129 7fe2d2ffd700 20 librbd::ExclusiveLock: 0x7fe30800c720 is_lock_owner=1
2016-08-02 14:11:35.301371 7fe2da7fc700 20 librbd::ImageState: close
2016-08-02 14:11:35.301376 7fe2da7fc700 10 librbd::ImageState: 0x7fe31000c030 send_close_unlock
2016-08-02 14:11:35.301379 7fe2da7fc700 10 librbd::image::CloseRequest: 0x7fe31403ce00 send_shut_down_update_watchers
2016-08-02 14:11:35.301381 7fe2da7fc700 20 librbd::ImageState: shut_down_update_watchers
2016-08-02 14:11:35.301382 7fe2da7fc700 20 librbd::ImageState: ImageUpdateWatchers::shut_down
2016-08-02 14:11:35.301384 7fe2da7fc700 20 librbd::ImageState: ImageUpdateWatchers::shut_down: completing shut down
2016-08-02 14:11:35.301401 7fe2f4ff9700 10 librbd::ImageWatcher: 0x7fe3080388c0 C_NotifyAck start: id=73014444059, handle=140613068822128
2016-08-02 14:11:35.301403 7fe2f4ff9700 10 librbd::ImageWatcher: 0x7fe308047750 image exclusively locked announcement
2016-08-02 14:11:35.301404 7fe2f4ff9700 10 librbd::ImageWatcher: 0x7fe308047750 current lock owner: [4119,140613068822128]
2016-08-02 14:11:35.301408 7fe2f4ff9700 10 librbd::ImageWatcher: 0x7fe3080388c0 C_NotifyAck finish: id=73014444059, handle=140613068822128
2016-08-02 14:11:35.301426 7fe2d2ffd700 10 librbd::image::CloseRequest: 0x7fe31403ce00 handle_shut_down_update_watchers: r=0
2016-08-02 14:11:35.301430 7fe2d2ffd700 10 librbd::image::CloseRequest: 0x7fe31403ce00 send_unregister_image_watcher
2016-08-02 14:11:35.301431 7fe2d2ffd700 10 librbd::ImageWatcher: 0x7fe308047750 unregistering image watcher
2016-08-02 14:11:35.302871 7fe2f4ff9700 20 librbd::image_watcher::Notifier: handle_notify: pending=0
2016-08-02 14:11:36.058430 7fe2d2ffd700 10 librbd::image::CloseRequest: 0x7fe31403ce00 handle_unregister_image_watcher: r=0
2016-08-02 14:11:36.058442 7fe2d2ffd700 10 librbd::image::CloseRequest: 0x7fe31403ce00 send_shut_down_aio_queue
2016-08-02 14:11:36.058445 7fe2d2ffd700 5 librbd::AioImageRequestWQ: shut_down: in_flight=0
2016-08-02 14:11:36.058450 7fe2d2ffd700 10 librbd::image::CloseRequest: 0x7fe31403ce00 handle_shut_down_aio_queue: r=0
2016-08-02 14:11:36.058453 7fe2d2ffd700 10 librbd::image::CloseRequest: 0x7fe31403ce00 send_shut_down_exclusive_lock
2016-08-02 14:11:36.058454 7fe2d2ffd700 10 librbd::ExclusiveLock: 0x7fe30800c720 shut_down
2016-08-02 14:11:36.058457 7fe2d2ffd700 10 librbd::ExclusiveLock: 0x7fe30800c720 send_shutdown
2016-08-02 14:11:36.058464 7fe2d2ffd700 10 librbd::exclusive_lock::ReleaseRequest: send_cancel_op_requests
2016-08-02 14:11:36.058466 7fe2d2ffd700 10 librbd::exclusive_lock::ReleaseRequest: handle_cancel_op_requests: r=0
2016-08-02 14:11:36.058467 7fe2d2ffd700 10 librbd::exclusive_lock::ReleaseRequest: send_block_writes
2016-08-02 14:11:36.058469 7fe2d2ffd700 20 librbd::AioImageRequestWQ: set_require_lock_on_read
2016-08-02 14:11:36.058470 7fe2d2ffd700 5 librbd::AioImageRequestWQ: block_writes: 0x7fe3100284f0, num=1
2016-08-02 14:11:36.058474 7fe2d2ffd700 10 librbd::exclusive_lock::ReleaseRequest: handle_block_writes: r=0
2016-08-02 14:11:36.058475 7fe2d2ffd700 10 librbd::exclusive_lock::ReleaseRequest: send_flush_notifies
2016-08-02 14:11:36.058478 7fe2d2ffd700 10 librbd::exclusive_lock::ReleaseRequest: handle_flush_notifies
2016-08-02 14:11:36.058479 7fe2d2ffd700 10 librbd::exclusive_lock::ReleaseRequest: send_close_journal
2016-08-02 14:11:36.058481 7fe2d2ffd700 20 librbd::Journal: 0x7fe308048770 close
2016-08-02 14:11:36.058483 7fe2d2ffd700 20 librbd::Journal: 0x7fe308048770 transition_state: new state=7
2016-08-02 14:11:36.058495 7fe2d2ffd700 20 librbd::Journal: 0x7fe308048770 wait_for_steady_state: on_state=0x7fe2ec038170
2016-08-02 14:11:36.058571 7fe2d2ffd700 20 librbd::Journal: 0x7fe308048770 handle_recording_stopped: r=0
2016-08-02 14:11:36.058577 7fe2d2ffd700 20 librbd::Journal: 0x7fe308048770 destroy_journaler: r=0
2016-08-02 14:11:36.058579 7fe2d2ffd700 20 librbd::Journal: 0x7fe308048770 transition_state: new state=8
2016-08-02 14:11:36.168812 7fe2d2ffd700 20 librbd::Journal: 0x7fe308048770 handle_journal_destroyed: r=0
2016-08-02 14:11:36.168821 7fe2d2ffd700 20 librbd::Journal: 0x7fe308048770 transition_state: new state=9
2016-08-02 14:11:36.168824 7fe2d2ffd700 10 librbd::exclusive_lock::ReleaseRequest: handle_close_journal: r=0
2016-08-02 14:11:36.168829 7fe2d2ffd700 10 librbd::exclusive_lock::ReleaseRequest: send_unlock
2016-08-02 14:11:36.168831 7fe2d2ffd700 10 librbd::ExclusiveLock: 0x7fe30800c720 handle_shutdown_releasing: r=0
2016-08-02 14:11:36.348192 7fe2f4ff9700 10 librbd::exclusive_lock::ReleaseRequest: handle_unlock: r=0
2016-08-02 14:11:36.348212 7fe2d2ffd700 10 librbd::ExclusiveLock: 0x7fe30800c720 handle_shutdown_released: r=0
2016-08-02 14:11:36.348216 7fe2d2ffd700 20 librbd::AioImageRequestWQ: clear_require_lock_on_read
2016-08-02 14:11:36.348217 7fe2d2ffd700 5 librbd::AioImageRequestWQ: unblock_writes: 0x7fe3100284f0, num=0
2016-08-02 14:11:36.348220 7fe2d2ffd700 10 librbd::ImageWatcher: 0x7fe308047750 notify released lock
2016-08-02 14:11:36.348221 7fe2d2ffd700 10 librbd::ImageWatcher: 0x7fe308047750 current lock owner: [0,0]
2016-08-02 14:11:36.348231 7fe2d2ffd700 20 librbd::image_watcher::Notifier: notify: pending=1
2016-08-02 14:11:36.348291 7fe2d2ffd700 10 librbd::image::CloseRequest: 0x7fe31403ce00 handle_shut_down_exclusive_lock: r=0
2016-08-02 14:11:36.348300 7fe2d2ffd700 10 librbd::image::CloseRequest: 0x7fe31403ce00 send_flush_readahead
2016-08-02 14:11:36.348303 7fe2d2ffd700 10 librbd::image::CloseRequest: 0x7fe31403ce00 handle_flush_readahead: r=0
2016-08-02 14:11:36.348304 7fe2d2ffd700 10 librbd::image::CloseRequest: 0x7fe31403ce00 send_shut_down_cache
2016-08-02 14:11:36.348306 7fe2d2ffd700 10 librbd::image::CloseRequest: 0x7fe31403ce00 handle_shut_down_cache: r=0
2016-08-02 14:11:36.348307 7fe2d2ffd700 10 librbd::image::CloseRequest: 0x7fe31403ce00 send_flush_op_work_queue
2016-08-02 14:11:36.348311 7fe2d2ffd700 10 librbd::image::CloseRequest: 0x7fe31403ce00 handle_flush_op_work_queue: r=0
2016-08-02 14:11:36.349290 7fe2f4ff9700 20 librbd::image_watcher::Notifier: handle_notify: pending=0
2016-08-02 14:11:36.349313 7fe2d2ffd700 10 librbd::image::CloseRequest: 0x7fe31403ce00 handle_flush_image_watcher: r=0
2016-08-02 14:11:36.349339 7fe2d2ffd700 10 librbd::ImageState: 0x7fe31000c030 handle_close: r=0
2016-08-02 14:11:36.382156 7fe323dc8700 20 rbd::mirror::image_replayer::BootstrapRequest::finish: r=-17
2016-08-02 14:12:03.270415 7fe2d8ff9700 5 librbd::AioImageRequestWQ: 0x7fe31002b340 : ictx=0x7fe31002a7c0
2016-08-02 14:12:03.270425 7fe2d8ff9700 20 librbd::ImageState: open
2016-08-02 14:12:03.270428 7fe2d8ff9700 10 librbd::ImageState: 0x7fe310000e10 send_open_unlock
2016-08-02 14:12:03.270431 7fe2d8ff9700 10 librbd::image::OpenRequest: 0x7fe31000b1b0 send_v2_get_name
2016-08-02 14:12:03.271795 7fe2f4ff9700 10 librbd::image::OpenRequest: handle_v2_get_name: r=0
2016-08-02 14:12:03.271805 7fe2f4ff9700 10 librbd::image::OpenRequest: 0x7fe31000b1b0 send_v2_get_immutable_metadata
2016-08-02 14:12:03.273702 7fe2f4ff9700 10 librbd::image::OpenRequest: handle_v2_get_immutable_metadata: r=0
2016-08-02 14:12:03.273712 7fe2f4ff9700 10 librbd::image::OpenRequest: 0x7fe31000b1b0 send_v2_get_stripe_unit_count
2016-08-02 14:12:03.275051 7fe2f4ff9700 10 librbd::image::OpenRequest: handle_v2_get_stripe_unit_count: r=-8
2016-08-02 14:12:03.275063 7fe2f4ff9700 10 librbd::ImageCtx: init_layout stripe_unit 4194304 stripe_count 1 object_size 4194304 prefix rbd_data.1017557e0515 format rbd_data.1017557e0515.%016llx
2016-08-02 14:12:03.275066 7fe2f4ff9700 10 librbd::image::OpenRequest: 0x7fe31000b1b0 send_v2_apply_metadata: start_key=conf_
2016-08-02 14:12:03.276321 7fe2f4ff9700 10 librbd::image::OpenRequest: 0x7fe31000b1b0 handle_v2_apply_metadata: r=0
2016-08-02 14:12:03.276332 7fe2f4ff9700 20 librbd::ImageCtx: apply_metadata
2016-08-02 14:12:03.276489 7fe2f4ff9700 10 librbd::image::OpenRequest: 0x7fe31000b1b0 send_register_watch
2016-08-02 14:12:03.276503 7fe2f4ff9700 10 librbd::ImageWatcher: 0x7fe3080455a0 registering image watcher
2016-08-02 14:12:03.371969 7fe2f4ff9700 10 librbd::image::OpenRequest: 0x7fe31000b1b0 handle_register_watch: r=0
2016-08-02 14:12:03.371979 7fe2f4ff9700 10 librbd::image::OpenRequest: 0x7fe31000b1b0 send_refresh
2016-08-02 14:12:03.371982 7fe2f4ff9700 10 librbd::image::RefreshRequest: 0x7fe3080490d0 send_v2_get_mutable_metadata
2016-08-02 14:12:03.374252 7fe2f4ff9700 10 librbd::image::RefreshRequest: 0x7fe3080490d0 handle_v2_get_mutable_metadata: r=0
2016-08-02 14:12:03.374261 7fe2f4ff9700 10 librbd::image::RefreshRequest: 0x7fe3080490d0 send_v2_get_flags
2016-08-02 14:12:03.375201 7fe2f4ff9700 10 librbd::image::RefreshRequest: 0x7fe3080490d0 handle_v2_get_flags: r=0
2016-08-02 14:12:03.375208 7fe2f4ff9700 10 librbd::image::RefreshRequest: 0x7fe3080490d0 send_v2_init_exclusive_lock
2016-08-02 14:12:03.375216 7fe2f4ff9700 10 librbd::ExclusiveLock: 0x7fe30803aa80 init
2016-08-02 14:12:03.375218 7fe2f4ff9700 5 librbd::AioImageRequestWQ: block_writes: 0x7fe31002a7c0, num=1
2016-08-02 14:12:03.375224 7fe2f4ff9700 20 librbd::AioImageRequestWQ: set_require_lock_on_read
2016-08-02 14:12:03.375236 7fe2d2ffd700 10 librbd::ExclusiveLock: 0x7fe30803aa80 handle_init_complete
2016-08-02 14:12:03.375238 7fe2d2ffd700 10 librbd::image::RefreshRequest: 0x7fe3080490d0 handle_v2_init_exclusive_lock: r=0
2016-08-02 14:12:03.375240 7fe2d2ffd700 10 librbd::image::RefreshRequest: 0x7fe3080490d0 send_v2_apply
2016-08-02 14:12:03.375243 7fe2d2ffd700 10 librbd::image::RefreshRequest: 0x7fe3080490d0 handle_v2_apply
2016-08-02 14:12:03.375245 7fe2d2ffd700 20 librbd::image::RefreshRequest: 0x7fe3080490d0 apply
2016-08-02 14:12:03.375252 7fe2d2ffd700 10 librbd::image::OpenRequest: handle_refresh: r=0
2016-08-02 14:12:03.375257 7fe2d2ffd700 10 librbd::ImageState: 0x7fe310000e10 handle_open: r=0
2016-08-02 14:12:03.375261 7fe2d2ffd700 20 librbd::Journal: get_tag_owner
2016-08-02 14:12:03.447069 7fe2f4ff9700 20 librbd::Journal: 0x7fe2ec007500 process: most recent journal tag: tid=2, data=[mirror_uuid=<orphan>, predecessor_mirror_uuid=0e03fa0e-b67a-4332-a578-d73531ddc988, predecessor_tag_tid=1, predecessor_entry_tid=3]
2016-08-02 14:12:03.530461 7fe2d2ffd700 20 librbd::ExclusiveLock: 0x7fe30803aa80 block_requests
2016-08-02 14:12:03.530467 7fe2d2ffd700 10 librbd::ExclusiveLock: 0x7fe30803aa80 request_lock
2016-08-02 14:12:03.530470 7fe2d2ffd700 10 librbd::ExclusiveLock: 0x7fe30803aa80 send_acquire_lock
2016-08-02 14:12:03.530478 7fe2d2ffd700 10 librbd::exclusive_lock::AcquireRequest: send_flush_notifies
2016-08-02 14:12:03.530485 7fe2d2ffd700 10 librbd::exclusive_lock::AcquireRequest: handle_flush_notifies
2016-08-02 14:12:03.530487 7fe2d2ffd700 10 librbd::exclusive_lock::AcquireRequest: send_lock
2016-08-02 14:12:03.565252 7fe2f4ff9700 10 librbd::exclusive_lock::AcquireRequest: handle_lock: r=0
2016-08-02 14:12:03.565261 7fe2f4ff9700 10 librbd::ExclusiveLock: 0x7fe30803aa80 handle_acquiring_lock
2016-08-02 14:12:03.565263 7fe2f4ff9700 10 librbd::exclusive_lock::AcquireRequest: send_open_journal
2016-08-02 14:12:03.565271 7fe2f4ff9700 5 librbd::Journal: 0x7fe30804b640: ictx=0x7fe31002a7c0
2016-08-02 14:12:03.565280 7fe2f4ff9700 20 librbd::Journal: 0x7fe30804b640 open
2016-08-02 14:12:03.565282 7fe2f4ff9700 20 librbd::Journal: 0x7fe30804b640 wait_for_steady_state: on_state=0x7fe308046440
2016-08-02 14:12:03.565284 7fe2f4ff9700 20 librbd::Journal: 0x7fe30804b640 create_journaler
2016-08-02 14:12:03.565286 7fe2f4ff9700 20 librbd::Journal: 0x7fe30804b640 transition_state: new state=1
2016-08-02 14:12:04.905738 7fe2d2ffd700 20 librbd::Journal: 0x7fe30804b640 handle_initialized: r=0
2016-08-02 14:12:04.905751 7fe2d2ffd700 20 librbd::Journal: 0x7fe30804b640 max_append_size=16777183
2016-08-02 14:12:04.905763 7fe2d2ffd700 20 librbd::Journal: 0x7fe30804b640 handle_initialized: client: [id=, commit_position=[positions=[[object_number=1, tag_tid=0, entry_tid=1], [object_number=0, tag_tid=0, entry_tid=0]]], state=connected], image meta: [tag_class=0]
2016-08-02 14:12:04.908668 7fe2f4ff9700 20 librbd::Journal: 0x7fe2ec003590 process: most recent journal tag: tid=2, data=[mirror_uuid=<orphan>, predecessor_mirror_uuid=0e03fa0e-b67a-4332-a578-d73531ddc988, predecessor_tag_tid=1, predecessor_entry_tid=3]
2016-08-02 14:12:04.908696 7fe2d2ffd700 20 librbd::Journal: 0x7fe30804b640 handle_get_tags: r=0
2016-08-02 14:12:04.908701 7fe2d2ffd700 20 librbd::Journal: 0x7fe30804b640 transition_state: new state=2
2016-08-02 14:12:04.913215 7fe2d17fa700 20 librbd::Journal: 0x7fe30804b640 handle_replay_complete: r=0
2016-08-02 14:12:04.913220 7fe2d17fa700 20 librbd::Journal: 0x7fe30804b640 transition_state: new state=5
2016-08-02 14:12:04.913234 7fe2d17fa700 20 librbd::Journal: 0x7fe30804b640 handle_replay_complete: shut down replay
2016-08-02 14:12:04.913236 7fe2d17fa700 20 librbd::journal::Replay: 0x7fe2ec065a00 shut_down
2016-08-02 14:12:04.913266 7fe2d2ffd700 20 librbd::Journal: 0x7fe30804b640 handle_replay_complete: handle shut down replay
2016-08-02 14:12:04.913271 7fe2d2ffd700 20 librbd::Journal: 0x7fe30804b640 handle_flushing_replay
2016-08-02 14:12:04.913291 7fe2d2ffd700 20 librbd::Journal: 0x7fe30804b640 transition_state: new state=6
2016-08-02 14:12:04.913303 7fe2d2ffd700 10 librbd::exclusive_lock::AcquireRequest: handle_open_journal: r=0
2016-08-02 14:12:04.913305 7fe2d2ffd700 10 librbd::exclusive_lock::AcquireRequest: send_allocate_journal_tag
2016-08-02 14:12:04.913322 7fe323dc8700 10 librbd::exclusive_lock::AcquireRequest: handle_allocate_journal_tag: r=0
2016-08-02 14:12:04.913333 7fe2d2ffd700 10 librbd::ExclusiveLock: 0x7fe30803aa80 handle_acquire_lock: r=0
2016-08-02 14:12:04.913335 7fe2d2ffd700 5 librbd::ExclusiveLock: successfully acquired exclusive lock
2016-08-02 14:12:04.913337 7fe2d2ffd700 10 librbd::ImageWatcher: 0x7fe3080455a0 notify acquired lock
2016-08-02 14:12:04.913340 7fe2d2ffd700 10 librbd::ImageWatcher: 0x7fe3080455a0 current lock owner: [4119,140613068825776]
2016-08-02 14:12:04.913354 7fe2d2ffd700 20 librbd::image_watcher::Notifier: notify: pending=1
2016-08-02 14:12:04.913438 7fe2d2ffd700 20 librbd::AioImageRequestWQ: clear_require_lock_on_read
2016-08-02 14:12:04.913443 7fe2d2ffd700 5 librbd::AioImageRequestWQ: unblock_writes: 0x7fe31002a7c0, num=0
2016-08-02 14:12:04.913447 7fe2d2ffd700 20 librbd::ExclusiveLock: 0x7fe30803aa80 is_lock_owner=1
2016-08-02 14:12:04.914827 7fe2da7fc700 20 librbd::ImageState: close
2016-08-02 14:12:04.914833 7fe2da7fc700 10 librbd::ImageState: 0x7fe310000e10 send_close_unlock
2016-08-02 14:12:04.914836 7fe2da7fc700 10 librbd::image::CloseRequest: 0x7fe31402c770 send_shut_down_update_watchers
2016-08-02 14:12:04.914839 7fe2da7fc700 20 librbd::ImageState: shut_down_update_watchers
2016-08-02 14:12:04.914841 7fe2da7fc700 20 librbd::ImageState: ImageUpdateWatchers::shut_down
2016-08-02 14:12:04.914843 7fe2da7fc700 20 librbd::ImageState: ImageUpdateWatchers::shut_down: completing shut down
2016-08-02 14:12:04.914859 7fe2d2ffd700 10 librbd::image::CloseRequest: 0x7fe31402c770 handle_shut_down_update_watchers: r=0
2016-08-02 14:12:04.914863 7fe2d2ffd700 10 librbd::image::CloseRequest: 0x7fe31402c770 send_unregister_image_watcher
2016-08-02 14:12:04.914864 7fe2d2ffd700 10 librbd::ImageWatcher: 0x7fe3080455a0 unregistering image watcher
2016-08-02 14:12:05.265815 7fe2d2ffd700 10 librbd::image::CloseRequest: 0x7fe31402c770 handle_unregister_image_watcher: r=0
2016-08-02 14:12:05.265829 7fe2d2ffd700 10 librbd::image::CloseRequest: 0x7fe31402c770 send_shut_down_aio_queue
2016-08-02 14:12:05.265832 7fe2d2ffd700 5 librbd::AioImageRequestWQ: shut_down: in_flight=0
2016-08-02 14:12:05.265838 7fe2d2ffd700 10 librbd::image::CloseRequest: 0x7fe31402c770 handle_shut_down_aio_queue: r=0
2016-08-02 14:12:05.265840 7fe2d2ffd700 10 librbd::image::CloseRequest: 0x7fe31402c770 send_shut_down_exclusive_lock
2016-08-02 14:12:05.265842 7fe2d2ffd700 10 librbd::ExclusiveLock: 0x7fe30803aa80 shut_down
2016-08-02 14:12:05.265845 7fe2d2ffd700 10 librbd::ExclusiveLock: 0x7fe30803aa80 send_shutdown
2016-08-02 14:12:05.265852 7fe2d2ffd700 10 librbd::exclusive_lock::ReleaseRequest: send_cancel_op_requests
2016-08-02 14:12:05.265854 7fe2d2ffd700 10 librbd::exclusive_lock::ReleaseRequest: handle_cancel_op_requests: r=0
2016-08-02 14:12:05.265855 7fe2d2ffd700 10 librbd::exclusive_lock::ReleaseRequest: send_block_writes
2016-08-02 14:12:05.265857 7fe2d2ffd700 20 librbd::AioImageRequestWQ: set_require_lock_on_read
2016-08-02 14:12:05.265858 7fe2d2ffd700 5 librbd::AioImageRequestWQ: block_writes: 0x7fe31002a7c0, num=1
2016-08-02 14:12:05.265863 7fe2d2ffd700 10 librbd::exclusive_lock::ReleaseRequest: handle_block_writes: r=0
2016-08-02 14:12:05.265864 7fe2d2ffd700 10 librbd::exclusive_lock::ReleaseRequest: send_flush_notifies
2016-08-02 14:12:05.273128 7fe2f4ff9700 20 librbd::image_watcher::Notifier: handle_notify: pending=0
2016-08-02 14:12:05.273152 7fe2d2ffd700 10 librbd::exclusive_lock::ReleaseRequest: handle_flush_notifies
2016-08-02 14:12:05.273156 7fe2d2ffd700 10 librbd::exclusive_lock::ReleaseRequest: send_close_journal
2016-08-02 14:12:05.273158 7fe2d2ffd700 20 librbd::Journal: 0x7fe30804b640 close
