2016-08-02 14:08:35.754997 7fe2d2ffd700 10 librbd::exclusive_lock::ReleaseRequest: handle_close_journal: r=0
2016-08-02 14:08:35.755002 7fe2d2ffd700 10 librbd::exclusive_lock::ReleaseRequest: send_unlock
2016-08-02 14:08:35.755004 7fe2d2ffd700 10 librbd::ExclusiveLock: 0x7fe3080159c0 handle_shutdown_releasing: r=0
2016-08-02 14:08:36.023112 7fe2f4ff9700 10 librbd::exclusive_lock::ReleaseRequest: handle_unlock: r=0
2016-08-02 14:08:36.023157 7fe2d2ffd700 10 librbd::ExclusiveLock: 0x7fe3080159c0 handle_shutdown_released: r=0
2016-08-02 14:08:36.023163 7fe2d2ffd700 20 librbd::AioImageRequestWQ: clear_require_lock_on_read
2016-08-02 14:08:36.023165 7fe2d2ffd700 5 librbd::AioImageRequestWQ: unblock_writes: 0x7fe3100184a0, num=0
2016-08-02 14:08:36.023167 7fe2d2ffd700 10 librbd::ImageWatcher: 0x7fe308029770 notify released lock
2016-08-02 14:08:36.023169 7fe2d2ffd700 10 librbd::ImageWatcher: 0x7fe308029770 current lock owner: [0,0]
2016-08-02 14:08:36.023179 7fe2d2ffd700 20 librbd::image_watcher::Notifier: notify: pending=1
2016-08-02 14:08:36.023246 7fe2d2ffd700 10 librbd::image::CloseRequest: 0x7fe31401e110 handle_shut_down_exclusive_lock: r=0
2016-08-02 14:08:36.023251 7fe2d2ffd700 10 librbd::image::CloseRequest: 0x7fe31401e110 send_flush_readahead
2016-08-02 14:08:36.023253 7fe2d2ffd700 10 librbd::image::CloseRequest: 0x7fe31401e110 handle_flush_readahead: r=0
2016-08-02 14:08:36.023255 7fe2d2ffd700 10 librbd::image::CloseRequest: 0x7fe31401e110 send_shut_down_cache
2016-08-02 14:08:36.023257 7fe2d2ffd700 10 librbd::image::CloseRequest: 0x7fe31401e110 handle_shut_down_cache: r=0
2016-08-02 14:08:36.023258 7fe2d2ffd700 10 librbd::image::CloseRequest: 0x7fe31401e110 send_flush_op_work_queue
2016-08-02 14:08:36.023261 7fe2d2ffd700 10 librbd::image::CloseRequest: 0x7fe31401e110 handle_flush_op_work_queue: r=0
2016-08-02 14:08:36.024323 7fe2f4ff9700 20 librbd::image_watcher::Notifier: handle_notify: pending=0
2016-08-02 14:08:36.024343 7fe2d2ffd700 10 librbd::image::CloseRequest: 0x7fe31401e110 handle_flush_image_watcher: r=0
2016-08-02 14:08:36.024367 7fe2d2ffd700 10 librbd::ImageState: 0x7fe31000c030 handle_close: r=0
2016-08-02 14:08:36.057040 7fe323dc8700 20 rbd::mirror::image_replayer::BootstrapRequest::finish: r=-17
2016-08-02 14:09:03.156178 7fe2d8ff9700 5 librbd::AioImageRequestWQ: 0x7fe31001ca90 : ictx=0x7fe31001bf10
2016-08-02 14:09:03.156196 7fe2d8ff9700 20 librbd::ImageState: open
2016-08-02 14:09:03.156199 7fe2d8ff9700 10 librbd::ImageState: 0x7fe310000e10 send_open_unlock
2016-08-02 14:09:03.156203 7fe2d8ff9700 10 librbd::image::OpenRequest: 0x7fe310013940 send_v2_get_name
2016-08-02 14:09:03.158087 7fe2f4ff9700 10 librbd::image::OpenRequest: handle_v2_get_name: r=0
2016-08-02 14:09:03.158096 7fe2f4ff9700 10 librbd::image::OpenRequest: 0x7fe310013940 send_v2_get_immutable_metadata
2016-08-02 14:09:03.159423 7fe2f4ff9700 10 librbd::image::OpenRequest: handle_v2_get_immutable_metadata: r=0
2016-08-02 14:09:03.159433 7fe2f4ff9700 10 librbd::image::OpenRequest: 0x7fe310013940 send_v2_get_stripe_unit_count
2016-08-02 14:09:03.160344 7fe2f4ff9700 10 librbd::image::OpenRequest: handle_v2_get_stripe_unit_count: r=-8
2016-08-02 14:09:03.160355 7fe2f4ff9700 10 librbd::ImageCtx: init_layout stripe_unit 4194304 stripe_count 1 object_size 4194304 prefix rbd_data.1017557e0515 format rbd_data.1017557e0515.%016llx
2016-08-02 14:09:03.160358 7fe2f4ff9700 10 librbd::image::OpenRequest: 0x7fe310013940 send_v2_apply_metadata: start_key=conf_
2016-08-02 14:09:03.161204 7fe2f4ff9700 10 librbd::image::OpenRequest: 0x7fe310013940 handle_v2_apply_metadata: r=0
2016-08-02 14:09:03.161212 7fe2f4ff9700 20 librbd::ImageCtx: apply_metadata
2016-08-02 14:09:03.161372 7fe2f4ff9700 10 librbd::image::OpenRequest: 0x7fe310013940 send_register_watch
2016-08-02 14:09:03.161382 7fe2f4ff9700 10 librbd::ImageWatcher: 0x7fe308029380 registering image watcher
2016-08-02 14:09:03.185444 7fe2f4ff9700 10 librbd::image::OpenRequest: 0x7fe310013940 handle_register_watch: r=0
2016-08-02 14:09:03.185457 7fe2f4ff9700 10 librbd::image::OpenRequest: 0x7fe310013940 send_refresh
2016-08-02 14:09:03.185461 7fe2f4ff9700 10 librbd::image::RefreshRequest: 0x7fe30802de30 send_v2_get_mutable_metadata
2016-08-02 14:09:03.187414 7fe2f4ff9700 10 librbd::image::RefreshRequest: 0x7fe30802de30 handle_v2_get_mutable_metadata: r=0
2016-08-02 14:09:03.187422 7fe2f4ff9700 10 librbd::image::RefreshRequest: 0x7fe30802de30 send_v2_get_flags
2016-08-02 14:09:03.188334 7fe2f4ff9700 10 librbd::image::RefreshRequest: 0x7fe30802de30 handle_v2_get_flags: r=0
2016-08-02 14:09:03.188356 7fe2f4ff9700 10 librbd::image::RefreshRequest: 0x7fe30802de30 send_v2_init_exclusive_lock
2016-08-02 14:09:03.188369 7fe2f4ff9700 10 librbd::ExclusiveLock: 0x7fe30801f580 init
2016-08-02 14:09:03.188372 7fe2f4ff9700 5 librbd::AioImageRequestWQ: block_writes: 0x7fe31001bf10, num=1
2016-08-02 14:09:03.188387 7fe2f4ff9700 20 librbd::AioImageRequestWQ: set_require_lock_on_read
2016-08-02 14:09:03.188411 7fe2d2ffd700 10 librbd::ExclusiveLock: 0x7fe30801f580 handle_init_complete
2016-08-02 14:09:03.188416 7fe2d2ffd700 10 librbd::image::RefreshRequest: 0x7fe30802de30 handle_v2_init_exclusive_lock: r=0
2016-08-02 14:09:03.188418 7fe2d2ffd700 10 librbd::image::RefreshRequest: 0x7fe30802de30 send_v2_apply
2016-08-02 14:09:03.188422 7fe2d2ffd700 10 librbd::image::RefreshRequest: 0x7fe30802de30 handle_v2_apply
2016-08-02 14:09:03.188424 7fe2d2ffd700 20 librbd::image::RefreshRequest: 0x7fe30802de30 apply
2016-08-02 14:09:03.188434 7fe2d2ffd700 10 librbd::image::OpenRequest: handle_refresh: r=0
2016-08-02 14:09:03.188441 7fe2d2ffd700 10 librbd::ImageState: 0x7fe310000e10 handle_open: r=0
2016-08-02 14:09:03.188445 7fe2d2ffd700 20 librbd::Journal: get_tag_owner
2016-08-02 14:09:03.283587 7fe2f4ff9700 20 librbd::Journal: 0x7fe2ec003590 process: most recent journal tag: tid=2, data=[mirror_uuid=<orphan>, predecessor_mirror_uuid=0e03fa0e-b67a-4332-a578-d73531ddc988, predecessor_tag_tid=1, predecessor_entry_tid=3]
2016-08-02 14:09:03.516818 7fe2d2ffd700 20 librbd::ExclusiveLock: 0x7fe30801f580 block_requests
2016-08-02 14:09:03.516828 7fe2d2ffd700 10 librbd::ExclusiveLock: 0x7fe30801f580 request_lock
2016-08-02 14:09:03.516831 7fe2d2ffd700 10 librbd::ExclusiveLock: 0x7fe30801f580 send_acquire_lock
2016-08-02 14:09:03.516842 7fe2d2ffd700 10 librbd::exclusive_lock::AcquireRequest: send_flush_notifies
2016-08-02 14:09:03.516852 7fe2d2ffd700 10 librbd::exclusive_lock::AcquireRequest: handle_flush_notifies
2016-08-02 14:09:03.516855 7fe2d2ffd700 10 librbd::exclusive_lock::AcquireRequest: send_lock
2016-08-02 14:09:03.577479 7fe2f4ff9700 10 librbd::exclusive_lock::AcquireRequest: handle_lock: r=0
2016-08-02 14:09:03.577488 7fe2f4ff9700 10 librbd::ExclusiveLock: 0x7fe30801f580 handle_acquiring_lock
2016-08-02 14:09:03.577491 7fe2f4ff9700 10 librbd::exclusive_lock::AcquireRequest: send_open_journal
2016-08-02 14:09:03.577498 7fe2f4ff9700 5 librbd::Journal: 0x7fe30802dda0: ictx=0x7fe31001bf10
2016-08-02 14:09:03.577506 7fe2f4ff9700 20 librbd::Journal: 0x7fe30802dda0 open
2016-08-02 14:09:03.577508 7fe2f4ff9700 20 librbd::Journal: 0x7fe30802dda0 wait_for_steady_state: on_state=0x7fe30802a1d0
2016-08-02 14:09:03.577510 7fe2f4ff9700 20 librbd::Journal: 0x7fe30802dda0 create_journaler
2016-08-02 14:09:03.577511 7fe2f4ff9700 20 librbd::Journal: 0x7fe30802dda0 transition_state: new state=1
2016-08-02 14:09:03.620721 7fe2d2ffd700 20 librbd::Journal: 0x7fe30802dda0 handle_initialized: r=0
2016-08-02 14:09:03.620745 7fe2d2ffd700 20 librbd::Journal: 0x7fe30802dda0 max_append_size=16777183
2016-08-02 14:09:03.620762 7fe2d2ffd700 20 librbd::Journal: 0x7fe30802dda0 handle_initialized: client: [id=, commit_position=[positions=[[object_number=1, tag_tid=0, entry_tid=1], [object_number=0, tag_tid=0, entry_tid=0]]], state=connected], image meta: [tag_class=0]
2016-08-02 14:09:03.622323 7fe2f4ff9700 20 librbd::Journal: 0x7fe2ec01d0a0 process: most recent journal tag: tid=2, data=[mirror_uuid=<orphan>, predecessor_mirror_uuid=0e03fa0e-b67a-4332-a578-d73531ddc988, predecessor_tag_tid=1, predecessor_entry_tid=3]
2016-08-02 14:09:03.622356 7fe2d2ffd700 20 librbd::Journal: 0x7fe30802dda0 handle_get_tags: r=0
2016-08-02 14:09:03.622363 7fe2d2ffd700 20 librbd::Journal: 0x7fe30802dda0 transition_state: new state=2
2016-08-02 14:09:03.628990 7fe2d17fa700 20 librbd::Journal: 0x7fe30802dda0 handle_replay_complete: r=0
2016-08-02 14:09:03.629001 7fe2d17fa700 20 librbd::Journal: 0x7fe30802dda0 transition_state: new state=5
2016-08-02 14:09:03.629015 7fe2d17fa700 20 librbd::Journal: 0x7fe30802dda0 handle_replay_complete: shut down replay
2016-08-02 14:09:03.629017 7fe2d17fa700 20 librbd::journal::Replay: 0x7fe2ec039d10 shut_down
2016-08-02 14:09:03.629038 7fe2d2ffd700 20 librbd::Journal: 0x7fe30802dda0 handle_replay_complete: handle shut down replay
2016-08-02 14:09:03.629041 7fe2d2ffd700 20 librbd::Journal: 0x7fe30802dda0 handle_flushing_replay
2016-08-02 14:09:03.629057 7fe2d2ffd700 20 librbd::Journal: 0x7fe30802dda0 transition_state: new state=6
2016-08-02 14:09:03.629061 7fe2d2ffd700 10 librbd::exclusive_lock::AcquireRequest: handle_open_journal: r=0
2016-08-02 14:09:03.629063 7fe2d2ffd700 10 librbd::exclusive_lock::AcquireRequest: send_allocate_journal_tag
2016-08-02 14:09:03.629075 7fe323dc8700 10 librbd::exclusive_lock::AcquireRequest: handle_allocate_journal_tag: r=0
2016-08-02 14:09:03.629083 7fe2d2ffd700 10 librbd::ExclusiveLock: 0x7fe30801f580 handle_acquire_lock: r=0
2016-08-02 14:09:03.629091 7fe2d2ffd700 5 librbd::ExclusiveLock: successfully acquired exclusive lock
2016-08-02 14:09:03.629093 7fe2d2ffd700 10 librbd::ImageWatcher: 0x7fe308029380 notify acquired lock
2016-08-02 14:09:03.629105 7fe2d2ffd700 10 librbd::ImageWatcher: 0x7fe308029380 current lock owner: [4119,140613068719760]
2016-08-02 14:09:03.629118 7fe2d2ffd700 20 librbd::image_watcher::Notifier: notify: pending=1
2016-08-02 14:09:03.629180 7fe2d2ffd700 20 librbd::AioImageRequestWQ: clear_require_lock_on_read
2016-08-02 14:09:03.629184 7fe2d2ffd700 5 librbd::AioImageRequestWQ: unblock_writes: 0x7fe31001bf10, num=0
2016-08-02 14:09:03.629188 7fe2d2ffd700 20 librbd::ExclusiveLock: 0x7fe30801f580 is_lock_owner=1
2016-08-02 14:09:03.630539 7fe2da7fc700 20 librbd::ImageState: close
2016-08-02 14:09:03.630547 7fe2da7fc700 10 librbd::ImageState: 0x7fe310000e10 send_close_unlock
2016-08-02 14:09:03.630550 7fe2da7fc700 10 librbd::image::CloseRequest: 0x7fe314032f50 send_shut_down_update_watchers
2016-08-02 14:09:03.630552 7fe2da7fc700 20 librbd::ImageState: shut_down_update_watchers
2016-08-02 14:09:03.630553 7fe2da7fc700 20 librbd::ImageState: ImageUpdateWatchers::shut_down
2016-08-02 14:09:03.630555 7fe2da7fc700 20 librbd::ImageState: ImageUpdateWatchers::shut_down: completing shut down
2016-08-02 14:09:03.630592 7fe2d2ffd700 10 librbd::image::CloseRequest: 0x7fe314032f50 handle_shut_down_update_watchers: r=0
2016-08-02 14:09:03.630599 7fe2d2ffd700 10 librbd::image::CloseRequest: 0x7fe314032f50 send_unregister_image_watcher
2016-08-02 14:09:03.630601 7fe2d2ffd700 10 librbd::ImageWatcher: 0x7fe308029380 unregistering image watcher
2016-08-02 14:09:03.646390 7fe2f4ff9700 10 librbd::ImageWatcher: 0x7fe308011a90 C_NotifyAck start: id=73014444049, handle=140613068719760
2016-08-02 14:09:03.646406 7fe2f4ff9700 10 librbd::ImageWatcher: 0x7fe308029380 image exclusively locked announcement
2016-08-02 14:09:03.646408 7fe2f4ff9700 10 librbd::ImageWatcher: 0x7fe308029380 current lock owner: [4119,140613068719760]
2016-08-02 14:09:03.646411 7fe2f4ff9700 10 librbd::ImageWatcher: 0x7fe308011a90 C_NotifyAck finish: id=73014444049, handle=140613068719760
2016-08-02 14:09:03.679212 7fe2d2ffd700 10 librbd::image::CloseRequest: 0x7fe314032f50 handle_unregister_image_watcher: r=0
2016-08-02 14:09:03.679222 7fe2d2ffd700 10 librbd::image::CloseRequest: 0x7fe314032f50 send_shut_down_aio_queue
2016-08-02 14:09:03.679239 7fe2d2ffd700 5 librbd::AioImageRequestWQ: shut_down: in_flight=0
2016-08-02 14:09:03.679243 7fe2d2ffd700 10 librbd::image::CloseRequest: 0x7fe314032f50 handle_shut_down_aio_queue: r=0
2016-08-02 14:09:03.679246 7fe2d2ffd700 10 librbd::image::CloseRequest: 0x7fe314032f50 send_shut_down_exclusive_lock
2016-08-02 14:09:03.679247 7fe2d2ffd700 10 librbd::ExclusiveLock: 0x7fe30801f580 shut_down
2016-08-02 14:09:03.679250 7fe2d2ffd700 10 librbd::ExclusiveLock: 0x7fe30801f580 send_shutdown
2016-08-02 14:09:03.679256 7fe2d2ffd700 10 librbd::exclusive_lock::ReleaseRequest: send_cancel_op_requests
2016-08-02 14:09:03.679258 7fe2d2ffd700 10 librbd::exclusive_lock::ReleaseRequest: handle_cancel_op_requests: r=0
2016-08-02 14:09:03.679259 7fe2d2ffd700 10 librbd::exclusive_lock::ReleaseRequest: send_block_writes
2016-08-02 14:09:03.679261 7fe2d2ffd700 20 librbd::AioImageRequestWQ: set_require_lock_on_read
2016-08-02 14:09:03.679263 7fe2d2ffd700 5 librbd::AioImageRequestWQ: block_writes: 0x7fe31001bf10, num=1
2016-08-02 14:09:03.679267 7fe2d2ffd700 10 librbd::exclusive_lock::ReleaseRequest: handle_block_writes: r=0
2016-08-02 14:09:03.679269 7fe2d2ffd700 10 librbd::exclusive_lock::ReleaseRequest: send_flush_notifies
2016-08-02 14:09:03.681192 7fe2f4ff9700 20 librbd::image_watcher::Notifier: handle_notify: pending=0
2016-08-02 14:09:03.681205 7fe2d2ffd700 10 librbd::exclusive_lock::ReleaseRequest: handle_flush_notifies
2016-08-02 14:09:03.681207 7fe2d2ffd700 10 librbd::exclusive_lock::ReleaseRequest: send_close_journal
2016-08-02 14:09:03.681208 7fe2d2ffd700 20 librbd::Journal: 0x7fe30802dda0 close
2016-08-02 14:09:03.681211 7fe2d2ffd700 20 librbd::Journal: 0x7fe30802dda0 transition_state: new state=7
2016-08-02 14:09:03.681219 7fe2d2ffd700 20 librbd::Journal: 0x7fe30802dda0 wait_for_steady_state: on_state=0x7fe2ec008770
2016-08-02 14:09:03.681240 7fe2d2ffd700 20 librbd::Journal: 0x7fe30802dda0 handle_recording_stopped: r=0
2016-08-02 14:09:03.681246 7fe2d2ffd700 20 librbd::Journal: 0x7fe30802dda0 destroy_journaler: r=0
2016-08-02 14:09:03.681248 7fe2d2ffd700 20 librbd::Journal: 0x7fe30802dda0 transition_state: new state=8
2016-08-02 14:09:03.716035 7fe2d2ffd700 20 librbd::Journal: 0x7fe30802dda0 handle_journal_destroyed: r=0
2016-08-02 14:09:03.716048 7fe2d2ffd700 20 librbd::Journal: 0x7fe30802dda0 transition_state: new state=9
2016-08-02 14:09:03.716052 7fe2d2ffd700 10 librbd::exclusive_lock::ReleaseRequest: handle_close_journal: r=0
2016-08-02 14:09:03.716058 7fe2d2ffd700 10 librbd::exclusive_lock::ReleaseRequest: send_unlock
2016-08-02 14:09:03.716059 7fe2d2ffd700 10 librbd::ExclusiveLock: 0x7fe30801f580 handle_shutdown_releasing: r=0
2016-08-02 14:09:03.758978 7fe2f4ff9700 10 librbd::exclusive_lock::ReleaseRequest: handle_unlock: r=0
2016-08-02 14:09:03.758998 7fe2d2ffd700 10 librbd::ExclusiveLock: 0x7fe30801f580 handle_shutdown_released: r=0
2016-08-02 14:09:03.759002 7fe2d2ffd700 20 librbd::AioImageRequestWQ: clear_require_lock_on_read
2016-08-02 14:09:03.759004 7fe2d2ffd700 5 librbd::AioImageRequestWQ: unblock_writes: 0x7fe31001bf10, num=0
2016-08-02 14:09:03.759006 7fe2d2ffd700 10 librbd::ImageWatcher: 0x7fe308029380 notify released lock
2016-08-02 14:09:03.759008 7fe2d2ffd700 10 librbd::ImageWatcher: 0x7fe308029380 current lock owner: [0,0]
2016-08-02 14:09:03.759017 7fe2d2ffd700 20 librbd::image_watcher::Notifier: notify: pending=1
2016-08-02 14:09:03.759071 7fe2d2ffd700 10 librbd::image::CloseRequest: 0x7fe314032f50 handle_shut_down_exclusive_lock: r=0
2016-08-02 14:09:03.759081 7fe2d2ffd700 10 librbd::image::CloseRequest: 0x7fe314032f50 send_flush_readahead
2016-08-02 14:09:03.759084 7fe2d2ffd700 10 librbd::image::CloseRequest: 0x7fe314032f50 handle_flush_readahead: r=0
2016-08-02 14:09:03.759086 7fe2d2ffd700 10 librbd::image::CloseRequest: 0x7fe314032f50 send_shut_down_cache
2016-08-02 14:09:03.759088 7fe2d2ffd700 10 librbd::image::CloseRequest: 0x7fe314032f50 handle_shut_down_cache: r=0
2016-08-02 14:09:03.759090 7fe2d2ffd700 10 librbd::image::CloseRequest: 0x7fe314032f50 send_flush_op_work_queue
2016-08-02 14:09:03.759094 7fe2d2ffd700 10 librbd::image::CloseRequest: 0x7fe314032f50 handle_flush_op_work_queue: r=0
2016-08-02 14:09:03.761134 7fe2f4ff9700 20 librbd::image_watcher::Notifier: handle_notify: pending=0
2016-08-02 14:09:03.761189 7fe2d2ffd700 10 librbd::image::CloseRequest: 0x7fe314032f50 handle_flush_image_watcher: r=0
2016-08-02 14:09:03.761216 7fe2d2ffd700 10 librbd::ImageState: 0x7fe310000e10 handle_close: r=0
2016-08-02 14:09:03.796869 7fe323dc8700 20 rbd::mirror::image_replayer::BootstrapRequest::finish: r=-17
2016-08-02 14:09:33.157278 7fe2d8ff9700 5 librbd::AioImageRequestWQ: 0x7fe31001ec00 : ictx=0x7fe31001e080
2016-08-02 14:09:33.157288 7fe2d8ff9700 20 librbd::ImageState: open
2016-08-02 14:09:33.157290 7fe2d8ff9700 10 librbd::ImageState: 0x7fe3100102e0 send_open_unlock
2016-08-02 14:09:33.157293 7fe2d8ff9700 10 librbd::image::OpenRequest: 0x7fe310015690 send_v2_get_name
2016-08-02 14:09:33.158844 7fe2f4ff9700 10 librbd::image::OpenRequest: handle_v2_get_name: r=0
2016-08-02 14:09:33.158858 7fe2f4ff9700 10 librbd::image::OpenRequest: 0x7fe310015690 send_v2_get_immutable_metadata
2016-08-02 14:09:33.160324 7fe2f4ff9700 10 librbd::image::OpenRequest: handle_v2_get_immutable_metadata: r=0
2016-08-02 14:09:33.160333 7fe2f4ff9700 10 librbd::image::OpenRequest: 0x7fe310015690 send_v2_get_stripe_unit_count
2016-08-02 14:09:33.161212 7fe2f4ff9700 10 librbd::image::OpenRequest: handle_v2_get_stripe_unit_count: r=-8
2016-08-02 14:09:33.161224 7fe2f4ff9700 10 librbd::ImageCtx: init_layout stripe_unit 4194304 stripe_count 1 object_size 4194304 prefix rbd_data.1017557e0515 format rbd_data.1017557e0515.%016llx
2016-08-02 14:09:33.161226 7fe2f4ff9700 10 librbd::image::OpenRequest: 0x7fe310015690 send_v2_apply_metadata: start_key=conf_
2016-08-02 14:09:33.162124 7fe2f4ff9700 10 librbd::image::OpenRequest: 0x7fe310015690 handle_v2_apply_metadata: r=0
2016-08-02 14:09:33.162133 7fe2f4ff9700 20 librbd::ImageCtx: apply_metadata
2016-08-02 14:09:33.162274 7fe2f4ff9700 10 librbd::image::OpenRequest: 0x7fe310015690 send_register_watch
2016-08-02 14:09:33.162287 7fe2f4ff9700 10 librbd::ImageWatcher: 0x7fe308036390 registering image watcher
2016-08-02 14:09:33.343261 7fe2f4ff9700 10 librbd::image::OpenRequest: 0x7fe310015690 handle_register_watch: r=0
2016-08-02 14:09:33.343270 7fe2f4ff9700 10 librbd::image::OpenRequest: 0x7fe310015690 send_refresh
2016-08-02 14:09:33.343273 7fe2f4ff9700 10 librbd::image::RefreshRequest: 0x7fe308035470 send_v2_get_mutable_metadata
2016-08-02 14:09:33.345378 7fe2f4ff9700 10 librbd::image::RefreshRequest: 0x7fe308035470 handle_v2_get_mutable_metadata: r=0
2016-08-02 14:09:33.345387 7fe2f4ff9700 10 librbd::image::RefreshRequest: 0x7fe308035470 send_v2_get_flags
2016-08-02 14:09:33.346478 7fe2f4ff9700 10 librbd::image::RefreshRequest: 0x7fe308035470 handle_v2_get_flags: r=0
2016-08-02 14:09:33.346486 7fe2f4ff9700 10 librbd::image::RefreshRequest: 0x7fe308035470 send_v2_init_exclusive_lock
2016-08-02 14:09:33.346493 7fe2f4ff9700 10 librbd::ExclusiveLock: 0x7fe30800fec0 init
2016-08-02 14:09:33.346495 7fe2f4ff9700 5 librbd::AioImageRequestWQ: block_writes: 0x7fe31001e080, num=1
2016-08-02 14:09:33.346501 7fe2f4ff9700 20 librbd::AioImageRequestWQ: set_require_lock_on_read
2016-08-02 14:09:33.346512 7fe2d2ffd700 10 librbd::ExclusiveLock: 0x7fe30800fec0 handle_init_complete
2016-08-02 14:09:33.346514 7fe2d2ffd700 10 librbd::image::RefreshRequest: 0x7fe308035470 handle_v2_init_exclusive_lock: r=0
2016-08-02 14:09:33.346516 7fe2d2ffd700 10 librbd::image::RefreshRequest: 0x7fe308035470 send_v2_apply
2016-08-02 14:09:33.346519 7fe2d2ffd700 10 librbd::image::RefreshRequest: 0x7fe308035470 handle_v2_apply
2016-08-02 14:09:33.346521 7fe2d2ffd700 20 librbd::image::RefreshRequest: 0x7fe308035470 apply
2016-08-02 14:09:33.346528 7fe2d2ffd700 10 librbd::image::OpenRequest: handle_refresh: r=0
2016-08-02 14:09:33.346532 7fe2d2ffd700 10 librbd::ImageState: 0x7fe3100102e0 handle_open: r=0
2016-08-02 14:09:33.346536 7fe2d2ffd700 20 librbd::Journal: get_tag_owner
2016-08-02 14:09:33.435321 7fe2f4ff9700 20 librbd::Journal: 0x7fe2ec02b910 process: most recent journal tag: tid=2, data=[mirror_uuid=<orphan>, predecessor_mirror_uuid=0e03fa0e-b67a-4332-a578-d73531ddc988, predecessor_tag_tid=1, predecessor_entry_tid=3]
2016-08-02 14:09:33.572494 7fe2d2ffd700 20 librbd::ExclusiveLock: 0x7fe30800fec0 block_requests
2016-08-02 14:09:33.572505 7fe2d2ffd700 10 librbd::ExclusiveLock: 0x7fe30800fec0 request_lock
2016-08-02 14:09:33.572507 7fe2d2ffd700 10 librbd::ExclusiveLock: 0x7fe30800fec0 send_acquire_lock
2016-08-02 14:09:33.572514 7fe2d2ffd700 10 librbd::exclusive_lock::AcquireRequest: send_flush_notifies
2016-08-02 14:09:33.572522 7fe2d2ffd700 10 librbd::exclusive_lock::AcquireRequest: handle_flush_notifies
2016-08-02 14:09:33.572523 7fe2d2ffd700 10 librbd::exclusive_lock::AcquireRequest: send_lock
2016-08-02 14:09:33.608291 7fe2f4ff9700 10 librbd::exclusive_lock::AcquireRequest: handle_lock: r=0
2016-08-02 14:09:33.608302 7fe2f4ff9700 10 librbd::ExclusiveLock: 0x7fe30800fec0 handle_acquiring_lock
2016-08-02 14:09:33.608305 7fe2f4ff9700 10 librbd::exclusive_lock::AcquireRequest: send_open_journal
2016-08-02 14:09:33.608312 7fe2f4ff9700 5 librbd::Journal: 0x7fe308034d90: ictx=0x7fe31001e080
2016-08-02 14:09:33.608320 7fe2f4ff9700 20 librbd::Journal: 0x7fe308034d90 open
2016-08-02 14:09:33.608322 7fe2f4ff9700 20 librbd::Journal: 0x7fe308034d90 wait_for_steady_state: on_state=0x7fe3080013b0
2016-08-02 14:09:33.608324 7fe2f4ff9700 20 librbd::Journal: 0x7fe308034d90 create_journaler
2016-08-02 14:09:33.608326 7fe2f4ff9700 20 librbd::Journal: 0x7fe308034d90 transition_state: new state=1
2016-08-02 14:09:33.679362 7fe2d2ffd700 20 librbd::Journal: 0x7fe308034d90 handle_initialized: r=0
2016-08-02 14:09:33.679373 7fe2d2ffd700 20 librbd::Journal: 0x7fe308034d90 max_append_size=16777183
2016-08-02 14:09:33.679383 7fe2d2ffd700 20 librbd::Journal: 0x7fe308034d90 handle_initialized: client: [id=, commit_position=[positions=[[object_number=1, tag_tid=0, entry_tid=1], [object_number=0, tag_tid=0, entry_tid=0]]], state=connected], image meta: [tag_class=0]
2016-08-02 14:09:33.680692 7fe2f4ff9700 20 librbd::Journal: 0x7fe2ec0195e0 process: most recent journal tag: tid=2, data=[mirror_uuid=<orphan>, predecessor_mirror_uuid=0e03fa0e-b67a-4332-a578-d73531ddc988, predecessor_tag_tid=1, predecessor_entry_tid=3]
2016-08-02 14:09:33.680716 7fe2d2ffd700 20 librbd::Journal: 0x7fe308034d90 handle_get_tags: r=0
2016-08-02 14:09:33.680725 7fe2d2ffd700 20 librbd::Journal: 0x7fe308034d90 transition_state: new state=2
2016-08-02 14:09:33.686533 7fe2d17fa700 20 librbd::Journal: 0x7fe308034d90 handle_replay_complete: r=0
2016-08-02 14:09:33.686543 7fe2d17fa700 20 librbd::Journal: 0x7fe308034d90 transition_state: new state=5
2016-08-02 14:09:33.686557 7fe2d17fa700 20 librbd::Journal: 0x7fe308034d90 handle_replay_complete: shut down replay
2016-08-02 14:09:33.686559 7fe2d17fa700 20 librbd::journal::Replay: 0x7fe2ec043df0 shut_down
2016-08-02 14:09:33.686569 7fe2d2ffd700 20 librbd::Journal: 0x7fe308034d90 handle_replay_complete: handle shut down replay
2016-08-02 14:09:33.686571 7fe2d2ffd700 20 librbd::Journal: 0x7fe308034d90 handle_flushing_replay
2016-08-02 14:09:33.686587 7fe2d2ffd700 20 librbd::Journal: 0x7fe308034d90 transition_state: new state=6
2016-08-02 14:09:33.686596 7fe2d2ffd700 10 librbd::exclusive_lock::AcquireRequest: handle_open_journal: r=0
2016-08-02 14:09:33.686597 7fe2d2ffd700 10 librbd::exclusive_lock::AcquireRequest: send_allocate_journal_tag
2016-08-02 14:09:33.686608 7fe323dc8700 10 librbd::exclusive_lock::AcquireRequest: handle_allocate_journal_tag: r=0
2016-08-02 14:09:33.686617 7fe2d2ffd700 10 librbd::ExclusiveLock: 0x7fe30800fec0 handle_acquire_lock: r=0
2016-08-02 14:09:33.686619 7fe2d2ffd700 5 librbd::ExclusiveLock: successfully acquired exclusive lock
2016-08-02 14:09:33.686621 7fe2d2ffd700 10 librbd::ImageWatcher: 0x7fe308036390 notify acquired lock
2016-08-02 14:09:33.686623 7fe2d2ffd700 10 librbd::ImageWatcher: 0x7fe308036390 current lock owner: [4119,140613068736144]
2016-08-02 14:09:33.686648 7fe2d2ffd700 20 librbd::image_watcher::Notifier: notify: pending=1
2016-08-02 14:09:33.686709 7fe2d2ffd700 20 librbd::AioImageRequestWQ: clear_require_lock_on_read
2016-08-02 14:09:33.686712 7fe2d2ffd700 5 librbd::AioImageRequestWQ: unblock_writes: 0x7fe31001e080, num=0
2016-08-02 14:09:33.686716 7fe2d2ffd700 20 librbd::ExclusiveLock: 0x7fe30800fec0 is_lock_owner=1
2016-08-02 14:09:33.687860 7fe2da7fc700 20 librbd::ImageState: close
2016-08-02 14:09:33.687871 7fe2da7fc700 10 librbd::ImageState: 0x7fe3100102e0 send_close_unlock
2016-08-02 14:09:33.687874 7fe2da7fc700 10 librbd::image::CloseRequest: 0x7fe3140316a0 send_shut_down_update_watchers
2016-08-02 14:09:33.687875 7fe2da7fc700 20 librbd::ImageState: shut_down_update_watchers
2016-08-02 14:09:33.687877 7fe2da7fc700 20 librbd::ImageState: ImageUpdateWatchers::shut_down
2016-08-02 14:09:33.687879 7fe2da7fc700 20 librbd::ImageState: ImageUpdateWatchers::shut_down: completing shut down
2016-08-02 14:09:33.687912 7fe2d2ffd700 10 librbd::image::CloseRequest: 0x7fe3140316a0 handle_shut_down_update_watchers: r=0
2016-08-02 14:09:33.687922 7fe2d2ffd700 10 librbd::image::CloseRequest: 0x7fe3140316a0 send_unregister_image_watcher
2016-08-02 14:09:33.687924 7fe2d2ffd700 10 librbd::ImageWatcher: 0x7fe308036390 unregistering image watcher
2016-08-02 14:09:33.768725 7fe2f4ff9700 10 librbd::ImageWatcher: 0x7fe308009540 C_NotifyAck start: id=73014444051, handle=140613068736144
2016-08-02 14:09:33.768731 7fe2f4ff9700 10 librbd::ImageWatcher: 0x7fe308036390 image exclusively locked announcement
2016-08-02 14:09:33.768733 7fe2f4ff9700 10 librbd::ImageWatcher: 0x7fe308036390 current lock owner: [4119,140613068736144]
2016-08-02 14:09:33.768735 7fe2f4ff9700 10 librbd::ImageWatcher: 0x7fe308009540 C_NotifyAck finish: id=73014444051, handle=140613068736144
2016-08-02 14:09:33.822159 7fe2d2ffd700 10 librbd::image::CloseRequest: 0x7fe3140316a0 handle_unregister_image_watcher: r=0
2016-08-02 14:09:33.822168 7fe2d2ffd700 10 librbd::image::CloseRequest: 0x7fe3140316a0 send_shut_down_aio_queue
2016-08-02 14:09:33.822171 7fe2d2ffd700 5 librbd::AioImageRequestWQ: shut_down: in_flight=0
2016-08-02 14:09:33.822175 7fe2d2ffd700 10 librbd::image::CloseRequest: 0x7fe3140316a0 handle_shut_down_aio_queue: r=0
2016-08-02 14:09:33.822177 7fe2d2ffd700 10 librbd::image::CloseRequest: 0x7fe3140316a0 send_shut_down_exclusive_lock
2016-08-02 14:09:33.822179 7fe2d2ffd700 10 librbd::ExclusiveLock: 0x7fe30800fec0 shut_down
2016-08-02 14:09:33.822181 7fe2d2ffd700 10 librbd::ExclusiveLock: 0x7fe30800fec0 send_shutdown
2016-08-02 14:09:33.822188 7fe2d2ffd700 10 librbd::exclusive_lock::ReleaseRequest: send_cancel_op_requests
2016-08-02 14:09:33.822189 7fe2d2ffd700 10 librbd::exclusive_lock::ReleaseRequest: handle_cancel_op_requests: r=0
2016-08-02 14:09:33.822190 7fe2d2ffd700 10 librbd::exclusive_lock::ReleaseRequest: send_block_writes
2016-08-02 14:09:33.822192 7fe2d2ffd700 20 librbd::AioImageRequestWQ: set_require_lock_on_read
2016-08-02 14:09:33.822193 7fe2d2ffd700 5 librbd::AioImageRequestWQ: block_writes: 0x7fe31001e080, num=1
2016-08-02 14:09:33.822197 7fe2d2ffd700 10 librbd::exclusive_lock::ReleaseRequest: handle_block_writes: r=0
2016-08-02 14:09:33.822198 7fe2d2ffd700 10 librbd::exclusive_lock::ReleaseRequest: send_flush_notifies
2016-08-02 14:09:33.826071 7fe2f4ff9700 20 librbd::image_watcher::Notifier: handle_notify: pending=0
2016-08-02 14:09:33.826086 7fe2d2ffd700 10 librbd::exclusive_lock::ReleaseRequest: handle_flush_notifies
2016-08-02 14:09:33.826088 7fe2d2ffd700 10 librbd::exclusive_lock::ReleaseRequest: send_close_journal
2016-08-02 14:09:33.826089 7fe2d2ffd700 20 librbd::Journal: 0x7fe308034d90 close
2016-08-02 14:09:33.826091 7fe2d2ffd700 20 librbd::Journal: 0x7fe308034d90 transition_state: new state=7
2016-08-02 14:09:33.826099 7fe2d2ffd700 20 librbd::Journal: 0x7fe308034d90 wait_for_steady_state: on_state=0x7fe2ec038170
2016-08-02 14:09:33.826119 7fe2d2ffd700 20 librbd::Journal: 0x7fe308034d90 handle_recording_stopped: r=0
2016-08-02 14:09:33.826121 7fe2d2ffd700 20 librbd::Journal: 0x7fe308034d90 destroy_journaler: r=0
2016-08-02 14:09:33.826122 7fe2d2ffd700 20 librbd::Journal: 0x7fe308034d90 transition_state: new state=8
2016-08-02 14:09:33.920502 7fe2d2ffd700 20 librbd::Journal: 0x7fe308034d90 handle_journal_destroyed: r=0
2016-08-02 14:09:33.920511 7fe2d2ffd700 20 librbd::Journal: 0x7fe308034d90 transition_state: new state=9
2016-08-02 14:09:33.920516 7fe2d2ffd700 10 librbd::exclusive_lock::ReleaseRequest: handle_close_journal: r=0
2016-08-02 14:09:33.920522 7fe2d2ffd700 10 librbd::exclusive_lock::ReleaseRequest: send_unlock
2016-08-02 14:09:33.920524 7fe2d2ffd700 10 librbd::ExclusiveLock: 0x7fe30800fec0 handle_shutdown_releasing: r=0
2016-08-02 14:09:34.037570 7fe2f4ff9700 10 librbd::exclusive_lock::ReleaseRequest: handle_unlock: r=0
2016-08-02 14:09:34.037597 7fe2d2ffd700 10 librbd::ExclusiveLock: 0x7fe30800fec0 handle_shutdown_released: r=0
2016-08-02 14:09:34.037601 7fe2d2ffd700 20 librbd::AioImageRequestWQ: clear_require_lock_on_read
2016-08-02 14:09:34.037603 7fe2d2ffd700 5 librbd::AioImageRequestWQ: unblock_writes: 0x7fe31001e080, num=0
2016-08-02 14:09:34.037606 7fe2d2ffd700 10 librbd::ImageWatcher: 0x7fe308036390 notify released lock
2016-08-02 14:09:34.037607 7fe2d2ffd700 10 librbd::ImageWatcher: 0x7fe308036390 current lock owner: [0,0]
2016-08-02 14:09:34.037615 7fe2d2ffd700 20 librbd::image_watcher::Notifier: notify: pending=1
2016-08-02 14:09:34.037678 7fe2d2ffd700 10 librbd::image::CloseRequest: 0x7fe3140316a0 handle_shut_down_exclusive_lock: r=0
2016-08-02 14:09:34.037681 7fe2d2ffd700 10 librbd::image::CloseRequest: 0x7fe3140316a0 send_flush_readahead
2016-08-02 14:09:34.037683 7fe2d2ffd700 10 librbd::image::CloseRequest: 0x7fe3140316a0 handle_flush_readahead: r=0
2016-08-02 14:09:34.037685 7fe2d2ffd700 10 librbd::image::CloseRequest: 0x7fe3140316a0 send_shut_down_cache
2016-08-02 14:09:34.037686 7fe2d2ffd700 10 librbd::image::CloseRequest: 0x7fe3140316a0 handle_shut_down_cache: r=0
2016-08-02 14:09:34.037688 7fe2d2ffd700 10 librbd::image::CloseRequest: 0x7fe3140316a0 send_flush_op_work_queue
2016-08-02 14:09:34.037691 7fe2d2ffd700 10 librbd::image::CloseRequest: 0x7fe3140316a0 handle_flush_op_work_queue: r=0
2016-08-02 14:09:34.041177 7fe2f4ff9700 20 librbd::image_watcher::Notifier: handle_notify: pending=0
2016-08-02 14:09:34.041199 7fe2d2ffd700 10 librbd::image::CloseRequest: 0x7fe3140316a0 handle_flush_image_watcher: r=0
2016-08-02 14:09:34.041219 7fe2d2ffd700 10 librbd::ImageState: 0x7fe3100102e0 handle_close: r=0
2016-08-02 14:09:34.073766 7fe323dc8700 20 rbd::mirror::image_replayer::BootstrapRequest::finish: r=-17
2016-08-02 14:09:43.004329 7fe2f41f2700 0 -- 192.168.34.135:0/472585458 >> 192.168.34.120:6808/19668 pipe(0x7fe2e802f040 sd=26 :53598 s=2 pgs=32 cs=1 l=1 c=0x7fe2e802d5c0).injecting socket failure
2016-08-02 14:10:03.979864 7fe2d8ff9700 5 librbd::AioImageRequestWQ: 0x7fe310021460 : ictx=0x7fe3100208e0
2016-08-02 14:10:03.979873 7fe2d8ff9700 20 librbd::ImageState: open
2016-08-02 14:10:03.979875 7fe2d8ff9700 10 librbd::ImageState: 0x7fe31000c030 send_open_unlock
2016-08-02 14:10:03.979878 7fe2d8ff9700 10 librbd::image::OpenRequest: 0x7fe31000b1b0 send_v2_get_name
2016-08-02 14:10:03.981371 7fe2f4ff9700 10 librbd::image::OpenRequest: handle_v2_get_name: r=0
2016-08-02 14:10:03.981375 7fe2f4ff9700 10 librbd::image::OpenRequest: 0x7fe31000b1b0 send_v2_get_immutable_metadata
2016-08-02 14:10:04.273107 7fe2f4ff9700 10 librbd::image::OpenRequest: handle_v2_get_immutable_metadata: r=0
2016-08-02 14:10:04.273113 7fe2f4ff9700 10 librbd::image::OpenRequest: 0x7fe31000b1b0 send_v2_get_stripe_unit_count
2016-08-02 14:10:04.274202 7fe2f4ff9700 10 librbd::image::OpenRequest: handle_v2_get_stripe_unit_count: r=-8
2016-08-02 14:10:04.274210 7fe2f4ff9700 10 librbd::ImageCtx: init_layout stripe_unit 4194304 stripe_count 1 object_size 4194304 prefix rbd_data.1017557e0515 format rbd_data.1017557e0515.%016llx
2016-08-02 14:10:04.274212 7fe2f4ff9700 10 librbd::image::OpenRequest: 0x7fe31000b1b0 send_v2_apply_metadata: start_key=conf_
2016-08-02 14:10:04.275116 7fe2f4ff9700 10 librbd::image::OpenRequest: 0x7fe31000b1b0 handle_v2_apply_metadata: r=0
2016-08-02 14:10:04.275120 7fe2f4ff9700 20 librbd::ImageCtx: apply_metadata
2016-08-02 14:10:04.275257 7fe2f4ff9700 10 librbd::image::OpenRequest: 0x7fe31000b1b0 send_register_watch
2016-08-02 14:10:04.275267 7fe2f4ff9700 10 librbd::ImageWatcher: 0x7fe308036260 registering image watcher
2016-08-02 14:10:04.319864 7fe2f4ff9700 10 librbd::image::OpenRequest: 0x7fe31000b1b0 handle_register_watch: r=0
2016-08-02 14:10:04.319868 7fe2f4ff9700 10 librbd::image::OpenRequest: 0x7fe31000b1b0 send_refresh
2016-08-02 14:10:04.319871 7fe2f4ff9700 10 librbd::image::RefreshRequest: 0x7fe308036d60 send_v2_get_mutable_metadata
2016-08-02 14:10:04.322380 7fe2f4ff9700 10 librbd::image::RefreshRequest: 0x7fe308036d60 handle_v2_get_mutable_metadata: r=0
2016-08-02 14:10:04.322390 7fe2f4ff9700 10 librbd::image::RefreshRequest: 0x7fe308036d60 send_v2_get_flags
2016-08-02 14:10:04.323424 7fe2f4ff9700 10 librbd::image::RefreshRequest: 0x7fe308036d60 handle_v2_get_flags: r=0
2016-08-02 14:10:04.323433 7fe2f4ff9700 10 librbd::image::RefreshRequest: 0x7fe308036d60 send_v2_init_exclusive_lock
2016-08-02 14:10:04.323440 7fe2f4ff9700 10 librbd::ExclusiveLock: 0x7fe308011ee0 init
2016-08-02 14:10:04.323442 7fe2f4ff9700 5 librbd::AioImageRequestWQ: block_writes: 0x7fe3100208e0, num=1
2016-08-02 14:10:04.323452 7fe2f4ff9700 20 librbd::AioImageRequestWQ: set_require_lock_on_read
2016-08-02 14:10:04.323468 7fe2d2ffd700 10 librbd::ExclusiveLock: 0x7fe308011ee0 handle_init_complete
2016-08-02 14:10:04.323472 7fe2d2ffd700 10 librbd::image::RefreshRequest: 0x7fe308036d60 handle_v2_init_exclusive_lock: r=0
2016-08-02 14:10:04.323474 7fe2d2ffd700 10 librbd::image::RefreshRequest: 0x7fe308036d60 send_v2_apply
2016-08-02 14:10:04.323477 7fe2d2ffd700 10 librbd::image::RefreshRequest: 0x7fe308036d60 handle_v2_apply
2016-08-02 14:10:04.323479 7fe2d2ffd700 20 librbd::image::RefreshRequest: 0x7fe308036d60 apply
2016-08-02 14:10:04.323487 7fe2d2ffd700 10 librbd::image::OpenRequest: handle_refresh: r=0
2016-08-02 14:10:04.323492 7fe2d2ffd700 10 librbd::ImageState: 0x7fe31000c030 handle_open: r=0
2016-08-02 14:10:04.323497 7fe2d2ffd700 20 librbd::Journal: get_tag_owner
2016-08-02 14:10:04.360333 7fe2f4ff9700 20 librbd::Journal: 0x7fe2ec001340 process: most recent journal tag: tid=2, data=[mirror_uuid=<orphan>, predecessor_mirror_uuid=0e03fa0e-b67a-4332-a578-d73531ddc988, predecessor_tag_tid=1, predecessor_entry_tid=3]
2016-08-02 14:10:04.403243 7fe2d2ffd700 20 librbd::ExclusiveLock: 0x7fe308011ee0 block_requests
2016-08-02 14:10:04.403247 7fe2d2ffd700 10 librbd::ExclusiveLock: 0x7fe308011ee0 request_lock
2016-08-02 14:10:04.403250 7fe2d2ffd700 10 librbd::ExclusiveLock: 0x7fe308011ee0 send_acquire_lock
2016-08-02 14:10:04.403258 7fe2d2ffd700 10 librbd::exclusive_lock::AcquireRequest: send_flush_notifies
2016-08-02 14:10:04.403265 7fe2d2ffd700 10 librbd::exclusive_lock::AcquireRequest: handle_flush_notifies
2016-08-02 14:10:04.403267 7fe2d2ffd700 10 librbd::exclusive_lock::AcquireRequest: send_lock
2016-08-02 14:10:04.449474 7fe2f4ff9700 10 librbd::exclusive_lock::AcquireRequest: handle_lock: r=0
2016-08-02 14:10:04.449480 7fe2f4ff9700 10 librbd::ExclusiveLock: 0x7fe308011ee0 handle_acquiring_lock
2016-08-02 14:10:04.449483 7fe2f4ff9700 10 librbd::exclusive_lock::AcquireRequest: send_open_journal
2016-08-02 14:10:04.449489 7fe2f4ff9700 5 librbd::Journal: 0x7fe308038160: ictx=0x7fe3100208e0
2016-08-02 14:10:04.449498 7fe2f4ff9700 20 librbd::Journal: 0x7fe308038160 open
2016-08-02 14:10:04.449500 7fe2f4ff9700 20 librbd::Journal: 0x7fe308038160 wait_for_steady_state: on_state=0x7fe308014450
2016-08-02 14:10:04.449502 7fe2f4ff9700 20 librbd::Journal: 0x7fe308038160 create_journaler
2016-08-02 14:10:04.449503 7fe2f4ff9700 20 librbd::Journal: 0x7fe308038160 transition_state: new state=1
2016-08-02 14:10:04.556619 7fe2d2ffd700 20 librbd::Journal: 0x7fe308038160 handle_initialized: r=0
2016-08-02 14:10:04.556625 7fe2d2ffd700 20 librbd::Journal: 0x7fe308038160 max_append_size=16777183
2016-08-02 14:10:04.556633 7fe2d2ffd700 20 librbd::Journal: 0x7fe308038160 handle_initialized: client: [id=, commit_position=[positions=[[object_number=1, tag_tid=0, entry_tid=1], [object_number=0, tag_tid=0, entry_tid=0]]], state=connected], image meta: [tag_class=0]
2016-08-02 14:10:04.557937 7fe2f4ff9700 20 librbd::Journal: 0x7fe2ec001c50 process: most recent journal tag: tid=2, data=[mirror_uuid=<orphan>, predecessor_mirror_uuid=0e03fa0e-b67a-4332-a578-d73531ddc988, predecessor_tag_tid=1, predecessor_entry_tid=3]
2016-08-02 14:10:04.557960 7fe2d2ffd700 20 librbd::Journal: 0x7fe308038160 handle_get_tags: r=0
2016-08-02 14:10:04.557964 7fe2d2ffd700 20 librbd::Journal: 0x7fe308038160 transition_state: new state=2
2016-08-02 14:10:04.561294 7fe2d17fa700 20 librbd::Journal: 0x7fe308038160 handle_replay_complete: r=0
2016-08-02 14:10:04.561299 7fe2d17fa700 20 librbd::Journal: 0x7fe308038160 transition_state: new state=5
2016-08-02 14:10:04.561310 7fe2d17fa700 20 librbd::Journal: 0x7fe308038160 handle_replay_complete: shut down replay
2016-08-02 14:10:04.561311 7fe2d17fa700 20 librbd::journal::Replay: 0x7fe2ec04b460 shut_down
2016-08-02 14:10:04.561344 7fe2d2ffd700 20 librbd::Journal: 0x7fe308038160 handle_replay_complete: handle shut down replay
2016-08-02 14:10:04.561348 7fe2d2ffd700 20 librbd::Journal: 0x7fe308038160 handle_flushing_replay
2016-08-02 14:10:04.561369 7fe2d2ffd700 20 librbd::Journal: 0x7fe308038160 transition_state: new state=6
2016-08-02 14:10:04.561372 7fe2d2ffd700 10 librbd::exclusive_lock::AcquireRequest: handle_open_journal: r=0
2016-08-02 14:10:04.561373 7fe2d2ffd700 10 librbd::exclusive_lock::AcquireRequest: send_allocate_journal_tag
2016-08-02 14:10:04.561384 7fe323dc8700 10 librbd::exclusive_lock::AcquireRequest: handle_allocate_journal_tag: r=0
2016-08-02 14:10:04.561415 7fe2d2ffd700 10 librbd::ExclusiveLock: 0x7fe308011ee0 handle_acquire_lock: r=0
2016-08-02 14:10:04.561419 7fe2d2ffd700 5 librbd::ExclusiveLock: successfully acquired exclusive lock
2016-08-02 14:10:04.561421 7fe2d2ffd700 10 librbd::ImageWatcher: 0x7fe308036260 notify acquired lock
2016-08-02 14:10:04.561423 7fe2d2ffd700 10 librbd::ImageWatcher: 0x7fe308036260 current lock owner: [4119,140613068741872]
2016-08-02 14:10:04.561432 7fe2d2ffd700 20 librbd::image_watcher::Notifier: notify: pending=1
2016-08-02 14:10:04.561479 7fe2d2ffd700 20 librbd::AioImageRequestWQ: clear_require_lock_on_read
2016-08-02 14:10:04.561482 7fe2d2ffd700 5 librbd::AioImageRequestWQ: unblock_writes: 0x7fe3100208e0, num=0
2016-08-02 14:10:04.561485 7fe2d2ffd700 20 librbd::ExclusiveLock: 0x7fe308011ee0 is_lock_owner=1
2016-08-02 14:10:04.562828 7fe2da7fc700 20 librbd::ImageState: close
2016-08-02 14:10:04.562837 7fe2da7fc700 10 librbd::ImageState: 0x7fe31000c030 send_close_unlock
2016-08-02 14:10:04.562841 7fe2da7fc700 10 librbd::image::CloseRequest: 0x7fe31402a290 send_shut_down_update_watchers
2016-08-02 14:10:04.562844 7fe2da7fc700 20 librbd::ImageState: shut_down_update_watchers
2016-08-02 14:10:04.562846 7fe2da7fc700 20 librbd::ImageState: ImageUpdateWatchers::shut_down
2016-08-02 14:10:04.562850 7fe2da7fc700 20 librbd::ImageState: ImageUpdateWatchers::shut_down: completing shut down
2016-08-02 14:10:04.562912 7fe2d2ffd700 10 librbd::image::CloseRequest: 0x7fe31402a290 handle_shut_down_update_watchers: r=0
2016-08-02 14:10:04.562922 7fe2d2ffd700 10 librbd::image::CloseRequest: 0x7fe31402a290 send_unregister_image_watcher
2016-08-02 14:10:04.562924 7fe2d2ffd700 10 librbd::ImageWatcher: 0x7fe308036260 unregistering image watcher
2016-08-02 14:10:04.562972 7fe2f4ff9700 10 librbd::ImageWatcher: 0x7fe30801c7c0 C_NotifyAck start: id=73014444053, handle=140613068741872
2016-08-02 14:10:04.562976 7fe2f4ff9700 10 librbd::ImageWatcher: 0x7fe308036260 image exclusively locked announcement
2016-08-02 14:10:04.562978 7fe2f4ff9700 10 librbd::ImageWatcher: 0x7fe308036260 current lock owner: [4119,140613068741872]
2016-08-02 14:10:04.562981 7fe2f4ff9700 10 librbd::ImageWatcher: 0x7fe30801c7c0 C_NotifyAck finish: id=73014444053, handle=140613068741872
2016-08-02 14:10:04.611740 7fe2d2ffd700 10 librbd::image::CloseRequest: 0x7fe31402a290 handle_unregister_image_watcher: r=0
2016-08-02 14:10:04.611767 7fe2d2ffd700 10 librbd::image::CloseRequest: 0x7fe31402a290 send_shut_down_aio_queue
2016-08-02 14:10:04.611771 7fe2d2ffd700 5 librbd::AioImageRequestWQ: shut_down: in_flight=0
2016-08-02 14:10:04.611779 7fe2d2ffd700 10 librbd::image::CloseRequest: 0x7fe31402a290 handle_shut_down_aio_queue: r=0
2016-08-02 14:10:04.611781 7fe2d2ffd700 10 librbd::image::CloseRequest: 0x7fe31402a290 send_shut_down_exclusive_lock
2016-08-02 14:10:04.611783 7fe2d2ffd700 10 librbd::ExclusiveLock: 0x7fe308011ee0 shut_down
2016-08-02 14:10:04.611787 7fe2d2ffd700 10 librbd::ExclusiveLock: 0x7fe308011ee0 send_shutdown
2016-08-02 14:10:04.611798 7fe2d2ffd700 10 librbd::exclusive_lock::ReleaseRequest: send_cancel_op_requests
2016-08-02 14:10:04.611801 7fe2d2ffd700 10 librbd::exclusive_lock::ReleaseRequest: handle_cancel_op_requests: r=0
2016-08-02 14:10:04.611802 7fe2d2ffd700 10 librbd::exclusive_lock::ReleaseRequest: send_block_writes
2016-08-02 14:10:04.611805 7fe2d2ffd700 20 librbd::AioImageRequestWQ: set_require_lock_on_read
2016-08-02 14:10:04.611807 7fe2d2ffd700 5 librbd::AioImageRequestWQ: block_writes: 0x7fe3100208e0, num=1
2016-08-02 14:10:04.611813 7fe2d2ffd700 10 librbd::exclusive_lock::ReleaseRequest: handle_block_writes: r=0
2016-08-02 14:10:04.611815 7fe2d2ffd700 10 librbd::exclusive_lock::ReleaseRequest: send_flush_notifies
2016-08-02 14:10:04.611984 7fe2f4ff9700 20 librbd::image_watcher::Notifier: handle_notify: pending=0
2016-08-02 14:10:04.612021 7fe2d2ffd700 10 librbd::exclusive_lock::ReleaseRequest: handle_flush_notifies
2016-08-02 14:10:04.612035 7fe2d2ffd700 10 librbd::exclusive_lock::ReleaseRequest: send_close_journal
2016-08-02 14:10:04.612038 7fe2d2ffd700 20 librbd::Journal: 0x7fe308038160 close
2016-08-02 14:10:04.612041 7fe2d2ffd700 20 librbd::Journal: 0x7fe308038160 transition_state: new state=7
2016-08-02 14:10:04.612057 7fe2d2ffd700 20 librbd::Journal: 0x7fe308038160 wait_for_steady_state: on_state=0x7fe2ec02fa20
2016-08-02 14:10:04.612116 7fe2d2ffd700 20 librbd::Journal: 0x7fe308038160 handle_recording_stopped: r=0
2016-08-02 14:10:04.612130 7fe2d2ffd700 20 librbd::Journal: 0x7fe308038160 destroy_journaler: r=0
2016-08-02 14:10:04.612133 7fe2d2ffd700 20 librbd::Journal: 0x7fe308038160 transition_state: new state=8
2016-08-02 14:10:04.646494 7fe2d2ffd700 20 librbd::Journal: 0x7fe308038160 handle_journal_destroyed: r=0
2016-08-02 14:10:04.646520 7fe2d2ffd700 20 librbd::Journal: 0x7fe308038160 transition_state: new state=9
2016-08-02 14:10:04.646527 7fe2d2ffd700 10 librbd::exclusive_lock::ReleaseRequest: handle_close_journal: r=0
2016-08-02 14:10:04.646538 7fe2d2ffd700 10 librbd::exclusive_lock::ReleaseRequest: send_unlock
2016-08-02 14:10:04.646541 7fe2d2ffd700 10 librbd::ExclusiveLock: 0x7fe308011ee0 handle_shutdown_releasing: r=0
2016-08-02 14:10:04.673148 7fe2f4ff9700 10 librbd::exclusive_lock::ReleaseRequest: handle_unlock: r=0
2016-08-02 14:10:04.673219 7fe2d2ffd700 10 librbd::ExclusiveLock: 0x7fe308011ee0 handle_shutdown_released: r=0
2016-08-02 14:10:04.673245 7fe2d2ffd700 20 librbd::AioImageRequestWQ: clear_require_lock_on_read
2016-08-02 14:10:04.673250 7fe2d2ffd700 5 librbd::AioImageRequestWQ: unblock_writes: 0x7fe3100208e0, num=0
2016-08-02 14:10:04.673254 7fe2d2ffd700 10 librbd::ImageWatcher: 0x7fe308036260 notify released lock
2016-08-02 14:10:04.673257 7fe2d2ffd700 10 librbd::ImageWatcher: 0x7fe308036260 current lock owner: [0,0]
2016-08-02 14:10:04.673277 7fe2d2ffd700 20 librbd::image_watcher::Notifier: notify: pending=1
2016-08-02 14:10:04.673388 7fe2d2ffd700 10 librbd::image::CloseRequest: 0x7fe31402a290 handle_shut_down_exclusive_lock: r=0
2016-08-02 14:10:04.673394 7fe2d2ffd700 10 librbd::image::CloseRequest: 0x7fe31402a290 send_flush_readahead
2016-08-02 14:10:04.673399 7fe2d2ffd700 10 librbd::image::CloseRequest: 0x7fe31402a290 handle_flush_readahead: r=0
2016-08-02 14:10:04.673401 7fe2d2ffd700 10 librbd::image::CloseRequest: 0x7fe31402a290 send_shut_down_cache
2016-08-02 14:10:04.673403 7fe2d2ffd700 10 librbd::image::CloseRequest: 0x7fe31402a290 handle_shut_down_cache: r=0
2016-08-02 14:10:04.673405 7fe2d2ffd700 10 librbd::image::CloseRequest: 0x7fe31402a290 send_flush_op_work_queue
2016-08-02 14:10:04.673410 7fe2d2ffd700 10 librbd::image::CloseRequest: 0x7fe31402a290 handle_flush_op_work_queue: r=0
2016-08-02 14:10:04.674393 7fe2f4ff9700 20 librbd::image_watcher::Notifier: handle_notify: pending=0
2016-08-02 14:10:04.674433 7fe2d2ffd700 10 librbd::image::CloseRequest: 0x7fe31402a290 handle_flush_image_watcher: r=0
2016-08-02 14:10:04.674475 7fe2d2ffd700 10 librbd::ImageState: 0x7fe31000c030 handle_close: r=0
2016-08-02 14:10:04.872216 7fe323dc8700 20 rbd::mirror::image_replayer::BootstrapRequest::finish: r=-17
2016-08-02 14:10:04.919932 7fe2f41f2700 0 -- 192.168.34.135:0/472585458 >> 192.168.34.120:6808/19668 pipe(0x7fe2e804a7a0 sd=27 :53640 s=2 pgs=35 cs=1 l=1 c=0x7fe2e80443f0).injecting socket failure
2016-08-02 14:10:33.380009 7fe2d8ff9700 5 librbd::AioImageRequestWQ: 0x7fe310023db0 : ictx=0x7fe310023230
2016-08-02 14:10:33.380019 7fe2d8ff9700 20 librbd::ImageState: open
2016-08-02 14:10:33.380021 7fe2d8ff9700 10 librbd::ImageState: 0x7fe310000e10 send_open_unlock
2016-08-02 14:10:33.380024 7fe2d8ff9700 10 librbd::image::OpenRequest: 0x7fe31000a2a0 send_v2_get_name
2016-08-02 14:10:33.381458 7fe2f4ff9700 10 librbd::image::OpenRequest: handle_v2_get_name: r=0
2016-08-02 14:10:33.381462 7fe2f4ff9700 10 librbd::image::OpenRequest: 0x7fe31000a2a0 send_v2_get_immutable_metadata
2016-08-02 14:10:33.383266 7fe2f4ff9700 10 librbd::image::OpenRequest: handle_v2_get_immutable_metadata: r=0
2016-08-02 14:10:33.383271 7fe2f4ff9700 10 librbd::image::OpenRequest: 0x7fe31000a2a0 send_v2_get_stripe_unit_count
2016-08-02 14:10:33.384792 7fe2f4ff9700 10 librbd::image::OpenRequest: handle_v2_get_stripe_unit_count: r=-8
2016-08-02 14:10:33.384799 7fe2f4ff9700 10 librbd::ImageCtx: init_layout stripe_unit 4194304 stripe_count 1 object_size 4194304 prefix rbd_data.1017557e0515 format rbd_data.1017557e0515.%016llx
2016-08-02 14:10:33.384801 7fe2f4ff9700 10 librbd::image::OpenRequest: 0x7fe31000a2a0 send_v2_apply_metadata: start_key=conf_
2016-08-02 14:10:33.386260 7fe2f4ff9700 10 librbd::image::OpenRequest: 0x7fe31000a2a0 handle_v2_apply_metadata: r=0
2016-08-02 14:10:33.386266 7fe2f4ff9700 20 librbd::ImageCtx: apply_metadata
2016-08-02 14:10:33.386401 7fe2f4ff9700 10 librbd::image::OpenRequest: 0x7fe31000a2a0 send_register_watch
2016-08-02 14:10:33.386409 7fe2f4ff9700 10 librbd::ImageWatcher: 0x7fe30803bd90 registering image watcher
2016-08-02 14:10:33.427854 7fe2f4ff9700 10 librbd::image::OpenRequest: 0x7fe31000a2a0 handle_register_watch: r=0
2016-08-02 14:10:33.427859 7fe2f4ff9700 10 librbd::image::OpenRequest: 0x7fe31000a2a0 send_refresh
2016-08-02 14:10:33.427862 7fe2f4ff9700 10 librbd::image::RefreshRequest: 0x7fe30803c350 send_v2_get_mutable_metadata
2016-08-02 14:10:33.430288 7fe2f4ff9700 10 librbd::image::RefreshRequest: 0x7fe30803c350 handle_v2_get_mutable_metadata: r=0
2016-08-02 14:10:33.430295 7fe2f4ff9700 10 librbd::image::RefreshRequest: 0x7fe30803c350 send_v2_get_flags
2016-08-02 14:10:33.431190 7fe2f41f2700 0 -- 192.168.34.135:0/472585458 >> 192.168.34.120:6808/19668 pipe(0x7fe2e804e400 sd=32 :53650 s=2 pgs=36 cs=1 l=1 c=0x7fe2e8031cc0).injecting socket failure
2016-08-02 14:10:33.431458 7fe2f4ff9700 10 librbd::image::RefreshRequest: 0x7fe30803c350 handle_v2_get_flags: r=0
2016-08-02 14:10:33.431471 7fe2f4ff9700 10 librbd::image::RefreshRequest: 0x7fe30803c350 send_v2_init_exclusive_lock
2016-08-02 14:10:33.431477 7fe2f4ff9700 10 librbd::ExclusiveLock: 0x7fe30801f580 init
2016-08-02 14:10:33.431480 7fe2f4ff9700 5 librbd::AioImageRequestWQ: block_writes: 0x7fe310023230, num=1
2016-08-02 14:10:33.431487 7fe2f4ff9700 20 librbd::AioImageRequestWQ: set_require_lock_on_read
2016-08-02 14:10:33.431499 7fe2d2ffd700 10 librbd::ExclusiveLock: 0x7fe30801f580 handle_init_complete
2016-08-02 14:10:33.431502 7fe2d2ffd700 10 librbd::image::RefreshRequest: 0x7fe30803c350 handle_v2_init_exclusive_lock: r=0
2016-08-02 14:10:33.431504 7fe2d2ffd700 10 librbd::image::RefreshRequest: 0x7fe30803c350 send_v2_apply
2016-08-02 14:10:33.431508 7fe2d2ffd700 10 librbd::image::RefreshRequest: 0x7fe30803c350 handle_v2_apply
2016-08-02 14:10:33.431510 7fe2d2ffd700 20 librbd::image::RefreshRequest: 0x7fe30803c350 apply
2016-08-02 14:10:33.431518 7fe2d2ffd700 10 librbd::image::OpenRequest: handle_refresh: r=0
2016-08-02 14:10:33.431522 7fe2d2ffd700 10 librbd::ImageState: 0x7fe310000e10 handle_open: r=0
2016-08-02 14:10:33.431526 7fe2d2ffd700 20 librbd::Journal: get_tag_owner
2016-08-02 14:10:33.489518 7fe2f4ff9700 20 librbd::Journal: 0x7fe2ec0229f0 process: most recent journal tag: tid=2, data=[mirror_uuid=<orphan>, predecessor_mirror_uuid=0e03fa0e-b67a-4332-a578-d73531ddc988, predecessor_tag_tid=1, predecessor_entry_tid=3]
2016-08-02 14:10:33.526703 7fe2d2ffd700 20 librbd::ExclusiveLock: 0x7fe30801f580 block_requests
2016-08-02 14:10:33.526707 7fe2d2ffd700 10 librbd::ExclusiveLock: 0x7fe30801f580 request_lock
2016-08-02 14:10:33.526709 7fe2d2ffd700 10 librbd::ExclusiveLock: 0x7fe30801f580 send_acquire_lock
2016-08-02 14:10:33.526716 7fe2d2ffd700 10 librbd::exclusive_lock::AcquireRequest: send_flush_notifies
