2016-08-02 14:07:05.747169 7fe2f4ff9700 20 librbd::Journal: 0x7fe30801def0 transition_state: new state=1
2016-08-02 14:07:05.800048 7fe2d2ffd700 20 librbd::Journal: 0x7fe30801def0 handle_initialized: r=0
2016-08-02 14:07:05.800055 7fe2d2ffd700 20 librbd::Journal: 0x7fe30801def0 max_append_size=16777183
2016-08-02 14:07:05.800063 7fe2d2ffd700 20 librbd::Journal: 0x7fe30801def0 handle_initialized: client: [id=, commit_position=[positions=[[object_number=1, tag_tid=0, entry_tid=1], [object_number=0, tag_tid=0, entry_tid=0]]], state=connected], image meta: [tag_class=0]
2016-08-02 14:07:05.801529 7fe2f4ff9700 20 librbd::Journal: 0x7fe2ec00d560 process: most recent journal tag: tid=2, data=[mirror_uuid=<orphan>, predecessor_mirror_uuid=0e03fa0e-b67a-4332-a578-d73531ddc988, predecessor_tag_tid=1, predecessor_entry_tid=3]
2016-08-02 14:07:05.801554 7fe2d2ffd700 20 librbd::Journal: 0x7fe30801def0 handle_get_tags: r=0
2016-08-02 14:07:05.801558 7fe2d2ffd700 20 librbd::Journal: 0x7fe30801def0 transition_state: new state=2
2016-08-02 14:07:05.805120 7fe2d17fa700 20 librbd::Journal: 0x7fe30801def0 handle_replay_complete: r=0
2016-08-02 14:07:05.805129 7fe2d17fa700 20 librbd::Journal: 0x7fe30801def0 transition_state: new state=5
2016-08-02 14:07:05.805142 7fe2d17fa700 20 librbd::Journal: 0x7fe30801def0 handle_replay_complete: shut down replay
2016-08-02 14:07:05.805144 7fe2d17fa700 20 librbd::journal::Replay: 0x7fe2ec01ce20 shut_down
2016-08-02 14:07:05.805159 7fe2d2ffd700 20 librbd::Journal: 0x7fe30801def0 handle_replay_complete: handle shut down replay
2016-08-02 14:07:05.805162 7fe2d2ffd700 20 librbd::Journal: 0x7fe30801def0 handle_flushing_replay
2016-08-02 14:07:05.805178 7fe2d2ffd700 20 librbd::Journal: 0x7fe30801def0 transition_state: new state=6
2016-08-02 14:07:05.805188 7fe2d2ffd700 10 librbd::exclusive_lock::AcquireRequest: handle_open_journal: r=0
2016-08-02 14:07:05.805189 7fe2d2ffd700 10 librbd::exclusive_lock::AcquireRequest: send_allocate_journal_tag
2016-08-02 14:07:05.805208 7fe323dc8700 10 librbd::exclusive_lock::AcquireRequest: handle_allocate_journal_tag: r=0
2016-08-02 14:07:05.805222 7fe2d2ffd700 10 librbd::ExclusiveLock: 0x7fe30800c720 handle_acquire_lock: r=0
2016-08-02 14:07:05.805224 7fe2d2ffd700 5 librbd::ExclusiveLock: successfully acquired exclusive lock
2016-08-02 14:07:05.805225 7fe2d2ffd700 10 librbd::ImageWatcher: 0x7fe30800ae80 notify acquired lock
2016-08-02 14:07:05.805228 7fe2d2ffd700 10 librbd::ImageWatcher: 0x7fe30800ae80 current lock owner: [4119,140613068593296]
2016-08-02 14:07:05.805250 7fe2d2ffd700 20 librbd::image_watcher::Notifier: notify: pending=1
2016-08-02 14:07:05.805311 7fe2d2ffd700 20 librbd::AioImageRequestWQ: clear_require_lock_on_read
2016-08-02 14:07:05.805314 7fe2d2ffd700 5 librbd::AioImageRequestWQ: unblock_writes: 0x7fe310008a80, num=0
2016-08-02 14:07:05.805317 7fe2d2ffd700 20 librbd::ExclusiveLock: 0x7fe30800c720 is_lock_owner=1
2016-08-02 14:07:05.806194 7fe2f4ff9700 10 librbd::ImageWatcher: 0x7fe30801f2c0 C_NotifyAck start: id=73014444041, handle=140613068593296
2016-08-02 14:07:05.806198 7fe2f4ff9700 10 librbd::ImageWatcher: 0x7fe30800ae80 image exclusively locked announcement
2016-08-02 14:07:05.806200 7fe2f4ff9700 10 librbd::ImageWatcher: 0x7fe30800ae80 current lock owner: [4119,140613068593296]
2016-08-02 14:07:05.806202 7fe2f4ff9700 10 librbd::ImageWatcher: 0x7fe30801f2c0 C_NotifyAck finish: id=73014444041, handle=140613068593296
2016-08-02 14:07:05.806684 7fe2da7fc700 20 librbd::ImageState: close
2016-08-02 14:07:05.806690 7fe2da7fc700 10 librbd::ImageState: 0x7fe3100078d0 send_close_unlock
2016-08-02 14:07:05.806693 7fe2da7fc700 10 librbd::image::CloseRequest: 0x7fe314012ba0 send_shut_down_update_watchers
2016-08-02 14:07:05.806695 7fe2da7fc700 20 librbd::ImageState: shut_down_update_watchers
2016-08-02 14:07:05.806697 7fe2da7fc700 20 librbd::ImageState: ImageUpdateWatchers::shut_down
2016-08-02 14:07:05.806698 7fe2da7fc700 20 librbd::ImageState: ImageUpdateWatchers::shut_down: completing shut down
2016-08-02 14:07:05.806708 7fe2d2ffd700 10 librbd::image::CloseRequest: 0x7fe314012ba0 handle_shut_down_update_watchers: r=0
2016-08-02 14:07:05.806710 7fe2d2ffd700 10 librbd::image::CloseRequest: 0x7fe314012ba0 send_unregister_image_watcher
2016-08-02 14:07:05.806711 7fe2d2ffd700 10 librbd::ImageWatcher: 0x7fe30800ae80 unregistering image watcher
2016-08-02 14:07:05.806932 7fe2f4ff9700 20 librbd::image_watcher::Notifier: handle_notify: pending=0
2016-08-02 14:07:05.845077 7fe2d2ffd700 10 librbd::image::CloseRequest: 0x7fe314012ba0 handle_unregister_image_watcher: r=0
2016-08-02 14:07:05.845087 7fe2d2ffd700 10 librbd::image::CloseRequest: 0x7fe314012ba0 send_shut_down_aio_queue
2016-08-02 14:07:05.845090 7fe2d2ffd700 5 librbd::AioImageRequestWQ: shut_down: in_flight=0
2016-08-02 14:07:05.845093 7fe2d2ffd700 10 librbd::image::CloseRequest: 0x7fe314012ba0 handle_shut_down_aio_queue: r=0
2016-08-02 14:07:05.845095 7fe2d2ffd700 10 librbd::image::CloseRequest: 0x7fe314012ba0 send_shut_down_exclusive_lock
2016-08-02 14:07:05.845097 7fe2d2ffd700 10 librbd::ExclusiveLock: 0x7fe30800c720 shut_down
2016-08-02 14:07:05.845099 7fe2d2ffd700 10 librbd::ExclusiveLock: 0x7fe30800c720 send_shutdown
2016-08-02 14:07:05.845105 7fe2d2ffd700 10 librbd::exclusive_lock::ReleaseRequest: send_cancel_op_requests
2016-08-02 14:07:05.845107 7fe2d2ffd700 10 librbd::exclusive_lock::ReleaseRequest: handle_cancel_op_requests: r=0
2016-08-02 14:07:05.845107 7fe2d2ffd700 10 librbd::exclusive_lock::ReleaseRequest: send_block_writes
2016-08-02 14:07:05.845109 7fe2d2ffd700 20 librbd::AioImageRequestWQ: set_require_lock_on_read
2016-08-02 14:07:05.845111 7fe2d2ffd700 5 librbd::AioImageRequestWQ: block_writes: 0x7fe310008a80, num=1
2016-08-02 14:07:05.845114 7fe2d2ffd700 10 librbd::exclusive_lock::ReleaseRequest: handle_block_writes: r=0
2016-08-02 14:07:05.845115 7fe2d2ffd700 10 librbd::exclusive_lock::ReleaseRequest: send_flush_notifies
2016-08-02 14:07:05.845118 7fe2d2ffd700 10 librbd::exclusive_lock::ReleaseRequest: handle_flush_notifies
2016-08-02 14:07:05.845119 7fe2d2ffd700 10 librbd::exclusive_lock::ReleaseRequest: send_close_journal
2016-08-02 14:07:05.845120 7fe2d2ffd700 20 librbd::Journal: 0x7fe30801def0 close
2016-08-02 14:07:05.845121 7fe2d2ffd700 20 librbd::Journal: 0x7fe30801def0 transition_state: new state=7
2016-08-02 14:07:05.845128 7fe2d2ffd700 20 librbd::Journal: 0x7fe30801def0 wait_for_steady_state: on_state=0x7fe2ec003f10
2016-08-02 14:07:05.845144 7fe2d2ffd700 20 librbd::Journal: 0x7fe30801def0 handle_recording_stopped: r=0
2016-08-02 14:07:05.845147 7fe2d2ffd700 20 librbd::Journal: 0x7fe30801def0 destroy_journaler: r=0
2016-08-02 14:07:05.845148 7fe2d2ffd700 20 librbd::Journal: 0x7fe30801def0 transition_state: new state=8
2016-08-02 14:07:05.886239 7fe2d2ffd700 20 librbd::Journal: 0x7fe30801def0 handle_journal_destroyed: r=0
2016-08-02 14:07:05.886250 7fe2d2ffd700 20 librbd::Journal: 0x7fe30801def0 transition_state: new state=9
2016-08-02 14:07:05.886253 7fe2d2ffd700 10 librbd::exclusive_lock::ReleaseRequest: handle_close_journal: r=0
2016-08-02 14:07:05.886257 7fe2d2ffd700 10 librbd::exclusive_lock::ReleaseRequest: send_unlock
2016-08-02 14:07:05.886259 7fe2d2ffd700 10 librbd::ExclusiveLock: 0x7fe30800c720 handle_shutdown_releasing: r=0
2016-08-02 14:07:06.020227 7fe2f4ff9700 10 librbd::exclusive_lock::ReleaseRequest: handle_unlock: r=0
2016-08-02 14:07:06.020273 7fe2d2ffd700 10 librbd::ExclusiveLock: 0x7fe30800c720 handle_shutdown_released: r=0
2016-08-02 14:07:06.020279 7fe2d2ffd700 20 librbd::AioImageRequestWQ: clear_require_lock_on_read
2016-08-02 14:07:06.020281 7fe2d2ffd700 5 librbd::AioImageRequestWQ: unblock_writes: 0x7fe310008a80, num=0
2016-08-02 14:07:06.020283 7fe2d2ffd700 10 librbd::ImageWatcher: 0x7fe30800ae80 notify released lock
2016-08-02 14:07:06.020284 7fe2d2ffd700 10 librbd::ImageWatcher: 0x7fe30800ae80 current lock owner: [0,0]
2016-08-02 14:07:06.020292 7fe2d2ffd700 20 librbd::image_watcher::Notifier: notify: pending=1
2016-08-02 14:07:06.020342 7fe2d2ffd700 10 librbd::image::CloseRequest: 0x7fe314012ba0 handle_shut_down_exclusive_lock: r=0
2016-08-02 14:07:06.020345 7fe2d2ffd700 10 librbd::image::CloseRequest: 0x7fe314012ba0 send_flush_readahead
2016-08-02 14:07:06.020348 7fe2d2ffd700 10 librbd::image::CloseRequest: 0x7fe314012ba0 handle_flush_readahead: r=0
2016-08-02 14:07:06.020349 7fe2d2ffd700 10 librbd::image::CloseRequest: 0x7fe314012ba0 send_shut_down_cache
2016-08-02 14:07:06.020351 7fe2d2ffd700 10 librbd::image::CloseRequest: 0x7fe314012ba0 handle_shut_down_cache: r=0
2016-08-02 14:07:06.020352 7fe2d2ffd700 10 librbd::image::CloseRequest: 0x7fe314012ba0 send_flush_op_work_queue
2016-08-02 14:07:06.020355 7fe2d2ffd700 10 librbd::image::CloseRequest: 0x7fe314012ba0 handle_flush_op_work_queue: r=0
2016-08-02 14:07:06.021429 7fe2f4ff9700 20 librbd::image_watcher::Notifier: handle_notify: pending=0
2016-08-02 14:07:06.021449 7fe2d2ffd700 10 librbd::image::CloseRequest: 0x7fe314012ba0 handle_flush_image_watcher: r=0
2016-08-02 14:07:06.021467 7fe2d2ffd700 10 librbd::ImageState: 0x7fe3100078d0 handle_close: r=0
2016-08-02 14:07:07.317718 7fe323dc8700 20 rbd::mirror::image_replayer::BootstrapRequest::finish: r=-17
2016-08-02 14:07:33.423732 7fe2d8ff9700 5 librbd::AioImageRequestWQ: 0x7fe3100126d0 : ictx=0x7fe310011cf0
2016-08-02 14:07:33.423741 7fe2d8ff9700 20 librbd::ImageState: open
2016-08-02 14:07:33.423743 7fe2d8ff9700 10 librbd::ImageState: 0x7fe31000fce0 send_open_unlock
2016-08-02 14:07:33.423746 7fe2d8ff9700 10 librbd::image::OpenRequest: 0x7fe310013940 send_v2_get_name
2016-08-02 14:07:33.424799 7fe2f4ff9700 10 librbd::image::OpenRequest: handle_v2_get_name: r=0
2016-08-02 14:07:33.424806 7fe2f4ff9700 10 librbd::image::OpenRequest: 0x7fe310013940 send_v2_get_immutable_metadata
2016-08-02 14:07:33.459099 7fe2f4ff9700 10 librbd::image::OpenRequest: handle_v2_get_immutable_metadata: r=0
2016-08-02 14:07:33.459108 7fe2f4ff9700 10 librbd::image::OpenRequest: 0x7fe310013940 send_v2_get_stripe_unit_count
2016-08-02 14:07:33.461420 7fe2f4ff9700 10 librbd::image::OpenRequest: handle_v2_get_stripe_unit_count: r=-8
2016-08-02 14:07:33.461430 7fe2f4ff9700 10 librbd::ImageCtx: init_layout stripe_unit 4194304 stripe_count 1 object_size 4194304 prefix rbd_data.1017557e0515 format rbd_data.1017557e0515.%016llx
2016-08-02 14:07:33.461432 7fe2f4ff9700 10 librbd::image::OpenRequest: 0x7fe310013940 send_v2_apply_metadata: start_key=conf_
2016-08-02 14:07:33.464538 7fe2f4ff9700 10 librbd::image::OpenRequest: 0x7fe310013940 handle_v2_apply_metadata: r=0
2016-08-02 14:07:33.464546 7fe2f4ff9700 20 librbd::ImageCtx: apply_metadata
2016-08-02 14:07:33.464685 7fe2f4ff9700 10 librbd::image::OpenRequest: 0x7fe310013940 send_register_watch
2016-08-02 14:07:33.464694 7fe2f4ff9700 10 librbd::ImageWatcher: 0x7fe30801ec30 registering image watcher
2016-08-02 14:07:33.923579 7fe2f4ff9700 10 librbd::image::OpenRequest: 0x7fe310013940 handle_register_watch: r=0
2016-08-02 14:07:33.923590 7fe2f4ff9700 10 librbd::image::OpenRequest: 0x7fe310013940 send_refresh
2016-08-02 14:07:33.923593 7fe2f4ff9700 10 librbd::image::RefreshRequest: 0x7fe308022590 send_v2_get_mutable_metadata
2016-08-02 14:07:34.269647 7fe2f4ff9700 10 librbd::image::RefreshRequest: 0x7fe308022590 handle_v2_get_mutable_metadata: r=0
2016-08-02 14:07:34.269666 7fe2f4ff9700 10 librbd::image::RefreshRequest: 0x7fe308022590 send_v2_get_flags
2016-08-02 14:07:34.271015 7fe2f4ff9700 10 librbd::image::RefreshRequest: 0x7fe308022590 handle_v2_get_flags: r=0
2016-08-02 14:07:34.271027 7fe2f4ff9700 10 librbd::image::RefreshRequest: 0x7fe308022590 send_v2_init_exclusive_lock
2016-08-02 14:07:34.271036 7fe2f4ff9700 10 librbd::ExclusiveLock: 0x7fe30801f580 init
2016-08-02 14:07:34.271039 7fe2f4ff9700 5 librbd::AioImageRequestWQ: block_writes: 0x7fe310011cf0, num=1
2016-08-02 14:07:34.271046 7fe2f4ff9700 20 librbd::AioImageRequestWQ: set_require_lock_on_read
2016-08-02 14:07:34.271057 7fe2d2ffd700 10 librbd::ExclusiveLock: 0x7fe30801f580 handle_init_complete
2016-08-02 14:07:34.271060 7fe2d2ffd700 10 librbd::image::RefreshRequest: 0x7fe308022590 handle_v2_init_exclusive_lock: r=0
2016-08-02 14:07:34.271063 7fe2d2ffd700 10 librbd::image::RefreshRequest: 0x7fe308022590 send_v2_apply
2016-08-02 14:07:34.271067 7fe2d2ffd700 10 librbd::image::RefreshRequest: 0x7fe308022590 handle_v2_apply
2016-08-02 14:07:34.271069 7fe2d2ffd700 20 librbd::image::RefreshRequest: 0x7fe308022590 apply
2016-08-02 14:07:34.271079 7fe2d2ffd700 10 librbd::image::OpenRequest: handle_refresh: r=0
2016-08-02 14:07:34.271084 7fe2d2ffd700 10 librbd::ImageState: 0x7fe31000fce0 handle_open: r=0
2016-08-02 14:07:34.271090 7fe2d2ffd700 20 librbd::Journal: get_tag_owner
2016-08-02 14:07:34.341461 7fe2f4ff9700 20 librbd::Journal: 0x7fe2ec007500 process: most recent journal tag: tid=2, data=[mirror_uuid=<orphan>, predecessor_mirror_uuid=0e03fa0e-b67a-4332-a578-d73531ddc988, predecessor_tag_tid=1, predecessor_entry_tid=3]
2016-08-02 14:07:34.406956 7fe2d2ffd700 20 librbd::ExclusiveLock: 0x7fe30801f580 block_requests
2016-08-02 14:07:34.406962 7fe2d2ffd700 10 librbd::ExclusiveLock: 0x7fe30801f580 request_lock
2016-08-02 14:07:34.406967 7fe2d2ffd700 10 librbd::ExclusiveLock: 0x7fe30801f580 send_acquire_lock
2016-08-02 14:07:34.406979 7fe2d2ffd700 10 librbd::exclusive_lock::AcquireRequest: send_flush_notifies
2016-08-02 14:07:34.406989 7fe2d2ffd700 10 librbd::exclusive_lock::AcquireRequest: handle_flush_notifies
2016-08-02 14:07:34.406990 7fe2d2ffd700 10 librbd::exclusive_lock::AcquireRequest: send_lock
2016-08-02 14:07:34.501348 7fe2f4ff9700 10 librbd::exclusive_lock::AcquireRequest: handle_lock: r=0
2016-08-02 14:07:34.501367 7fe2f4ff9700 10 librbd::ExclusiveLock: 0x7fe30801f580 handle_acquiring_lock
2016-08-02 14:07:34.501371 7fe2f4ff9700 10 librbd::exclusive_lock::AcquireRequest: send_open_journal
2016-08-02 14:07:34.501381 7fe2f4ff9700 5 librbd::Journal: 0x7fe30801fc50: ictx=0x7fe310011cf0
2016-08-02 14:07:34.501395 7fe2f4ff9700 20 librbd::Journal: 0x7fe30801fc50 open
2016-08-02 14:07:34.501398 7fe2f4ff9700 20 librbd::Journal: 0x7fe30801fc50 wait_for_steady_state: on_state=0x7fe3080013b0
2016-08-02 14:07:34.501400 7fe2f4ff9700 20 librbd::Journal: 0x7fe30801fc50 create_journaler
2016-08-02 14:07:34.501402 7fe2f4ff9700 20 librbd::Journal: 0x7fe30801fc50 transition_state: new state=1
2016-08-02 14:07:34.553717 7fe2d2ffd700 20 librbd::Journal: 0x7fe30801fc50 handle_initialized: r=0
2016-08-02 14:07:34.553725 7fe2d2ffd700 20 librbd::Journal: 0x7fe30801fc50 max_append_size=16777183
2016-08-02 14:07:34.553736 7fe2d2ffd700 20 librbd::Journal: 0x7fe30801fc50 handle_initialized: client: [id=, commit_position=[positions=[[object_number=1, tag_tid=0, entry_tid=1], [object_number=0, tag_tid=0, entry_tid=0]]], state=connected], image meta: [tag_class=0]
2016-08-02 14:07:34.555376 7fe2f4ff9700 20 librbd::Journal: 0x7fe2ec00d560 process: most recent journal tag: tid=2, data=[mirror_uuid=<orphan>, predecessor_mirror_uuid=0e03fa0e-b67a-4332-a578-d73531ddc988, predecessor_tag_tid=1, predecessor_entry_tid=3]
2016-08-02 14:07:34.555394 7fe2d2ffd700 20 librbd::Journal: 0x7fe30801fc50 handle_get_tags: r=0
2016-08-02 14:07:34.555397 7fe2d2ffd700 20 librbd::Journal: 0x7fe30801fc50 transition_state: new state=2
2016-08-02 14:07:34.562614 7fe2d17fa700 20 librbd::Journal: 0x7fe30801fc50 handle_replay_complete: r=0
2016-08-02 14:07:34.562631 7fe2d17fa700 20 librbd::Journal: 0x7fe30801fc50 transition_state: new state=5
2016-08-02 14:07:34.562652 7fe2d17fa700 20 librbd::Journal: 0x7fe30801fc50 handle_replay_complete: shut down replay
2016-08-02 14:07:34.562656 7fe2d17fa700 20 librbd::journal::Replay: 0x7fe2ec024950 shut_down
2016-08-02 14:07:34.562681 7fe2d2ffd700 20 librbd::Journal: 0x7fe30801fc50 handle_replay_complete: handle shut down replay
2016-08-02 14:07:34.562685 7fe2d2ffd700 20 librbd::Journal: 0x7fe30801fc50 handle_flushing_replay
2016-08-02 14:07:34.562711 7fe2d2ffd700 20 librbd::Journal: 0x7fe30801fc50 transition_state: new state=6
2016-08-02 14:07:34.562716 7fe2d2ffd700 10 librbd::exclusive_lock::AcquireRequest: handle_open_journal: r=0
2016-08-02 14:07:34.562718 7fe2d2ffd700 10 librbd::exclusive_lock::AcquireRequest: send_allocate_journal_tag
2016-08-02 14:07:34.562737 7fe323dc8700 10 librbd::exclusive_lock::AcquireRequest: handle_allocate_journal_tag: r=0
2016-08-02 14:07:34.562749 7fe2d2ffd700 10 librbd::ExclusiveLock: 0x7fe30801f580 handle_acquire_lock: r=0
2016-08-02 14:07:34.562753 7fe2d2ffd700 5 librbd::ExclusiveLock: successfully acquired exclusive lock
2016-08-02 14:07:34.562756 7fe2d2ffd700 10 librbd::ImageWatcher: 0x7fe30801ec30 notify acquired lock
2016-08-02 14:07:34.562759 7fe2d2ffd700 10 librbd::ImageWatcher: 0x7fe30801ec30 current lock owner: [4119,140613068657648]
2016-08-02 14:07:34.562785 7fe2d2ffd700 20 librbd::image_watcher::Notifier: notify: pending=1
2016-08-02 14:07:34.562871 7fe2d2ffd700 20 librbd::AioImageRequestWQ: clear_require_lock_on_read
2016-08-02 14:07:34.562890 7fe2d2ffd700 5 librbd::AioImageRequestWQ: unblock_writes: 0x7fe310011cf0, num=0
2016-08-02 14:07:34.562896 7fe2d2ffd700 20 librbd::ExclusiveLock: 0x7fe30801f580 is_lock_owner=1
2016-08-02 14:07:34.564497 7fe2f4ff9700 10 librbd::ImageWatcher: 0x7fe30801c490 C_NotifyAck start: id=73014444043, handle=140613068657648
2016-08-02 14:07:34.564505 7fe2f4ff9700 10 librbd::ImageWatcher: 0x7fe30801ec30 image exclusively locked announcement
2016-08-02 14:07:34.564507 7fe2f4ff9700 10 librbd::ImageWatcher: 0x7fe30801ec30 current lock owner: [4119,140613068657648]
2016-08-02 14:07:34.564511 7fe2f4ff9700 10 librbd::ImageWatcher: 0x7fe30801c490 C_NotifyAck finish: id=73014444043, handle=140613068657648
2016-08-02 14:07:34.564563 7fe2da7fc700 20 librbd::ImageState: close
2016-08-02 14:07:34.564567 7fe2da7fc700 10 librbd::ImageState: 0x7fe31000fce0 send_close_unlock
2016-08-02 14:07:34.564570 7fe2da7fc700 10 librbd::image::CloseRequest: 0x7fe314028520 send_shut_down_update_watchers
2016-08-02 14:07:34.564573 7fe2da7fc700 20 librbd::ImageState: shut_down_update_watchers
2016-08-02 14:07:34.564574 7fe2da7fc700 20 librbd::ImageState: ImageUpdateWatchers::shut_down
2016-08-02 14:07:34.564576 7fe2da7fc700 20 librbd::ImageState: ImageUpdateWatchers::shut_down: completing shut down
2016-08-02 14:07:34.564617 7fe2d2ffd700 10 librbd::image::CloseRequest: 0x7fe314028520 handle_shut_down_update_watchers: r=0
2016-08-02 14:07:34.564630 7fe2d2ffd700 10 librbd::image::CloseRequest: 0x7fe314028520 send_unregister_image_watcher
2016-08-02 14:07:34.564632 7fe2d2ffd700 10 librbd::ImageWatcher: 0x7fe30801ec30 unregistering image watcher
2016-08-02 14:07:34.565436 7fe2f4ff9700 20 librbd::image_watcher::Notifier: handle_notify: pending=0
2016-08-02 14:07:34.592091 7fe2d2ffd700 10 librbd::image::CloseRequest: 0x7fe314028520 handle_unregister_image_watcher: r=0
2016-08-02 14:07:34.592105 7fe2d2ffd700 10 librbd::image::CloseRequest: 0x7fe314028520 send_shut_down_aio_queue
2016-08-02 14:07:34.592110 7fe2d2ffd700 5 librbd::AioImageRequestWQ: shut_down: in_flight=0
2016-08-02 14:07:34.592117 7fe2d2ffd700 10 librbd::image::CloseRequest: 0x7fe314028520 handle_shut_down_aio_queue: r=0
2016-08-02 14:07:34.592120 7fe2d2ffd700 10 librbd::image::CloseRequest: 0x7fe314028520 send_shut_down_exclusive_lock
2016-08-02 14:07:34.592122 7fe2d2ffd700 10 librbd::ExclusiveLock: 0x7fe30801f580 shut_down
2016-08-02 14:07:34.592126 7fe2d2ffd700 10 librbd::ExclusiveLock: 0x7fe30801f580 send_shutdown
2016-08-02 14:07:34.592136 7fe2d2ffd700 10 librbd::exclusive_lock::ReleaseRequest: send_cancel_op_requests
2016-08-02 14:07:34.592139 7fe2d2ffd700 10 librbd::exclusive_lock::ReleaseRequest: handle_cancel_op_requests: r=0
2016-08-02 14:07:34.592140 7fe2d2ffd700 10 librbd::exclusive_lock::ReleaseRequest: send_block_writes
2016-08-02 14:07:34.592142 7fe2d2ffd700 20 librbd::AioImageRequestWQ: set_require_lock_on_read
2016-08-02 14:07:34.592144 7fe2d2ffd700 5 librbd::AioImageRequestWQ: block_writes: 0x7fe310011cf0, num=1
2016-08-02 14:07:34.592150 7fe2d2ffd700 10 librbd::exclusive_lock::ReleaseRequest: handle_block_writes: r=0
2016-08-02 14:07:34.592152 7fe2d2ffd700 10 librbd::exclusive_lock::ReleaseRequest: send_flush_notifies
2016-08-02 14:07:34.592155 7fe2d2ffd700 10 librbd::exclusive_lock::ReleaseRequest: handle_flush_notifies
2016-08-02 14:07:34.592156 7fe2d2ffd700 10 librbd::exclusive_lock::ReleaseRequest: send_close_journal
2016-08-02 14:07:34.592158 7fe2d2ffd700 20 librbd::Journal: 0x7fe30801fc50 close
2016-08-02 14:07:34.592161 7fe2d2ffd700 20 librbd::Journal: 0x7fe30801fc50 transition_state: new state=7
2016-08-02 14:07:34.592176 7fe2d2ffd700 20 librbd::Journal: 0x7fe30801fc50 wait_for_steady_state: on_state=0x7fe2ec00c980
2016-08-02 14:07:34.592212 7fe2d2ffd700 20 librbd::Journal: 0x7fe30801fc50 handle_recording_stopped: r=0
2016-08-02 14:07:34.592215 7fe2d2ffd700 20 librbd::Journal: 0x7fe30801fc50 destroy_journaler: r=0
2016-08-02 14:07:34.592218 7fe2d2ffd700 20 librbd::Journal: 0x7fe30801fc50 transition_state: new state=8
2016-08-02 14:07:34.625859 7fe2d2ffd700 20 librbd::Journal: 0x7fe30801fc50 handle_journal_destroyed: r=0
2016-08-02 14:07:34.625876 7fe2d2ffd700 20 librbd::Journal: 0x7fe30801fc50 transition_state: new state=9
2016-08-02 14:07:34.625882 7fe2d2ffd700 10 librbd::exclusive_lock::ReleaseRequest: handle_close_journal: r=0
2016-08-02 14:07:34.625892 7fe2d2ffd700 10 librbd::exclusive_lock::ReleaseRequest: send_unlock
2016-08-02 14:07:34.625894 7fe2d2ffd700 10 librbd::ExclusiveLock: 0x7fe30801f580 handle_shutdown_releasing: r=0
2016-08-02 14:07:34.650073 7fe2f4ff9700 10 librbd::exclusive_lock::ReleaseRequest: handle_unlock: r=0
2016-08-02 14:07:34.650110 7fe2d2ffd700 10 librbd::ExclusiveLock: 0x7fe30801f580 handle_shutdown_released: r=0
2016-08-02 14:07:34.650117 7fe2d2ffd700 20 librbd::AioImageRequestWQ: clear_require_lock_on_read
2016-08-02 14:07:34.650120 7fe2d2ffd700 5 librbd::AioImageRequestWQ: unblock_writes: 0x7fe310011cf0, num=0
2016-08-02 14:07:34.650123 7fe2d2ffd700 10 librbd::ImageWatcher: 0x7fe30801ec30 notify released lock
2016-08-02 14:07:34.650126 7fe2d2ffd700 10 librbd::ImageWatcher: 0x7fe30801ec30 current lock owner: [0,0]
2016-08-02 14:07:34.650143 7fe2d2ffd700 20 librbd::image_watcher::Notifier: notify: pending=1
2016-08-02 14:07:34.650245 7fe2d2ffd700 10 librbd::image::CloseRequest: 0x7fe314028520 handle_shut_down_exclusive_lock: r=0
2016-08-02 14:07:34.650251 7fe2d2ffd700 10 librbd::image::CloseRequest: 0x7fe314028520 send_flush_readahead
2016-08-02 14:07:34.650254 7fe2d2ffd700 10 librbd::image::CloseRequest: 0x7fe314028520 handle_flush_readahead: r=0
2016-08-02 14:07:34.650256 7fe2d2ffd700 10 librbd::image::CloseRequest: 0x7fe314028520 send_shut_down_cache
2016-08-02 14:07:34.650258 7fe2d2ffd700 10 librbd::image::CloseRequest: 0x7fe314028520 handle_shut_down_cache: r=0
2016-08-02 14:07:34.650259 7fe2d2ffd700 10 librbd::image::CloseRequest: 0x7fe314028520 send_flush_op_work_queue
2016-08-02 14:07:34.650264 7fe2d2ffd700 10 librbd::image::CloseRequest: 0x7fe314028520 handle_flush_op_work_queue: r=0
2016-08-02 14:07:34.651086 7fe2f4ff9700 20 librbd::image_watcher::Notifier: handle_notify: pending=0
2016-08-02 14:07:34.651160 7fe2d2ffd700 10 librbd::image::CloseRequest: 0x7fe314028520 handle_flush_image_watcher: r=0
2016-08-02 14:07:34.651194 7fe2d2ffd700 10 librbd::ImageState: 0x7fe31000fce0 handle_close: r=0
2016-08-02 14:07:34.685075 7fe323dc8700 20 rbd::mirror::image_replayer::BootstrapRequest::finish: r=-17
2016-08-02 14:08:04.143276 7fe2d8ff9700 5 librbd::AioImageRequestWQ: 0x7fe310016cc0 : ictx=0x7fe310016140
2016-08-02 14:08:04.143285 7fe2d8ff9700 20 librbd::ImageState: open
2016-08-02 14:08:04.143287 7fe2d8ff9700 10 librbd::ImageState: 0x7fe3100145d0 send_open_unlock
2016-08-02 14:08:04.143290 7fe2d8ff9700 10 librbd::image::OpenRequest: 0x7fe31000b1b0 send_v2_get_name
2016-08-02 14:08:04.144734 7fe2f4ff9700 10 librbd::image::OpenRequest: handle_v2_get_name: r=0
2016-08-02 14:08:04.144738 7fe2f4ff9700 10 librbd::image::OpenRequest: 0x7fe31000b1b0 send_v2_get_immutable_metadata
2016-08-02 14:08:04.146033 7fe2f4ff9700 10 librbd::image::OpenRequest: handle_v2_get_immutable_metadata: r=0
2016-08-02 14:08:04.146039 7fe2f4ff9700 10 librbd::image::OpenRequest: 0x7fe31000b1b0 send_v2_get_stripe_unit_count
2016-08-02 14:08:04.146897 7fe2f4ff9700 10 librbd::image::OpenRequest: handle_v2_get_stripe_unit_count: r=-8
2016-08-02 14:08:04.146906 7fe2f4ff9700 10 librbd::ImageCtx: init_layout stripe_unit 4194304 stripe_count 1 object_size 4194304 prefix rbd_data.1017557e0515 format rbd_data.1017557e0515.%016llx
2016-08-02 14:08:04.146908 7fe2f4ff9700 10 librbd::image::OpenRequest: 0x7fe31000b1b0 send_v2_apply_metadata: start_key=conf_
2016-08-02 14:08:04.147765 7fe2f4ff9700 10 librbd::image::OpenRequest: 0x7fe31000b1b0 handle_v2_apply_metadata: r=0
2016-08-02 14:08:04.147772 7fe2f4ff9700 20 librbd::ImageCtx: apply_metadata
2016-08-02 14:08:04.147910 7fe2f4ff9700 10 librbd::image::OpenRequest: 0x7fe31000b1b0 send_register_watch
2016-08-02 14:08:04.147918 7fe2f4ff9700 10 librbd::ImageWatcher: 0x7fe3080239a0 registering image watcher
2016-08-02 14:08:05.204183 7fe2f4ff9700 10 librbd::image::OpenRequest: 0x7fe31000b1b0 handle_register_watch: r=0
2016-08-02 14:08:05.204190 7fe2f4ff9700 10 librbd::image::OpenRequest: 0x7fe31000b1b0 send_refresh
2016-08-02 14:08:05.204192 7fe2f4ff9700 10 librbd::image::RefreshRequest: 0x7fe3080282f0 send_v2_get_mutable_metadata
2016-08-02 14:08:05.206141 7fe2f4ff9700 10 librbd::image::RefreshRequest: 0x7fe3080282f0 handle_v2_get_mutable_metadata: r=0
2016-08-02 14:08:05.206153 7fe2f4ff9700 10 librbd::image::RefreshRequest: 0x7fe3080282f0 send_v2_get_flags
2016-08-02 14:08:05.207207 7fe2f4ff9700 10 librbd::image::RefreshRequest: 0x7fe3080282f0 handle_v2_get_flags: r=0
2016-08-02 14:08:05.207213 7fe2f4ff9700 10 librbd::image::RefreshRequest: 0x7fe3080282f0 send_v2_init_exclusive_lock
2016-08-02 14:08:05.207221 7fe2f4ff9700 10 librbd::ExclusiveLock: 0x7fe30800fec0 init
2016-08-02 14:08:05.207223 7fe2f4ff9700 5 librbd::AioImageRequestWQ: block_writes: 0x7fe310016140, num=1
2016-08-02 14:08:05.207229 7fe2f4ff9700 20 librbd::AioImageRequestWQ: set_require_lock_on_read
2016-08-02 14:08:05.207240 7fe2d2ffd700 10 librbd::ExclusiveLock: 0x7fe30800fec0 handle_init_complete
2016-08-02 14:08:05.207243 7fe2d2ffd700 10 librbd::image::RefreshRequest: 0x7fe3080282f0 handle_v2_init_exclusive_lock: r=0
2016-08-02 14:08:05.207245 7fe2d2ffd700 10 librbd::image::RefreshRequest: 0x7fe3080282f0 send_v2_apply
2016-08-02 14:08:05.207249 7fe2d2ffd700 10 librbd::image::RefreshRequest: 0x7fe3080282f0 handle_v2_apply
2016-08-02 14:08:05.207251 7fe2d2ffd700 20 librbd::image::RefreshRequest: 0x7fe3080282f0 apply
2016-08-02 14:08:05.207258 7fe2d2ffd700 10 librbd::image::OpenRequest: handle_refresh: r=0
2016-08-02 14:08:05.207262 7fe2d2ffd700 10 librbd::ImageState: 0x7fe3100145d0 handle_open: r=0
2016-08-02 14:08:05.207267 7fe2d2ffd700 20 librbd::Journal: get_tag_owner
2016-08-02 14:08:05.255049 7fe2f4ff9700 20 librbd::Journal: 0x7fe2ec02a3d0 process: most recent journal tag: tid=2, data=[mirror_uuid=<orphan>, predecessor_mirror_uuid=0e03fa0e-b67a-4332-a578-d73531ddc988, predecessor_tag_tid=1, predecessor_entry_tid=3]
2016-08-02 14:08:05.370131 7fe2d2ffd700 20 librbd::ExclusiveLock: 0x7fe30800fec0 block_requests
2016-08-02 14:08:05.370141 7fe2d2ffd700 10 librbd::ExclusiveLock: 0x7fe30800fec0 request_lock
2016-08-02 14:08:05.370145 7fe2d2ffd700 10 librbd::ExclusiveLock: 0x7fe30800fec0 send_acquire_lock
2016-08-02 14:08:05.370152 7fe2d2ffd700 10 librbd::exclusive_lock::AcquireRequest: send_flush_notifies
2016-08-02 14:08:05.370159 7fe2d2ffd700 10 librbd::exclusive_lock::AcquireRequest: handle_flush_notifies
2016-08-02 14:08:05.370161 7fe2d2ffd700 10 librbd::exclusive_lock::AcquireRequest: send_lock
2016-08-02 14:08:05.569110 7fe2f4ff9700 10 librbd::exclusive_lock::AcquireRequest: handle_lock: r=0
2016-08-02 14:08:05.569118 7fe2f4ff9700 10 librbd::ExclusiveLock: 0x7fe30800fec0 handle_acquiring_lock
2016-08-02 14:08:05.569121 7fe2f4ff9700 10 librbd::exclusive_lock::AcquireRequest: send_open_journal
2016-08-02 14:08:05.569127 7fe2f4ff9700 5 librbd::Journal: 0x7fe30802bb20: ictx=0x7fe310016140
2016-08-02 14:08:05.569135 7fe2f4ff9700 20 librbd::Journal: 0x7fe30802bb20 open
2016-08-02 14:08:05.569137 7fe2f4ff9700 20 librbd::Journal: 0x7fe30802bb20 wait_for_steady_state: on_state=0x7fe308015b80
2016-08-02 14:08:05.569140 7fe2f4ff9700 20 librbd::Journal: 0x7fe30802bb20 create_journaler
2016-08-02 14:08:05.569141 7fe2f4ff9700 20 librbd::Journal: 0x7fe30802bb20 transition_state: new state=1
2016-08-02 14:08:05.636620 7fe2d2ffd700 20 librbd::Journal: 0x7fe30802bb20 handle_initialized: r=0
2016-08-02 14:08:05.636630 7fe2d2ffd700 20 librbd::Journal: 0x7fe30802bb20 max_append_size=16777183
2016-08-02 14:08:05.636640 7fe2d2ffd700 20 librbd::Journal: 0x7fe30802bb20 handle_initialized: client: [id=, commit_position=[positions=[[object_number=1, tag_tid=0, entry_tid=1], [object_number=0, tag_tid=0, entry_tid=0]]], state=connected], image meta: [tag_class=0]
2016-08-02 14:08:05.638536 7fe2f4ff9700 20 librbd::Journal: 0x7fe2ec003590 process: most recent journal tag: tid=2, data=[mirror_uuid=<orphan>, predecessor_mirror_uuid=0e03fa0e-b67a-4332-a578-d73531ddc988, predecessor_tag_tid=1, predecessor_entry_tid=3]
2016-08-02 14:08:05.638561 7fe2d2ffd700 20 librbd::Journal: 0x7fe30802bb20 handle_get_tags: r=0
2016-08-02 14:08:05.638566 7fe2d2ffd700 20 librbd::Journal: 0x7fe30802bb20 transition_state: new state=2
2016-08-02 14:08:05.644537 7fe2d17fa700 20 librbd::Journal: 0x7fe30802bb20 handle_replay_complete: r=0
2016-08-02 14:08:05.644542 7fe2d17fa700 20 librbd::Journal: 0x7fe30802bb20 transition_state: new state=5
2016-08-02 14:08:05.644555 7fe2d17fa700 20 librbd::Journal: 0x7fe30802bb20 handle_replay_complete: shut down replay
2016-08-02 14:08:05.644557 7fe2d17fa700 20 librbd::journal::Replay: 0x7fe2ec02f2b0 shut_down
2016-08-02 14:08:05.644577 7fe2d2ffd700 20 librbd::Journal: 0x7fe30802bb20 handle_replay_complete: handle shut down replay
2016-08-02 14:08:05.644581 7fe2d2ffd700 20 librbd::Journal: 0x7fe30802bb20 handle_flushing_replay
2016-08-02 14:08:05.644605 7fe2d2ffd700 20 librbd::Journal: 0x7fe30802bb20 transition_state: new state=6
2016-08-02 14:08:05.644609 7fe2d2ffd700 10 librbd::exclusive_lock::AcquireRequest: handle_open_journal: r=0
2016-08-02 14:08:05.644611 7fe2d2ffd700 10 librbd::exclusive_lock::AcquireRequest: send_allocate_journal_tag
2016-08-02 14:08:05.644630 7fe323dc8700 10 librbd::exclusive_lock::AcquireRequest: handle_allocate_journal_tag: r=0
2016-08-02 14:08:05.644645 7fe2d2ffd700 10 librbd::ExclusiveLock: 0x7fe30800fec0 handle_acquire_lock: r=0
2016-08-02 14:08:05.644648 7fe2d2ffd700 5 librbd::ExclusiveLock: successfully acquired exclusive lock
2016-08-02 14:08:05.644649 7fe2d2ffd700 10 librbd::ImageWatcher: 0x7fe3080239a0 notify acquired lock
2016-08-02 14:08:05.644651 7fe2d2ffd700 10 librbd::ImageWatcher: 0x7fe3080239a0 current lock owner: [4119,140613068660912]
2016-08-02 14:08:05.644667 7fe2d2ffd700 20 librbd::image_watcher::Notifier: notify: pending=1
2016-08-02 14:08:05.644719 7fe2d2ffd700 20 librbd::AioImageRequestWQ: clear_require_lock_on_read
2016-08-02 14:08:05.644723 7fe2d2ffd700 5 librbd::AioImageRequestWQ: unblock_writes: 0x7fe310016140, num=0
2016-08-02 14:08:05.644727 7fe2d2ffd700 20 librbd::ExclusiveLock: 0x7fe30800fec0 is_lock_owner=1
2016-08-02 14:08:05.646041 7fe2da7fc700 20 librbd::ImageState: close
2016-08-02 14:08:05.646045 7fe2da7fc700 10 librbd::ImageState: 0x7fe3100145d0 send_close_unlock
2016-08-02 14:08:05.646047 7fe2da7fc700 10 librbd::image::CloseRequest: 0x7fe314027c20 send_shut_down_update_watchers
2016-08-02 14:08:05.646049 7fe2da7fc700 20 librbd::ImageState: shut_down_update_watchers
2016-08-02 14:08:05.646051 7fe2da7fc700 20 librbd::ImageState: ImageUpdateWatchers::shut_down
2016-08-02 14:08:05.646052 7fe2da7fc700 20 librbd::ImageState: ImageUpdateWatchers::shut_down: completing shut down
2016-08-02 14:08:05.646116 7fe2f4ff9700 10 librbd::ImageWatcher: 0x7fe308011a90 C_NotifyAck start: id=73014444045, handle=140613068660912
2016-08-02 14:08:05.646120 7fe2f4ff9700 10 librbd::ImageWatcher: 0x7fe3080239a0 image exclusively locked announcement
2016-08-02 14:08:05.646121 7fe2f4ff9700 10 librbd::ImageWatcher: 0x7fe3080239a0 current lock owner: [4119,140613068660912]
2016-08-02 14:08:05.646123 7fe2f4ff9700 10 librbd::ImageWatcher: 0x7fe308011a90 C_NotifyAck finish: id=73014444045, handle=140613068660912
2016-08-02 14:08:05.646215 7fe2d2ffd700 10 librbd::image::CloseRequest: 0x7fe314027c20 handle_shut_down_update_watchers: r=0
2016-08-02 14:08:05.646220 7fe2d2ffd700 10 librbd::image::CloseRequest: 0x7fe314027c20 send_unregister_image_watcher
2016-08-02 14:08:05.646222 7fe2d2ffd700 10 librbd::ImageWatcher: 0x7fe3080239a0 unregistering image watcher
2016-08-02 14:08:05.647384 7fe2f4ff9700 20 librbd::image_watcher::Notifier: handle_notify: pending=0
2016-08-02 14:08:05.878116 7fe2d2ffd700 10 librbd::image::CloseRequest: 0x7fe314027c20 handle_unregister_image_watcher: r=0
2016-08-02 14:08:05.878126 7fe2d2ffd700 10 librbd::image::CloseRequest: 0x7fe314027c20 send_shut_down_aio_queue
2016-08-02 14:08:05.878128 7fe2d2ffd700 5 librbd::AioImageRequestWQ: shut_down: in_flight=0
2016-08-02 14:08:05.878131 7fe2d2ffd700 10 librbd::image::CloseRequest: 0x7fe314027c20 handle_shut_down_aio_queue: r=0
2016-08-02 14:08:05.878134 7fe2d2ffd700 10 librbd::image::CloseRequest: 0x7fe314027c20 send_shut_down_exclusive_lock
2016-08-02 14:08:05.878136 7fe2d2ffd700 10 librbd::ExclusiveLock: 0x7fe30800fec0 shut_down
2016-08-02 14:08:05.878138 7fe2d2ffd700 10 librbd::ExclusiveLock: 0x7fe30800fec0 send_shutdown
2016-08-02 14:08:05.878144 7fe2d2ffd700 10 librbd::exclusive_lock::ReleaseRequest: send_cancel_op_requests
2016-08-02 14:08:05.878146 7fe2d2ffd700 10 librbd::exclusive_lock::ReleaseRequest: handle_cancel_op_requests: r=0
2016-08-02 14:08:05.878147 7fe2d2ffd700 10 librbd::exclusive_lock::ReleaseRequest: send_block_writes
2016-08-02 14:08:05.878149 7fe2d2ffd700 20 librbd::AioImageRequestWQ: set_require_lock_on_read
2016-08-02 14:08:05.878150 7fe2d2ffd700 5 librbd::AioImageRequestWQ: block_writes: 0x7fe310016140, num=1
2016-08-02 14:08:05.878153 7fe2d2ffd700 10 librbd::exclusive_lock::ReleaseRequest: handle_block_writes: r=0
2016-08-02 14:08:05.878154 7fe2d2ffd700 10 librbd::exclusive_lock::ReleaseRequest: send_flush_notifies
2016-08-02 14:08:05.878156 7fe2d2ffd700 10 librbd::exclusive_lock::ReleaseRequest: handle_flush_notifies
2016-08-02 14:08:05.878158 7fe2d2ffd700 10 librbd::exclusive_lock::ReleaseRequest: send_close_journal
2016-08-02 14:08:05.878159 7fe2d2ffd700 20 librbd::Journal: 0x7fe30802bb20 close
2016-08-02 14:08:05.878161 7fe2d2ffd700 20 librbd::Journal: 0x7fe30802bb20 transition_state: new state=7
2016-08-02 14:08:05.878168 7fe2d2ffd700 20 librbd::Journal: 0x7fe30802bb20 wait_for_steady_state: on_state=0x7fe2ec02ae40
2016-08-02 14:08:05.878185 7fe2d2ffd700 20 librbd::Journal: 0x7fe30802bb20 handle_recording_stopped: r=0
2016-08-02 14:08:05.878187 7fe2d2ffd700 20 librbd::Journal: 0x7fe30802bb20 destroy_journaler: r=0
2016-08-02 14:08:05.878188 7fe2d2ffd700 20 librbd::Journal: 0x7fe30802bb20 transition_state: new state=8
2016-08-02 14:08:06.616185 7fe2d2ffd700 20 librbd::Journal: 0x7fe30802bb20 handle_journal_destroyed: r=0
2016-08-02 14:08:06.616197 7fe2d2ffd700 20 librbd::Journal: 0x7fe30802bb20 transition_state: new state=9
2016-08-02 14:08:06.616201 7fe2d2ffd700 10 librbd::exclusive_lock::ReleaseRequest: handle_close_journal: r=0
2016-08-02 14:08:06.616207 7fe2d2ffd700 10 librbd::exclusive_lock::ReleaseRequest: send_unlock
2016-08-02 14:08:06.616209 7fe2d2ffd700 10 librbd::ExclusiveLock: 0x7fe30800fec0 handle_shutdown_releasing: r=0
2016-08-02 14:08:06.966429 7fe2f4ff9700 10 librbd::exclusive_lock::ReleaseRequest: handle_unlock: r=0
2016-08-02 14:08:06.966478 7fe2d2ffd700 10 librbd::ExclusiveLock: 0x7fe30800fec0 handle_shutdown_released: r=0
2016-08-02 14:08:06.966484 7fe2d2ffd700 20 librbd::AioImageRequestWQ: clear_require_lock_on_read
2016-08-02 14:08:06.966486 7fe2d2ffd700 5 librbd::AioImageRequestWQ: unblock_writes: 0x7fe310016140, num=0
2016-08-02 14:08:06.966488 7fe2d2ffd700 10 librbd::ImageWatcher: 0x7fe3080239a0 notify released lock
2016-08-02 14:08:06.966490 7fe2d2ffd700 10 librbd::ImageWatcher: 0x7fe3080239a0 current lock owner: [0,0]
2016-08-02 14:08:06.966503 7fe2d2ffd700 20 librbd::image_watcher::Notifier: notify: pending=1
2016-08-02 14:08:06.966588 7fe2d2ffd700 10 librbd::image::CloseRequest: 0x7fe314027c20 handle_shut_down_exclusive_lock: r=0
2016-08-02 14:08:06.966592 7fe2d2ffd700 10 librbd::image::CloseRequest: 0x7fe314027c20 send_flush_readahead
2016-08-02 14:08:06.966595 7fe2d2ffd700 10 librbd::image::CloseRequest: 0x7fe314027c20 handle_flush_readahead: r=0
2016-08-02 14:08:06.966596 7fe2d2ffd700 10 librbd::image::CloseRequest: 0x7fe314027c20 send_shut_down_cache
2016-08-02 14:08:06.966598 7fe2d2ffd700 10 librbd::image::CloseRequest: 0x7fe314027c20 handle_shut_down_cache: r=0
2016-08-02 14:08:06.966599 7fe2d2ffd700 10 librbd::image::CloseRequest: 0x7fe314027c20 send_flush_op_work_queue
2016-08-02 14:08:06.966603 7fe2d2ffd700 10 librbd::image::CloseRequest: 0x7fe314027c20 handle_flush_op_work_queue: r=0
2016-08-02 14:08:06.967686 7fe2f4ff9700 20 librbd::image_watcher::Notifier: handle_notify: pending=0
2016-08-02 14:08:06.967714 7fe2d2ffd700 10 librbd::image::CloseRequest: 0x7fe314027c20 handle_flush_image_watcher: r=0
2016-08-02 14:08:06.967735 7fe2d2ffd700 10 librbd::ImageState: 0x7fe3100145d0 handle_close: r=0
2016-08-02 14:08:07.234558 7fe323dc8700 20 rbd::mirror::image_replayer::BootstrapRequest::finish: r=-17
2016-08-02 14:08:33.323119 7fe2d8ff9700 5 librbd::AioImageRequestWQ: 0x7fe31001a260 : ictx=0x7fe3100184a0
2016-08-02 14:08:33.323131 7fe2d8ff9700 20 librbd::ImageState: open
2016-08-02 14:08:33.323135 7fe2d8ff9700 10 librbd::ImageState: 0x7fe31000c030 send_open_unlock
2016-08-02 14:08:33.323138 7fe2d8ff9700 10 librbd::image::OpenRequest: 0x7fe31000a2a0 send_v2_get_name
2016-08-02 14:08:33.324698 7fe2f4ff9700 10 librbd::image::OpenRequest: handle_v2_get_name: r=0
2016-08-02 14:08:33.324703 7fe2f4ff9700 10 librbd::image::OpenRequest: 0x7fe31000a2a0 send_v2_get_immutable_metadata
2016-08-02 14:08:33.326015 7fe2f4ff9700 10 librbd::image::OpenRequest: handle_v2_get_immutable_metadata: r=0
2016-08-02 14:08:33.326019 7fe2f4ff9700 10 librbd::image::OpenRequest: 0x7fe31000a2a0 send_v2_get_stripe_unit_count
2016-08-02 14:08:33.327170 7fe2f4ff9700 10 librbd::image::OpenRequest: handle_v2_get_stripe_unit_count: r=-8
2016-08-02 14:08:33.327177 7fe2f4ff9700 10 librbd::ImageCtx: init_layout stripe_unit 4194304 stripe_count 1 object_size 4194304 prefix rbd_data.1017557e0515 format rbd_data.1017557e0515.%016llx
2016-08-02 14:08:33.327179 7fe2f4ff9700 10 librbd::image::OpenRequest: 0x7fe31000a2a0 send_v2_apply_metadata: start_key=conf_
2016-08-02 14:08:33.328074 7fe2f4ff9700 10 librbd::image::OpenRequest: 0x7fe31000a2a0 handle_v2_apply_metadata: r=0
2016-08-02 14:08:33.328079 7fe2f4ff9700 20 librbd::ImageCtx: apply_metadata
2016-08-02 14:08:33.328233 7fe2f4ff9700 10 librbd::image::OpenRequest: 0x7fe31000a2a0 send_register_watch
2016-08-02 14:08:33.328243 7fe2f4ff9700 10 librbd::ImageWatcher: 0x7fe308029770 registering image watcher
2016-08-02 14:08:33.601919 7fe2f4ff9700 10 librbd::image::OpenRequest: 0x7fe31000a2a0 handle_register_watch: r=0
2016-08-02 14:08:33.601930 7fe2f4ff9700 10 librbd::image::OpenRequest: 0x7fe31000a2a0 send_refresh
2016-08-02 14:08:33.601934 7fe2f4ff9700 10 librbd::image::RefreshRequest: 0x7fe308027fa0 send_v2_get_mutable_metadata
2016-08-02 14:08:33.604553 7fe2f4ff9700 10 librbd::image::RefreshRequest: 0x7fe308027fa0 handle_v2_get_mutable_metadata: r=0
2016-08-02 14:08:33.604570 7fe2f4ff9700 10 librbd::image::RefreshRequest: 0x7fe308027fa0 send_v2_get_flags
2016-08-02 14:08:33.605920 7fe2f4ff9700 10 librbd::image::RefreshRequest: 0x7fe308027fa0 handle_v2_get_flags: r=0
2016-08-02 14:08:33.605934 7fe2f4ff9700 10 librbd::image::RefreshRequest: 0x7fe308027fa0 send_v2_init_exclusive_lock
2016-08-02 14:08:33.605944 7fe2f4ff9700 10 librbd::ExclusiveLock: 0x7fe3080159c0 init
2016-08-02 14:08:33.605947 7fe2f4ff9700 5 librbd::AioImageRequestWQ: block_writes: 0x7fe3100184a0, num=1
2016-08-02 14:08:33.605956 7fe2f4ff9700 20 librbd::AioImageRequestWQ: set_require_lock_on_read
2016-08-02 14:08:33.605970 7fe2d2ffd700 10 librbd::ExclusiveLock: 0x7fe3080159c0 handle_init_complete
2016-08-02 14:08:33.605974 7fe2d2ffd700 10 librbd::image::RefreshRequest: 0x7fe308027fa0 handle_v2_init_exclusive_lock: r=0
2016-08-02 14:08:33.605977 7fe2d2ffd700 10 librbd::image::RefreshRequest: 0x7fe308027fa0 send_v2_apply
2016-08-02 14:08:33.605981 7fe2d2ffd700 10 librbd::image::RefreshRequest: 0x7fe308027fa0 handle_v2_apply
2016-08-02 14:08:33.605983 7fe2d2ffd700 20 librbd::image::RefreshRequest: 0x7fe308027fa0 apply
2016-08-02 14:08:33.605994 7fe2d2ffd700 10 librbd::image::OpenRequest: handle_refresh: r=0
2016-08-02 14:08:33.606002 7fe2d2ffd700 10 librbd::ImageState: 0x7fe31000c030 handle_open: r=0
2016-08-02 14:08:33.606010 7fe2d2ffd700 20 librbd::Journal: get_tag_owner
2016-08-02 14:08:34.004104 7fe2f4ff9700 20 librbd::Journal: 0x7fe2ec030240 process: most recent journal tag: tid=2, data=[mirror_uuid=<orphan>, predecessor_mirror_uuid=0e03fa0e-b67a-4332-a578-d73531ddc988, predecessor_tag_tid=1, predecessor_entry_tid=3]
2016-08-02 14:08:35.103561 7fe2d2ffd700 20 librbd::ExclusiveLock: 0x7fe3080159c0 block_requests
2016-08-02 14:08:35.103565 7fe2d2ffd700 10 librbd::ExclusiveLock: 0x7fe3080159c0 request_lock
2016-08-02 14:08:35.103569 7fe2d2ffd700 10 librbd::ExclusiveLock: 0x7fe3080159c0 send_acquire_lock
2016-08-02 14:08:35.103578 7fe2d2ffd700 10 librbd::exclusive_lock::AcquireRequest: send_flush_notifies
2016-08-02 14:08:35.103588 7fe2d2ffd700 10 librbd::exclusive_lock::AcquireRequest: handle_flush_notifies
2016-08-02 14:08:35.103589 7fe2d2ffd700 10 librbd::exclusive_lock::AcquireRequest: send_lock
2016-08-02 14:08:35.269596 7fe2f4ff9700 10 librbd::exclusive_lock::AcquireRequest: handle_lock: r=0
2016-08-02 14:08:35.269614 7fe2f4ff9700 10 librbd::ExclusiveLock: 0x7fe3080159c0 handle_acquiring_lock
2016-08-02 14:08:35.269617 7fe2f4ff9700 10 librbd::exclusive_lock::AcquireRequest: send_open_journal
2016-08-02 14:08:35.269624 7fe2f4ff9700 5 librbd::Journal: 0x7fe30802aa30: ictx=0x7fe3100184a0
2016-08-02 14:08:35.269633 7fe2f4ff9700 20 librbd::Journal: 0x7fe30802aa30 open
2016-08-02 14:08:35.269635 7fe2f4ff9700 20 librbd::Journal: 0x7fe30802aa30 wait_for_steady_state: on_state=0x7fe308015b80
2016-08-02 14:08:35.269637 7fe2f4ff9700 20 librbd::Journal: 0x7fe30802aa30 create_journaler
2016-08-02 14:08:35.269638 7fe2f4ff9700 20 librbd::Journal: 0x7fe30802aa30 transition_state: new state=1
2016-08-02 14:08:35.461936 7fe2d2ffd700 20 librbd::Journal: 0x7fe30802aa30 handle_initialized: r=0
2016-08-02 14:08:35.461942 7fe2d2ffd700 20 librbd::Journal: 0x7fe30802aa30 max_append_size=16777183
2016-08-02 14:08:35.461950 7fe2d2ffd700 20 librbd::Journal: 0x7fe30802aa30 handle_initialized: client: [id=, commit_position=[positions=[[object_number=1, tag_tid=0, entry_tid=1], [object_number=0, tag_tid=0, entry_tid=0]]], state=connected], image meta: [tag_class=0]
2016-08-02 14:08:35.463263 7fe2f4ff9700 20 librbd::Journal: 0x7fe2ec02b910 process: most recent journal tag: tid=2, data=[mirror_uuid=<orphan>, predecessor_mirror_uuid=0e03fa0e-b67a-4332-a578-d73531ddc988, predecessor_tag_tid=1, predecessor_entry_tid=3]
2016-08-02 14:08:35.463289 7fe2d2ffd700 20 librbd::Journal: 0x7fe30802aa30 handle_get_tags: r=0
2016-08-02 14:08:35.463294 7fe2d2ffd700 20 librbd::Journal: 0x7fe30802aa30 transition_state: new state=2
2016-08-02 14:08:35.466957 7fe2d17fa700 20 librbd::Journal: 0x7fe30802aa30 handle_replay_complete: r=0
2016-08-02 14:08:35.466962 7fe2d17fa700 20 librbd::Journal: 0x7fe30802aa30 transition_state: new state=5
2016-08-02 14:08:35.466973 7fe2d17fa700 20 librbd::Journal: 0x7fe30802aa30 handle_replay_complete: shut down replay
2016-08-02 14:08:35.466975 7fe2d17fa700 20 librbd::journal::Replay: 0x7fe2ec037200 shut_down
2016-08-02 14:08:35.467018 7fe2d2ffd700 20 librbd::Journal: 0x7fe30802aa30 handle_replay_complete: handle shut down replay
2016-08-02 14:08:35.467022 7fe2d2ffd700 20 librbd::Journal: 0x7fe30802aa30 handle_flushing_replay
2016-08-02 14:08:35.467037 7fe2d2ffd700 20 librbd::Journal: 0x7fe30802aa30 transition_state: new state=6
2016-08-02 14:08:35.467041 7fe2d2ffd700 10 librbd::exclusive_lock::AcquireRequest: handle_open_journal: r=0
2016-08-02 14:08:35.467043 7fe2d2ffd700 10 librbd::exclusive_lock::AcquireRequest: send_allocate_journal_tag
2016-08-02 14:08:35.467084 7fe323dc8700 10 librbd::exclusive_lock::AcquireRequest: handle_allocate_journal_tag: r=0
2016-08-02 14:08:35.467153 7fe2d2ffd700 10 librbd::ExclusiveLock: 0x7fe3080159c0 handle_acquire_lock: r=0
2016-08-02 14:08:35.467158 7fe2d2ffd700 5 librbd::ExclusiveLock: successfully acquired exclusive lock
2016-08-02 14:08:35.467161 7fe2d2ffd700 10 librbd::ImageWatcher: 0x7fe308029770 notify acquired lock
2016-08-02 14:08:35.467165 7fe2d2ffd700 10 librbd::ImageWatcher: 0x7fe308029770 current lock owner: [4119,140613068684368]
2016-08-02 14:08:35.467199 7fe2d2ffd700 20 librbd::image_watcher::Notifier: notify: pending=1
2016-08-02 14:08:35.467287 7fe2d2ffd700 20 librbd::AioImageRequestWQ: clear_require_lock_on_read
2016-08-02 14:08:35.467290 7fe2d2ffd700 5 librbd::AioImageRequestWQ: unblock_writes: 0x7fe3100184a0, num=0
2016-08-02 14:08:35.467294 7fe2d2ffd700 20 librbd::ExclusiveLock: 0x7fe3080159c0 is_lock_owner=1
2016-08-02 14:08:35.468850 7fe2da7fc700 20 librbd::ImageState: close
2016-08-02 14:08:35.468855 7fe2da7fc700 10 librbd::ImageState: 0x7fe31000c030 send_close_unlock
2016-08-02 14:08:35.468858 7fe2da7fc700 10 librbd::image::CloseRequest: 0x7fe31401e110 send_shut_down_update_watchers
2016-08-02 14:08:35.468861 7fe2da7fc700 20 librbd::ImageState: shut_down_update_watchers
2016-08-02 14:08:35.468862 7fe2da7fc700 20 librbd::ImageState: ImageUpdateWatchers::shut_down
2016-08-02 14:08:35.468864 7fe2da7fc700 20 librbd::ImageState: ImageUpdateWatchers::shut_down: completing shut down
2016-08-02 14:08:35.468921 7fe2d2ffd700 10 librbd::image::CloseRequest: 0x7fe31401e110 handle_shut_down_update_watchers: r=0
2016-08-02 14:08:35.468926 7fe2d2ffd700 10 librbd::image::CloseRequest: 0x7fe31401e110 send_unregister_image_watcher
2016-08-02 14:08:35.468927 7fe2d2ffd700 10 librbd::ImageWatcher: 0x7fe308029770 unregistering image watcher
2016-08-02 14:08:35.557893 7fe2f4ff9700 10 librbd::ImageWatcher: 0x7fe3080230b0 C_NotifyAck start: id=73014444047, handle=140613068684368
2016-08-02 14:08:35.557897 7fe2f4ff9700 10 librbd::ImageWatcher: 0x7fe308029770 image exclusively locked announcement
2016-08-02 14:08:35.557899 7fe2f4ff9700 10 librbd::ImageWatcher: 0x7fe308029770 current lock owner: [4119,140613068684368]
2016-08-02 14:08:35.557902 7fe2f4ff9700 10 librbd::ImageWatcher: 0x7fe3080230b0 C_NotifyAck finish: id=73014444047, handle=140613068684368
2016-08-02 14:08:35.723093 7fe2d2ffd700 10 librbd::image::CloseRequest: 0x7fe31401e110 handle_unregister_image_watcher: r=0
2016-08-02 14:08:35.723100 7fe2d2ffd700 10 librbd::image::CloseRequest: 0x7fe31401e110 send_shut_down_aio_queue
2016-08-02 14:08:35.723103 7fe2d2ffd700 5 librbd::AioImageRequestWQ: shut_down: in_flight=0
2016-08-02 14:08:35.723107 7fe2d2ffd700 10 librbd::image::CloseRequest: 0x7fe31401e110 handle_shut_down_aio_queue: r=0
2016-08-02 14:08:35.723109 7fe2d2ffd700 10 librbd::image::CloseRequest: 0x7fe31401e110 send_shut_down_exclusive_lock
2016-08-02 14:08:35.723111 7fe2d2ffd700 10 librbd::ExclusiveLock: 0x7fe3080159c0 shut_down
2016-08-02 14:08:35.723114 7fe2d2ffd700 10 librbd::ExclusiveLock: 0x7fe3080159c0 send_shutdown
2016-08-02 14:08:35.723121 7fe2d2ffd700 10 librbd::exclusive_lock::ReleaseRequest: send_cancel_op_requests
2016-08-02 14:08:35.723122 7fe2d2ffd700 10 librbd::exclusive_lock::ReleaseRequest: handle_cancel_op_requests: r=0
2016-08-02 14:08:35.723123 7fe2d2ffd700 10 librbd::exclusive_lock::ReleaseRequest: send_block_writes
2016-08-02 14:08:35.723125 7fe2d2ffd700 20 librbd::AioImageRequestWQ: set_require_lock_on_read
2016-08-02 14:08:35.723127 7fe2d2ffd700 5 librbd::AioImageRequestWQ: block_writes: 0x7fe3100184a0, num=1
2016-08-02 14:08:35.723135 7fe2d2ffd700 10 librbd::exclusive_lock::ReleaseRequest: handle_block_writes: r=0
2016-08-02 14:08:35.723137 7fe2d2ffd700 10 librbd::exclusive_lock::ReleaseRequest: send_flush_notifies
2016-08-02 14:08:35.723516 7fe2f4ff9700 20 librbd::image_watcher::Notifier: handle_notify: pending=0
2016-08-02 14:08:35.723545 7fe2d2ffd700 10 librbd::exclusive_lock::ReleaseRequest: handle_flush_notifies
2016-08-02 14:08:35.723550 7fe2d2ffd700 10 librbd::exclusive_lock::ReleaseRequest: send_close_journal
2016-08-02 14:08:35.723552 7fe2d2ffd700 20 librbd::Journal: 0x7fe30802aa30 close
2016-08-02 14:08:35.723554 7fe2d2ffd700 20 librbd::Journal: 0x7fe30802aa30 transition_state: new state=7
2016-08-02 14:08:35.723569 7fe2d2ffd700 20 librbd::Journal: 0x7fe30802aa30 wait_for_steady_state: on_state=0x7fe2ec020cc0
2016-08-02 14:08:35.723606 7fe2d2ffd700 20 librbd::Journal: 0x7fe30802aa30 handle_recording_stopped: r=0
2016-08-02 14:08:35.723623 7fe2d2ffd700 20 librbd::Journal: 0x7fe30802aa30 destroy_journaler: r=0
2016-08-02 14:08:35.723626 7fe2d2ffd700 20 librbd::Journal: 0x7fe30802aa30 transition_state: new state=8
2016-08-02 14:08:35.754988 7fe2d2ffd700 20 librbd::Journal: 0x7fe30802aa30 handle_journal_destroyed: r=0
2016-08-02 14:08:35.754994 7fe2d2ffd700 20 librbd::Journal: 0x7fe30802aa30 transition_state: new state=9
