Project

General

Profile

Bug #16855 » cluster1-client.mirror.3772.log

de lan, 08/02/2016 06:20 AM

 
2016-08-02 14:04:02.987387 7fe332070c00 -1 asok(0x9db5ae0) AdminSocketConfigObs::init: failed: AdminSocket::bind_and_listen: failed to bind the UNIX domain socket to '/var/run/ceph/cluster1-client.mirror.asok': (17) File exists
2016-08-02 14:04:03.003727 7fe332070c00 20 librbd: mirror_mode_get
2016-08-02 14:05:03.019573 7fe2d97fa700 5 librbd::ObjectWatcher: rbd_mirroring: register_watch
2016-08-02 14:05:03.171199 7fe2f4ff9700 20 librbd::ObjectWatcher: rbd_mirroring: handle_register_watch: r=0
2016-08-02 14:05:07.994148 7fe31c3b0700 0 -- 192.168.34.135:0/472585458 >> 192.168.34.120:6808/19668 pipe(0x9e071c0 sd=26 :53088 s=2 pgs=15 cs=1 l=1 c=0x9e02de0).injecting socket failure
2016-08-02 14:05:08.537440 7fe323dc8700 2 librbd: adding rbd image to directory...
2016-08-02 14:05:09.079230 7fe323dc8700 20 librbd: mirror_mode_get
2016-08-02 14:05:09.081789 7fe323dc8700 5 librbd::Journal: create: image=1017557e0515
2016-08-02 14:05:09.370207 7fe2e06f7700 0 -- 192.168.34.135:0/472585458 >> 192.168.34.120:6808/19668 pipe(0x7fe2e800d1b0 sd=32 :53192 s=1 pgs=0 cs=0 l=1 c=0x7fe2e800b7e0).fault
2016-08-02 14:05:09.504726 7fe323dc8700 20 librbd::MirroringWatcher:
2016-08-02 14:05:09.505870 7fe2f4ff9700 15 librbd::ObjectWatcher: rbd_mirroring: acknowledge_notify: notify_id=64424509442, handle=140612800109120
2016-08-02 14:05:09.506769 7fe323dc8700 20 librbd: image mirroring is enabled: global_id=fd46cf0a-e97f-46e9-8599-25c20dee53b5
2016-08-02 14:05:09.506780 7fe323dc8700 2 librbd: done.
2016-08-02 14:05:09.506851 7fe323dc8700 5 librbd::AioImageRequestWQ: 0x7fe318003fd0 : ictx=0x7fe318007a60
2016-08-02 14:05:09.506863 7fe323dc8700 20 librbd::ImageState: open
2016-08-02 14:05:09.506866 7fe323dc8700 10 librbd::ImageState: 0x7fe3180058f0 send_open_unlock
2016-08-02 14:05:09.506869 7fe323dc8700 10 librbd::image::OpenRequest: 0x7fe3180083d0 send_v2_detect_header
2016-08-02 14:05:09.508624 7fe2f4ff9700 10 librbd::image::OpenRequest: handle_v2_detect_header: r=0
2016-08-02 14:05:09.508628 7fe2f4ff9700 10 librbd::image::OpenRequest: 0x7fe3180083d0 send_v2_get_id
2016-08-02 14:05:09.509780 7fe2f4ff9700 10 librbd::image::OpenRequest: handle_v2_get_id: r=0
2016-08-02 14:05:09.509784 7fe2f4ff9700 10 librbd::image::OpenRequest: 0x7fe3180083d0 send_v2_get_immutable_metadata
2016-08-02 14:05:09.511112 7fe2f4ff9700 10 librbd::image::OpenRequest: handle_v2_get_immutable_metadata: r=0
2016-08-02 14:05:09.511117 7fe2f4ff9700 10 librbd::image::OpenRequest: 0x7fe3180083d0 send_v2_get_stripe_unit_count
2016-08-02 14:05:09.512120 7fe2f4ff9700 10 librbd::image::OpenRequest: handle_v2_get_stripe_unit_count: r=-8
2016-08-02 14:05:09.512129 7fe2f4ff9700 10 librbd::ImageCtx: init_layout stripe_unit 4194304 stripe_count 1 object_size 4194304 prefix rbd_data.1017557e0515 format rbd_data.1017557e0515.%016llx
2016-08-02 14:05:09.512131 7fe2f4ff9700 10 librbd::image::OpenRequest: 0x7fe3180083d0 send_v2_apply_metadata: start_key=conf_
2016-08-02 14:05:09.513106 7fe2f4ff9700 10 librbd::image::OpenRequest: 0x7fe3180083d0 handle_v2_apply_metadata: r=0
2016-08-02 14:05:09.513111 7fe2f4ff9700 20 librbd::ImageCtx: apply_metadata
2016-08-02 14:05:09.513231 7fe2f4ff9700 10 librbd::image::OpenRequest: 0x7fe3180083d0 send_register_watch
2016-08-02 14:05:09.513330 7fe2f4ff9700 10 librbd::ImageWatcher: 0x7fe308007a80 registering image watcher
2016-08-02 14:05:09.623305 7fe2f4ff9700 10 librbd::image::OpenRequest: 0x7fe3180083d0 handle_register_watch: r=0
2016-08-02 14:05:09.623312 7fe2f4ff9700 10 librbd::image::OpenRequest: 0x7fe3180083d0 send_refresh
2016-08-02 14:05:09.623315 7fe2f4ff9700 10 librbd::image::RefreshRequest: 0x7fe30800c300 send_v2_get_mutable_metadata
2016-08-02 14:05:09.625472 7fe2f4ff9700 10 librbd::image::RefreshRequest: 0x7fe30800c300 handle_v2_get_mutable_metadata: r=0
2016-08-02 14:05:09.625484 7fe2f4ff9700 10 librbd::image::RefreshRequest: 0x7fe30800c300 send_v2_get_flags
2016-08-02 14:05:09.626701 7fe2f4ff9700 10 librbd::image::RefreshRequest: 0x7fe30800c300 handle_v2_get_flags: r=0
2016-08-02 14:05:09.626711 7fe2f4ff9700 10 librbd::image::RefreshRequest: 0x7fe30800c300 send_v2_init_exclusive_lock
2016-08-02 14:05:09.626716 7fe2f4ff9700 10 librbd::ExclusiveLock: 0x7fe30800c720 init
2016-08-02 14:05:09.626718 7fe2f4ff9700 5 librbd::AioImageRequestWQ: block_writes: 0x7fe318007a60, num=1
2016-08-02 14:05:09.626730 7fe2f4ff9700 20 librbd::AioImageRequestWQ: set_require_lock_on_read
2016-08-02 14:05:09.626752 7fe2d2ffd700 10 librbd::ExclusiveLock: 0x7fe30800c720 handle_init_complete
2016-08-02 14:05:09.626757 7fe2d2ffd700 10 librbd::image::RefreshRequest: 0x7fe30800c300 handle_v2_init_exclusive_lock: r=0
2016-08-02 14:05:09.626759 7fe2d2ffd700 10 librbd::image::RefreshRequest: 0x7fe30800c300 send_v2_apply
2016-08-02 14:05:09.626764 7fe2d2ffd700 10 librbd::image::RefreshRequest: 0x7fe30800c300 handle_v2_apply
2016-08-02 14:05:09.626766 7fe2d2ffd700 20 librbd::image::RefreshRequest: 0x7fe30800c300 apply
2016-08-02 14:05:09.626778 7fe2d2ffd700 10 librbd::image::OpenRequest: handle_refresh: r=0
2016-08-02 14:05:09.626783 7fe2d2ffd700 10 librbd::ImageState: 0x7fe3180058f0 handle_open: r=0
2016-08-02 14:05:09.626789 7fe2d2ffd700 20 librbd::Journal: get_tag_owner
2016-08-02 14:05:09.769545 7fe2f4ff9700 20 librbd::Journal: 0x7fe2ec004130 process: most recent journal tag: tid=0, data=[mirror_uuid=0e03fa0e-b67a-4332-a578-d73531ddc988, predecessor_mirror_uuid=]
2016-08-02 14:05:09.831128 7fe2d2ffd700 20 librbd::ExclusiveLock: 0x7fe30800c720 block_requests
2016-08-02 14:05:09.831167 7fe2d2ffd700 10 librbd::ExclusiveLock: 0x7fe30800c720 request_lock
2016-08-02 14:05:09.831184 7fe2d2ffd700 10 librbd::ExclusiveLock: 0x7fe30800c720 send_acquire_lock
2016-08-02 14:05:09.831203 7fe2d2ffd700 10 librbd::exclusive_lock::AcquireRequest: send_flush_notifies
2016-08-02 14:05:09.831223 7fe2d2ffd700 10 librbd::exclusive_lock::AcquireRequest: handle_flush_notifies
2016-08-02 14:05:09.831234 7fe2d2ffd700 10 librbd::exclusive_lock::AcquireRequest: send_lock
2016-08-02 14:05:09.860826 7fe2f4ff9700 10 librbd::exclusive_lock::AcquireRequest: handle_lock: r=0
2016-08-02 14:05:09.860844 7fe2f4ff9700 10 librbd::ExclusiveLock: 0x7fe30800c720 handle_acquiring_lock
2016-08-02 14:05:09.860848 7fe2f4ff9700 10 librbd::exclusive_lock::AcquireRequest: send_open_journal
2016-08-02 14:05:09.860856 7fe2f4ff9700 5 librbd::Journal: 0x7fe308010e40: ictx=0x7fe318007a60
2016-08-02 14:05:09.860929 7fe2f4ff9700 20 librbd::Journal: 0x7fe308010e40 open
2016-08-02 14:05:09.860937 7fe2f4ff9700 20 librbd::Journal: 0x7fe308010e40 wait_for_steady_state: on_state=0x7fe30800bf90
2016-08-02 14:05:09.860939 7fe2f4ff9700 20 librbd::Journal: 0x7fe308010e40 create_journaler
2016-08-02 14:05:09.860941 7fe2f4ff9700 20 librbd::Journal: 0x7fe308010e40 transition_state: new state=1
2016-08-02 14:05:09.922228 7fe2d2ffd700 20 librbd::Journal: 0x7fe308010e40 handle_initialized: r=0
2016-08-02 14:05:09.922285 7fe2d2ffd700 20 librbd::Journal: 0x7fe308010e40 max_append_size=16777183
2016-08-02 14:05:09.922305 7fe2d2ffd700 20 librbd::Journal: 0x7fe308010e40 handle_initialized: client: [id=, commit_position=[positions=[]], state=connected], image meta: [tag_class=0]
2016-08-02 14:05:09.923602 7fe2f4ff9700 20 librbd::Journal: 0x7fe2ec001c50 process: most recent journal tag: tid=0, data=[mirror_uuid=0e03fa0e-b67a-4332-a578-d73531ddc988, predecessor_mirror_uuid=]
2016-08-02 14:05:09.923632 7fe2d2ffd700 20 librbd::Journal: 0x7fe308010e40 handle_get_tags: r=0
2016-08-02 14:05:09.923646 7fe2d2ffd700 20 librbd::Journal: 0x7fe308010e40 transition_state: new state=2
2016-08-02 14:05:09.925394 7fe2d17fa700 20 librbd::Journal: 0x7fe308010e40 handle_replay_complete: r=0
2016-08-02 14:05:09.925403 7fe2d17fa700 20 librbd::Journal: 0x7fe308010e40 transition_state: new state=5
2016-08-02 14:05:09.925415 7fe2d17fa700 20 librbd::Journal: 0x7fe308010e40 handle_replay_complete: shut down replay
2016-08-02 14:05:09.925417 7fe2d17fa700 20 librbd::journal::Replay: 0x7fe2ec004400 shut_down
2016-08-02 14:05:09.925467 7fe2d2ffd700 20 librbd::Journal: 0x7fe308010e40 handle_replay_complete: handle shut down replay
2016-08-02 14:05:09.925482 7fe2d2ffd700 20 librbd::Journal: 0x7fe308010e40 handle_flushing_replay
2016-08-02 14:05:09.925526 7fe2d2ffd700 20 librbd::Journal: 0x7fe308010e40 transition_state: new state=6
2016-08-02 14:05:09.925544 7fe2d2ffd700 10 librbd::exclusive_lock::AcquireRequest: handle_open_journal: r=0
2016-08-02 14:05:09.925555 7fe2d2ffd700 10 librbd::exclusive_lock::AcquireRequest: send_allocate_journal_tag
2016-08-02 14:05:09.925599 7fe323dc8700 10 librbd::exclusive_lock::AcquireRequest: handle_allocate_journal_tag: r=0
2016-08-02 14:05:09.925634 7fe2d2ffd700 10 librbd::ExclusiveLock: 0x7fe30800c720 handle_acquire_lock: r=0
2016-08-02 14:05:09.925648 7fe2d2ffd700 5 librbd::ExclusiveLock: successfully acquired exclusive lock
2016-08-02 14:05:09.925660 7fe2d2ffd700 10 librbd::ImageWatcher: 0x7fe308007a80 notify acquired lock
2016-08-02 14:05:09.925675 7fe2d2ffd700 10 librbd::ImageWatcher: 0x7fe308007a80 current lock owner: [4119,140613068566144]
2016-08-02 14:05:09.925693 7fe2d2ffd700 20 librbd::image_watcher::Notifier: notify: pending=1
2016-08-02 14:05:09.925768 7fe2d2ffd700 20 librbd::AioImageRequestWQ: clear_require_lock_on_read
2016-08-02 14:05:09.925785 7fe2d2ffd700 5 librbd::AioImageRequestWQ: unblock_writes: 0x7fe318007a60, num=0
2016-08-02 14:05:09.925799 7fe2d2ffd700 20 librbd::ExclusiveLock: 0x7fe30800c720 is_lock_owner=1
2016-08-02 14:05:09.927242 7fe2f4ff9700 10 librbd::ImageWatcher: 0x7fe30800c4c0 C_NotifyAck start: id=64424509443, handle=140613068566144
2016-08-02 14:05:09.927248 7fe2f4ff9700 10 librbd::ImageWatcher: 0x7fe308007a80 image exclusively locked announcement
2016-08-02 14:05:09.927249 7fe2f4ff9700 10 librbd::ImageWatcher: 0x7fe308007a80 current lock owner: [4119,140613068566144]
2016-08-02 14:05:09.927252 7fe2f4ff9700 10 librbd::ImageWatcher: 0x7fe30800c4c0 C_NotifyAck finish: id=64424509443, handle=140613068566144
2016-08-02 14:05:09.929177 7fe2f4ff9700 20 librbd::image_watcher::Notifier: handle_notify: pending=0
2016-08-02 14:05:10.747847 7fe2d8ff9700 20 librbd::ExclusiveLock: 0x7fe30800c720 is_lock_owner=1
2016-08-02 14:05:10.747852 7fe2d8ff9700 5 librbd::Operations: 0x7fe318003690 execute_snap_create: snap_name=.rbd-mirror.0df17fe6-10da-4505-86d2-c6fa1fe18764.63b0381d-62ce-480e-959e-0146e9cbd854
2016-08-02 14:05:10.747856 7fe2d8ff9700 5 librbd::SnapshotCreateRequest: 0x7fe310003880 send_suspend_requests
2016-08-02 14:05:10.747857 7fe2d8ff9700 5 librbd::SnapshotCreateRequest: 0x7fe310003880 send_suspend_aio
2016-08-02 14:05:10.747859 7fe2d8ff9700 5 librbd::AioImageRequestWQ: block_writes: 0x7fe318007a60, num=1
2016-08-02 14:05:10.747901 7fe2d2ffd700 5 librbd::SnapshotCreateRequest: 0x7fe310003880 handle_suspend_aio: r=0
2016-08-02 14:05:10.747907 7fe2d2ffd700 10 librbd::Request: 0x7fe310003880 append_op_event
2016-08-02 14:05:10.747993 7fe2d2ffd700 10 librbd::Journal: 0x7fe308010e40 append_op_event: op_tid=1, event=SnapCreate
2016-08-02 14:05:10.747998 7fe2d2ffd700 5 librbd::SnapshotCreateRequest: 0x7fe310003880 send_append_op_event
2016-08-02 14:05:11.170967 7fe2d2ffd700 5 librbd::SnapshotCreateRequest: 0x7fe310003880 handle_append_op_event: r=0
2016-08-02 14:05:11.170974 7fe2d2ffd700 5 librbd::SnapshotCreateRequest: 0x7fe310003880 send_allocate_snap_id
2016-08-02 14:05:11.377980 7fe31c7b4700 0 -- 192.168.34.135:0/472585458 >> 192.168.34.120:6789/0 pipe(0x9dcfbf0 sd=20 :52990 s=2 pgs=53 cs=1 l=1 c=0x9dd1190).injecting socket failure
2016-08-02 14:05:11.378117 7fe2f7fff700 0 monclient: hunting for new mon
2016-08-02 14:05:12.381306 7fe2d2ffd700 5 librbd::SnapshotCreateRequest: 0x7fe310003880 handle_allocate_snap_id: r=0, snap_id=4
2016-08-02 14:05:12.381315 7fe2d2ffd700 5 librbd::SnapshotCreateRequest: 0x7fe310003880 send_create_snap
2016-08-02 14:05:12.381318 7fe2d2ffd700 20 librbd::ExclusiveLock: 0x7fe30800c720 is_lock_owner=1
2016-08-02 14:05:12.457837 7fe2f4ff9700 5 librbd::SnapshotCreateRequest: 0x7fe310003880 handle_create_snap: r=0
2016-08-02 14:05:12.457846 7fe2f4ff9700 5 librbd::SnapshotCreateRequest: 0x7fe310003880 update_snap_context
2016-08-02 14:05:12.457849 7fe2f4ff9700 20 librbd::ExclusiveLock: 0x7fe30800c720 is_lock_owner=1
2016-08-02 14:05:12.457857 7fe2f4ff9700 5 librbd::SnapshotCreateRequest: 0x7fe310003880 finalize: r=0
2016-08-02 14:05:12.457860 7fe2f4ff9700 10 librbd::Request: 0x7fe310003880 commit_op_event: r=0
2016-08-02 14:05:12.457863 7fe2f4ff9700 10 librbd::Journal: 0x7fe308010e40 commit_op_event: op_tid=1, r=0
2016-08-02 14:05:12.457954 7fe2f4ff9700 5 librbd::AioImageRequestWQ: unblock_writes: 0x7fe318007a60, num=0
2016-08-02 14:05:12.457960 7fe2f4ff9700 20 librbd::ImageState: handle_update_notification: refresh_seq = 1, last_refresh = 0
2016-08-02 14:05:12.457962 7fe2f4ff9700 20 librbd::ImageState: ImageUpdateWatchers::notify
2016-08-02 14:05:12.457964 7fe2f4ff9700 10 librbd::ImageWatcher: 0x7fe308007a80: notify_header_update
2016-08-02 14:05:12.457971 7fe2f4ff9700 20 librbd::image_watcher::Notifier: notify: pending=1
2016-08-02 14:05:12.459000 7fe2f4ff9700 10 librbd::ImageWatcher: 0x7fe308018d70 C_NotifyAck start: id=68719476740, handle=140613068566144
2016-08-02 14:05:12.459004 7fe2f4ff9700 10 librbd::ImageWatcher: 0x7fe308007a80 image header updated
2016-08-02 14:05:12.459006 7fe2f4ff9700 20 librbd::ImageState: handle_update_notification: refresh_seq = 2, last_refresh = 0
2016-08-02 14:05:12.459007 7fe2f4ff9700 20 librbd::ImageState: ImageUpdateWatchers::notify
2016-08-02 14:05:12.459009 7fe2f4ff9700 20 librbd::ImageState: flush_update_watchers
2016-08-02 14:05:12.459010 7fe2f4ff9700 20 librbd::ImageState: ImageUpdateWatchers::flush
2016-08-02 14:05:12.459011 7fe2f4ff9700 20 librbd::ImageState: ImageUpdateWatchers::flush: completing flush
2016-08-02 14:05:12.459013 7fe2f4ff9700 10 librbd::ImageWatcher: 0x7fe30801a570 C_ResponseMessage: r=0
2016-08-02 14:05:12.459020 7fe2f4ff9700 10 librbd::ImageWatcher: 0x7fe308018d70 C_NotifyAck finish: id=68719476740, handle=140613068566144
2016-08-02 14:05:12.461881 7fe2f4ff9700 20 librbd::image_watcher::Notifier: handle_notify: pending=0
2016-08-02 14:05:12.479790 7fe2d2ffd700 20 librbd::Journal: 0x7fe308010e40 handle_op_event_safe: r=0, tid=1
2016-08-02 14:05:12.521289 7fe2d17fa700 20 librbd::Journal: 0x7fe308010e40 handle_metadata_updated
2016-08-02 14:05:12.521299 7fe2d17fa700 20 librbd::Journal: 0x7fe308010e40 check_resync_requested_internal
2016-08-02 14:05:12.714987 7fe2da7fc700 20 rbd::mirror::image_sync::SnapshotCopyRequest::finish: r=0
2016-08-02 14:05:12.832098 7fe2da7fc700 20 rbd::mirror::image_sync::ImageCopyRequest::finish: r=0
2016-08-02 14:05:14.904585 7fe2da7fc700 20 rbd::mirror::ImageSync::finish: r=0
2016-08-02 14:05:15.045184 7fe323dc8700 20 rbd::mirror::image_replayer::BootstrapRequest::finish: r=0
2016-08-02 14:05:15.045200 7fe323dc8700 20 librbd::Journal: 0x7fe308010e40 check_resync_requested_internal
2016-08-02 14:05:15.071669 7fe323dc8700 20 librbd::Journal: 0x7fe308010e40 start_external_replay
2016-08-02 14:05:15.071731 7fe2d2ffd700 20 librbd::Journal: 0x7fe308010e40 handle_start_external_replay
2016-08-02 14:05:15.071740 7fe2d2ffd700 20 librbd::Journal: 0x7fe308010e40 transition_state: new state=2
2016-08-02 14:05:15.074940 7fe323dc8700 20 librbd::journal::Replay: 0x7fe2ec008e10 shut_down
2016-08-02 14:05:15.074986 7fe2d2ffd700 20 librbd::Journal: 0x7fe308010e40 transition_state: new state=6
2016-08-02 14:05:15.074997 7fe2d2ffd700 20 librbd::Journal: 0x7fe308010e40 start_external_replay
2016-08-02 14:05:15.075019 7fe2d2ffd700 20 librbd::Journal: 0x7fe308010e40 handle_start_external_replay
2016-08-02 14:05:15.075029 7fe2d2ffd700 20 librbd::Journal: 0x7fe308010e40 transition_state: new state=2
2016-08-02 14:05:15.075697 7fe2da7fc700 20 librbd::Journal: 0x7fe308010e40 allocate_tag: mirror_uuid=0e03fa0e-b67a-4332-a578-d73531ddc988
2016-08-02 14:05:15.157894 7fe31c3b0700 0 -- 192.168.34.135:0/472585458 >> 192.168.34.120:6808/19668 pipe(0x7fe2e800d1b0 sd=31 :53194 s=2 pgs=22 cs=1 l=1 c=0x7fe2e800b7e0).injecting socket failure
2016-08-02 14:05:15.198583 7fe2f4ff9700 20 librbd::Journal: 0x7fe3140254c0 process: allocated journal tag: tid=1, data=[mirror_uuid=0e03fa0e-b67a-4332-a578-d73531ddc988, predecessor_mirror_uuid=0e03fa0e-b67a-4332-a578-d73531ddc988]
2016-08-02 14:05:15.198606 7fe2f4ff9700 20 librbd::journal::Replay: 0x7fe2ec00b3a0 process: on_ready=0x7fe30800bfb0, on_safe=0x7fe30800eda0
2016-08-02 14:05:15.198610 7fe2f4ff9700 20 librbd::journal::Replay: 0x7fe2ec00b3a0 handle_event: Snap create event
2016-08-02 14:05:15.198635 7fe2d2ffd700 20 librbd::journal::Replay: 0x7fe308011080 : C_RefreshIfRequired::finish: refresh required
2016-08-02 14:05:15.198639 7fe2d2ffd700 20 librbd::ImageState: refresh
2016-08-02 14:05:15.198643 7fe2d2ffd700 10 librbd::ImageState: 0x7fe3180058f0 send_refresh_unlock
2016-08-02 14:05:15.198647 7fe2d2ffd700 10 librbd::image::RefreshRequest: 0x7fe2ec009400 send_v2_get_mutable_metadata
2016-08-02 14:05:15.200833 7fe2f4ff9700 10 librbd::image::RefreshRequest: 0x7fe2ec009400 handle_v2_get_mutable_metadata: r=0
2016-08-02 14:05:15.200848 7fe2f4ff9700 10 librbd::image::RefreshRequest: 0x7fe2ec009400 send_v2_get_flags
2016-08-02 14:05:15.202202 7fe2f4ff9700 10 librbd::image::RefreshRequest: 0x7fe2ec009400 handle_v2_get_flags: r=0
2016-08-02 14:05:15.202209 7fe2f4ff9700 10 librbd::image::RefreshRequest: 0x7fe2ec009400 send_v2_get_snapshots
2016-08-02 14:05:15.204075 7fe2f4ff9700 10 librbd::image::RefreshRequest: 0x7fe2ec009400 handle_v2_get_snapshots: r=0
2016-08-02 14:05:15.204089 7fe2f4ff9700 10 librbd::image::RefreshRequest: 0x7fe2ec009400 send_v2_apply
2016-08-02 14:05:15.204135 7fe2d2ffd700 10 librbd::image::RefreshRequest: 0x7fe2ec009400 handle_v2_apply
2016-08-02 14:05:15.204141 7fe2d2ffd700 20 librbd::image::RefreshRequest: 0x7fe2ec009400 apply
2016-08-02 14:05:15.204161 7fe2d2ffd700 10 librbd::ImageState: 0x7fe3180058f0 handle_refresh: r=0
2016-08-02 14:05:15.204165 7fe2d2ffd700 20 librbd::journal::Replay: 0x7fe308010780 : ExecuteOp::finish
2016-08-02 14:05:15.204169 7fe2d2ffd700 20 librbd::ExclusiveLock: 0x7fe30800c720 is_lock_owner=1
2016-08-02 14:05:15.204172 7fe2d2ffd700 5 librbd::Operations: 0x7fe318003690 execute_snap_create: snap_name=.rbd-mirror.0df17fe6-10da-4505-86d2-c6fa1fe18764.63b0381d-62ce-480e-959e-0146e9cbd854
2016-08-02 14:05:15.204177 7fe2d2ffd700 20 librbd::journal::Replay: 0x7fe2ec00b3a0 handle_op_complete: op_tid=1, r=-17
2016-08-02 14:05:15.204223 7fe2d2ffd700 20 librbd::journal::Replay: 0x7fe2ec00b3a0 process: on_ready=0x7fe2ec001370, on_safe=0x7fe2ec00ad90
2016-08-02 14:05:15.204228 7fe2d2ffd700 20 librbd::journal::Replay: 0x7fe2ec00b3a0 handle_event: Op finish event: op_tid=1
2016-08-02 14:05:15.204230 7fe2d2ffd700 10 librbd::journal::Replay: 0x7fe2ec00b3a0 handle_event: unable to locate associated op: assuming previously committed.
2016-08-02 14:05:15.204244 7fe2d2ffd700 20 librbd::journal::Replay: 0x7fe2ec00b3a0 process: on_ready=0x7fe2ec0041e0, on_safe=0x7fe2ec00bb20
2016-08-02 14:05:15.204247 7fe2d2ffd700 20 librbd::journal::Replay: 0x7fe2ec00b3a0 handle_event: Snap remove event
2016-08-02 14:05:15.204274 7fe2d2ffd700 20 librbd::journal::Replay: 0x7fe2ec00b3a0 process: on_ready=0x7fe2ec003340, on_safe=0x7fe2ec00ad90
2016-08-02 14:05:15.204277 7fe2d2ffd700 20 librbd::journal::Replay: 0x7fe2ec00b3a0 handle_event: Op finish event: op_tid=2
2016-08-02 14:05:15.204282 7fe2d2ffd700 20 librbd::journal::Replay: 0x7fe2ec004f70 : ExecuteOp::finish
2016-08-02 14:05:15.204285 7fe2d2ffd700 5 librbd::Operations: 0x7fe318003690 execute_snap_remove: snap_name=.rbd-mirror.0df17fe6-10da-4505-86d2-c6fa1fe18764.63b0381d-62ce-480e-959e-0146e9cbd854
2016-08-02 14:05:15.204295 7fe2d2ffd700 5 librbd::SnapshotRemoveRequest: 0x7fe2ec00c1c0 send_remove_snap
2016-08-02 14:05:15.204297 7fe2d2ffd700 20 librbd::ExclusiveLock: 0x7fe30800c720 is_lock_owner=1
2016-08-02 14:05:15.230578 7fe2f4ff9700 5 librbd::SnapshotRemoveRequest: 0x7fe2ec00c1c0 should_complete: state=2, r=0
2016-08-02 14:05:15.230588 7fe2f4ff9700 5 librbd::SnapshotRemoveRequest: 0x7fe2ec00c1c0 remove_snap_context
2016-08-02 14:05:15.230597 7fe2f4ff9700 5 librbd::SnapshotRemoveRequest: 0x7fe2ec00c1c0 send_release_snap_id: snap_name=.rbd-mirror.0df17fe6-10da-4505-86d2-c6fa1fe18764.63b0381d-62ce-480e-959e-0146e9cbd854, snap_id=4
2016-08-02 14:05:16.207934 7fe2d2ffd700 5 librbd::SnapshotRemoveRequest: 0x7fe2ec00c1c0 should_complete: state=3, r=0
2016-08-02 14:05:16.207945 7fe2d2ffd700 20 librbd::ImageState: handle_update_notification: refresh_seq = 3, last_refresh = 2
2016-08-02 14:05:16.207948 7fe2d2ffd700 20 librbd::ImageState: ImageUpdateWatchers::notify
2016-08-02 14:05:16.207950 7fe2d2ffd700 10 librbd::ImageWatcher: 0x7fe308007a80: notify_header_update
2016-08-02 14:05:16.207959 7fe2d2ffd700 20 librbd::image_watcher::Notifier: notify: pending=1
2016-08-02 14:05:16.325337 7fe2f4ff9700 10 librbd::ImageWatcher: 0x7fe3080189a0 C_NotifyAck start: id=73014444037, handle=140613068566144
2016-08-02 14:05:16.325346 7fe2f4ff9700 10 librbd::ImageWatcher: 0x7fe308007a80 image header updated
2016-08-02 14:05:16.325351 7fe2f4ff9700 20 librbd::ImageState: handle_update_notification: refresh_seq = 4, last_refresh = 2
2016-08-02 14:05:16.325354 7fe2f4ff9700 20 librbd::ImageState: ImageUpdateWatchers::notify
2016-08-02 14:05:16.325358 7fe2f4ff9700 20 librbd::ImageState: flush_update_watchers
2016-08-02 14:05:16.325360 7fe2f4ff9700 20 librbd::ImageState: ImageUpdateWatchers::flush
2016-08-02 14:05:16.325361 7fe2f4ff9700 20 librbd::ImageState: ImageUpdateWatchers::flush: completing flush
2016-08-02 14:05:16.325363 7fe2f4ff9700 10 librbd::ImageWatcher: 0x7fe308000e10 C_ResponseMessage: r=0
2016-08-02 14:05:16.325374 7fe2f4ff9700 10 librbd::ImageWatcher: 0x7fe3080189a0 C_NotifyAck finish: id=73014444037, handle=140613068566144
2016-08-02 14:05:16.340492 7fe2f4ff9700 20 librbd::image_watcher::Notifier: handle_notify: pending=0
2016-08-02 14:05:16.340508 7fe2d2ffd700 20 librbd::journal::Replay: 0x7fe2ec00b3a0 handle_op_complete: op_tid=2, r=0
2016-08-02 14:05:33.506275 7fe2d17fa700 20 librbd::Journal: 0x7fe308010e40 handle_metadata_updated
2016-08-02 14:05:33.506282 7fe2d17fa700 20 librbd::Journal: 0x7fe308010e40 check_resync_requested_internal
2016-08-02 14:05:37.995141 7fe2e07f8700 0 -- 192.168.34.135:0/472585458 >> 192.168.34.120:6804/19681 pipe(0x7fe31800a750 sd=26 :58018 s=2 pgs=13 cs=1 l=1 c=0x7fe31800b9b0).injecting socket failure
2016-08-02 14:06:05.445306 7fe323dc8700 20 librbd::journal::Replay: 0x7fe2ec00b3a0 shut_down
2016-08-02 14:06:05.445372 7fe2d2ffd700 20 librbd::Journal: 0x7fe308010e40 transition_state: new state=6
2016-08-02 14:06:05.445378 7fe2d2ffd700 20 librbd::Journal: 0x7fe308010e40 start_external_replay
2016-08-02 14:06:05.445420 7fe2d2ffd700 20 librbd::Journal: 0x7fe308010e40 handle_start_external_replay
2016-08-02 14:06:05.445426 7fe2d2ffd700 20 librbd::Journal: 0x7fe308010e40 transition_state: new state=2
2016-08-02 14:06:05.446282 7fe2da7fc700 20 librbd::Journal: 0x7fe308010e40 allocate_tag: mirror_uuid=<orphan>
2016-08-02 14:06:05.612211 7fe2f4ff9700 20 librbd::Journal: 0x7fe314018370 process: allocated journal tag: tid=2, data=[mirror_uuid=<orphan>, predecessor_mirror_uuid=0e03fa0e-b67a-4332-a578-d73531ddc988, predecessor_tag_tid=1, predecessor_entry_tid=3]
2016-08-02 14:06:05.612226 7fe2f4ff9700 20 librbd::ImageState: refresh
2016-08-02 14:06:05.612229 7fe2f4ff9700 10 librbd::ImageState: 0x7fe3180058f0 send_refresh_unlock
2016-08-02 14:06:05.612232 7fe2f4ff9700 10 librbd::image::RefreshRequest: 0x7fe3080197a0 send_v2_get_mutable_metadata
2016-08-02 14:06:05.614604 7fe2f4ff9700 10 librbd::image::RefreshRequest: 0x7fe3080197a0 handle_v2_get_mutable_metadata: r=0
2016-08-02 14:06:05.614615 7fe2f4ff9700 10 librbd::image::RefreshRequest: 0x7fe3080197a0 send_v2_get_flags
2016-08-02 14:06:05.615489 7fe2f4ff9700 10 librbd::image::RefreshRequest: 0x7fe3080197a0 handle_v2_get_flags: r=0
2016-08-02 14:06:05.615496 7fe2f4ff9700 10 librbd::image::RefreshRequest: 0x7fe3080197a0 send_v2_apply
2016-08-02 14:06:05.615509 7fe2d2ffd700 10 librbd::image::RefreshRequest: 0x7fe3080197a0 handle_v2_apply
2016-08-02 14:06:05.615511 7fe2d2ffd700 20 librbd::image::RefreshRequest: 0x7fe3080197a0 apply
2016-08-02 14:06:05.615522 7fe2d2ffd700 10 librbd::ImageState: 0x7fe3180058f0 handle_refresh: r=0
2016-08-02 14:06:05.631470 7fe323dc8700 20 librbd::journal::Replay: 0x7fe2ec00cc80 process: on_ready=0x7fe31800df10, on_safe=0x7fe318004830
2016-08-02 14:06:05.631480 7fe323dc8700 20 librbd::journal::Replay: 0x7fe2ec00cc80 handle_event: Demote event
2016-08-02 14:06:05.631553 7fe323dc8700 20 librbd::journal::Replay: 0x7fe2ec00cc80 shut_down
2016-08-02 14:06:05.631600 7fe2d2ffd700 20 librbd::Journal: 0x7fe308010e40 transition_state: new state=6
2016-08-02 14:06:05.721793 7fe323dc8700 20 librbd::ImageState: close
2016-08-02 14:06:05.721806 7fe323dc8700 10 librbd::ImageState: 0x7fe3180058f0 send_close_unlock
2016-08-02 14:06:05.721810 7fe323dc8700 10 librbd::image::CloseRequest: 0x7fe318003c80 send_shut_down_update_watchers
2016-08-02 14:06:05.721811 7fe323dc8700 20 librbd::ImageState: shut_down_update_watchers
2016-08-02 14:06:05.721812 7fe323dc8700 20 librbd::ImageState: ImageUpdateWatchers::shut_down
2016-08-02 14:06:05.721814 7fe323dc8700 20 librbd::ImageState: ImageUpdateWatchers::shut_down: completing shut down
2016-08-02 14:06:05.721857 7fe2d2ffd700 10 librbd::image::CloseRequest: 0x7fe318003c80 handle_shut_down_update_watchers: r=0
2016-08-02 14:06:05.721863 7fe2d2ffd700 10 librbd::image::CloseRequest: 0x7fe318003c80 send_unregister_image_watcher
2016-08-02 14:06:05.721864 7fe2d2ffd700 10 librbd::ImageWatcher: 0x7fe308007a80 unregistering image watcher
2016-08-02 14:06:05.924754 7fe2d2ffd700 10 librbd::image::CloseRequest: 0x7fe318003c80 handle_unregister_image_watcher: r=0
2016-08-02 14:06:05.924758 7fe2d2ffd700 10 librbd::image::CloseRequest: 0x7fe318003c80 send_shut_down_aio_queue
2016-08-02 14:06:05.924760 7fe2d2ffd700 5 librbd::AioImageRequestWQ: shut_down: in_flight=0
2016-08-02 14:06:05.924764 7fe2d2ffd700 10 librbd::image::CloseRequest: 0x7fe318003c80 handle_shut_down_aio_queue: r=0
2016-08-02 14:06:05.924766 7fe2d2ffd700 10 librbd::image::CloseRequest: 0x7fe318003c80 send_shut_down_exclusive_lock
2016-08-02 14:06:05.924768 7fe2d2ffd700 10 librbd::ExclusiveLock: 0x7fe30800c720 shut_down
2016-08-02 14:06:05.924770 7fe2d2ffd700 10 librbd::ExclusiveLock: 0x7fe30800c720 send_shutdown
2016-08-02 14:06:05.924777 7fe2d2ffd700 10 librbd::exclusive_lock::ReleaseRequest: send_cancel_op_requests
2016-08-02 14:06:05.924779 7fe2d2ffd700 10 librbd::exclusive_lock::ReleaseRequest: handle_cancel_op_requests: r=0
2016-08-02 14:06:05.924780 7fe2d2ffd700 10 librbd::exclusive_lock::ReleaseRequest: send_block_writes
2016-08-02 14:06:05.924782 7fe2d2ffd700 20 librbd::AioImageRequestWQ: set_require_lock_on_read
2016-08-02 14:06:05.924784 7fe2d2ffd700 5 librbd::AioImageRequestWQ: block_writes: 0x7fe318007a60, num=1
2016-08-02 14:06:05.924787 7fe2d2ffd700 10 librbd::exclusive_lock::ReleaseRequest: handle_block_writes: r=0
2016-08-02 14:06:05.924790 7fe2d2ffd700 10 librbd::exclusive_lock::ReleaseRequest: send_flush_notifies
2016-08-02 14:06:05.924793 7fe2d2ffd700 10 librbd::exclusive_lock::ReleaseRequest: handle_flush_notifies
2016-08-02 14:06:05.924794 7fe2d2ffd700 10 librbd::exclusive_lock::ReleaseRequest: send_close_journal
2016-08-02 14:06:05.924796 7fe2d2ffd700 20 librbd::Journal: 0x7fe308010e40 close
2016-08-02 14:06:05.924798 7fe2d2ffd700 20 librbd::Journal: 0x7fe308010e40 transition_state: new state=7
2016-08-02 14:06:05.924808 7fe2d2ffd700 20 librbd::Journal: 0x7fe308010e40 wait_for_steady_state: on_state=0x7fe2ec00a0e0
2016-08-02 14:06:05.924907 7fe2d2ffd700 20 librbd::Journal: 0x7fe308010e40 handle_recording_stopped: r=0
2016-08-02 14:06:05.924911 7fe2d2ffd700 20 librbd::Journal: 0x7fe308010e40 destroy_journaler: r=0
2016-08-02 14:06:05.924913 7fe2d2ffd700 20 librbd::Journal: 0x7fe308010e40 transition_state: new state=8
2016-08-02 14:06:05.958438 7fe2d2ffd700 20 librbd::Journal: 0x7fe308010e40 handle_journal_destroyed: r=0
2016-08-02 14:06:05.958443 7fe2d2ffd700 20 librbd::Journal: 0x7fe308010e40 transition_state: new state=9
2016-08-02 14:06:05.958446 7fe2d2ffd700 10 librbd::exclusive_lock::ReleaseRequest: handle_close_journal: r=0
2016-08-02 14:06:05.958451 7fe2d2ffd700 10 librbd::exclusive_lock::ReleaseRequest: send_unlock
2016-08-02 14:06:05.958453 7fe2d2ffd700 10 librbd::ExclusiveLock: 0x7fe30800c720 handle_shutdown_releasing: r=0
2016-08-02 14:06:06.125349 7fe2f4ff9700 10 librbd::exclusive_lock::ReleaseRequest: handle_unlock: r=0
2016-08-02 14:06:06.125372 7fe2d2ffd700 10 librbd::ExclusiveLock: 0x7fe30800c720 handle_shutdown_released: r=0
2016-08-02 14:06:06.125375 7fe2d2ffd700 20 librbd::AioImageRequestWQ: clear_require_lock_on_read
2016-08-02 14:06:06.125377 7fe2d2ffd700 5 librbd::AioImageRequestWQ: unblock_writes: 0x7fe318007a60, num=0
2016-08-02 14:06:06.125380 7fe2d2ffd700 10 librbd::ImageWatcher: 0x7fe308007a80 notify released lock
2016-08-02 14:06:06.125382 7fe2d2ffd700 10 librbd::ImageWatcher: 0x7fe308007a80 current lock owner: [0,0]
2016-08-02 14:06:06.125392 7fe2d2ffd700 20 librbd::image_watcher::Notifier: notify: pending=1
2016-08-02 14:06:06.125448 7fe2d2ffd700 10 librbd::image::CloseRequest: 0x7fe318003c80 handle_shut_down_exclusive_lock: r=0
2016-08-02 14:06:06.125452 7fe2d2ffd700 10 librbd::image::CloseRequest: 0x7fe318003c80 send_flush_readahead
2016-08-02 14:06:06.125454 7fe2d2ffd700 10 librbd::image::CloseRequest: 0x7fe318003c80 handle_flush_readahead: r=0
2016-08-02 14:06:06.125455 7fe2d2ffd700 10 librbd::image::CloseRequest: 0x7fe318003c80 send_shut_down_cache
2016-08-02 14:06:06.125457 7fe2d2ffd700 10 librbd::image::CloseRequest: 0x7fe318003c80 handle_shut_down_cache: r=0
2016-08-02 14:06:06.125458 7fe2d2ffd700 10 librbd::image::CloseRequest: 0x7fe318003c80 send_flush_op_work_queue
2016-08-02 14:06:06.125461 7fe2d2ffd700 10 librbd::image::CloseRequest: 0x7fe318003c80 handle_flush_op_work_queue: r=0
2016-08-02 14:06:06.135146 7fe2f4ff9700 20 librbd::image_watcher::Notifier: handle_notify: pending=0
2016-08-02 14:06:06.135176 7fe2d2ffd700 10 librbd::image::CloseRequest: 0x7fe318003c80 handle_flush_image_watcher: r=0
2016-08-02 14:06:06.135196 7fe2d2ffd700 10 librbd::ImageState: 0x7fe3180058f0 handle_close: r=0
2016-08-02 14:06:33.176051 7fe2d8ff9700 5 librbd::AioImageRequestWQ: 0x7fe310013640 : ictx=0x7fe31000b700
2016-08-02 14:06:33.176061 7fe2d8ff9700 20 librbd::ImageState: open
2016-08-02 14:06:33.176063 7fe2d8ff9700 10 librbd::ImageState: 0x7fe3100102e0 send_open_unlock
2016-08-02 14:06:33.176066 7fe2d8ff9700 10 librbd::image::OpenRequest: 0x7fe310013940 send_v2_get_name
2016-08-02 14:06:33.177405 7fe2f4ff9700 10 librbd::image::OpenRequest: handle_v2_get_name: r=0
2016-08-02 14:06:33.177412 7fe2f4ff9700 10 librbd::image::OpenRequest: 0x7fe310013940 send_v2_get_immutable_metadata
2016-08-02 14:06:33.178946 7fe2f4ff9700 10 librbd::image::OpenRequest: handle_v2_get_immutable_metadata: r=0
2016-08-02 14:06:33.178951 7fe2f4ff9700 10 librbd::image::OpenRequest: 0x7fe310013940 send_v2_get_stripe_unit_count
2016-08-02 14:06:33.179995 7fe2f4ff9700 10 librbd::image::OpenRequest: handle_v2_get_stripe_unit_count: r=-8
2016-08-02 14:06:33.180002 7fe2f4ff9700 10 librbd::ImageCtx: init_layout stripe_unit 4194304 stripe_count 1 object_size 4194304 prefix rbd_data.1017557e0515 format rbd_data.1017557e0515.%016llx
2016-08-02 14:06:33.180004 7fe2f4ff9700 10 librbd::image::OpenRequest: 0x7fe310013940 send_v2_apply_metadata: start_key=conf_
2016-08-02 14:06:33.180999 7fe2f4ff9700 10 librbd::image::OpenRequest: 0x7fe310013940 handle_v2_apply_metadata: r=0
2016-08-02 14:06:33.181010 7fe2f4ff9700 20 librbd::ImageCtx: apply_metadata
2016-08-02 14:06:33.181140 7fe2f4ff9700 10 librbd::image::OpenRequest: 0x7fe310013940 send_register_watch
2016-08-02 14:06:33.181153 7fe2f4ff9700 10 librbd::ImageWatcher: 0x7fe3080177a0 registering image watcher
2016-08-02 14:06:33.252963 7fe2f4ff9700 10 librbd::image::OpenRequest: 0x7fe310013940 handle_register_watch: r=0
2016-08-02 14:06:33.252976 7fe2f4ff9700 10 librbd::image::OpenRequest: 0x7fe310013940 send_refresh
2016-08-02 14:06:33.252979 7fe2f4ff9700 10 librbd::image::RefreshRequest: 0x7fe308017af0 send_v2_get_mutable_metadata
2016-08-02 14:06:33.256450 7fe2f4ff9700 10 librbd::image::RefreshRequest: 0x7fe308017af0 handle_v2_get_mutable_metadata: r=0
2016-08-02 14:06:33.256462 7fe2f4ff9700 10 librbd::image::RefreshRequest: 0x7fe308017af0 send_v2_get_flags
2016-08-02 14:06:33.257628 7fe2f4ff9700 10 librbd::image::RefreshRequest: 0x7fe308017af0 handle_v2_get_flags: r=0
2016-08-02 14:06:33.257639 7fe2f4ff9700 10 librbd::image::RefreshRequest: 0x7fe308017af0 send_v2_init_exclusive_lock
2016-08-02 14:06:33.257646 7fe2f4ff9700 10 librbd::ExclusiveLock: 0x7fe308012bf0 init
2016-08-02 14:06:33.257648 7fe2f4ff9700 5 librbd::AioImageRequestWQ: block_writes: 0x7fe31000b700, num=1
2016-08-02 14:06:33.257654 7fe2f4ff9700 20 librbd::AioImageRequestWQ: set_require_lock_on_read
2016-08-02 14:06:33.257677 7fe2d2ffd700 10 librbd::ExclusiveLock: 0x7fe308012bf0 handle_init_complete
2016-08-02 14:06:33.257681 7fe2d2ffd700 10 librbd::image::RefreshRequest: 0x7fe308017af0 handle_v2_init_exclusive_lock: r=0
2016-08-02 14:06:33.257683 7fe2d2ffd700 10 librbd::image::RefreshRequest: 0x7fe308017af0 send_v2_apply
2016-08-02 14:06:33.257687 7fe2d2ffd700 10 librbd::image::RefreshRequest: 0x7fe308017af0 handle_v2_apply
2016-08-02 14:06:33.257689 7fe2d2ffd700 20 librbd::image::RefreshRequest: 0x7fe308017af0 apply
2016-08-02 14:06:33.257696 7fe2d2ffd700 10 librbd::image::OpenRequest: handle_refresh: r=0
2016-08-02 14:06:33.257701 7fe2d2ffd700 10 librbd::ImageState: 0x7fe3100102e0 handle_open: r=0
2016-08-02 14:06:33.257705 7fe2d2ffd700 20 librbd::Journal: get_tag_owner
2016-08-02 14:06:33.470586 7fe2f4ff9700 20 librbd::Journal: 0x7fe2ec018f10 process: most recent journal tag: tid=2, data=[mirror_uuid=<orphan>, predecessor_mirror_uuid=0e03fa0e-b67a-4332-a578-d73531ddc988, predecessor_tag_tid=1, predecessor_entry_tid=3]
2016-08-02 14:06:33.777076 7fe2d2ffd700 20 librbd::ExclusiveLock: 0x7fe308012bf0 block_requests
2016-08-02 14:06:33.777085 7fe2d2ffd700 10 librbd::ExclusiveLock: 0x7fe308012bf0 request_lock
2016-08-02 14:06:33.777087 7fe2d2ffd700 10 librbd::ExclusiveLock: 0x7fe308012bf0 send_acquire_lock
2016-08-02 14:06:33.777095 7fe2d2ffd700 10 librbd::exclusive_lock::AcquireRequest: send_flush_notifies
2016-08-02 14:06:33.777103 7fe2d2ffd700 10 librbd::exclusive_lock::AcquireRequest: handle_flush_notifies
2016-08-02 14:06:33.777104 7fe2d2ffd700 10 librbd::exclusive_lock::AcquireRequest: send_lock
2016-08-02 14:06:33.938562 7fe2f4ff9700 10 librbd::exclusive_lock::AcquireRequest: handle_lock: r=0
2016-08-02 14:06:33.938578 7fe2f4ff9700 10 librbd::ExclusiveLock: 0x7fe308012bf0 handle_acquiring_lock
2016-08-02 14:06:33.938582 7fe2f4ff9700 10 librbd::exclusive_lock::AcquireRequest: send_open_journal
2016-08-02 14:06:33.938589 7fe2f4ff9700 5 librbd::Journal: 0x7fe308016890: ictx=0x7fe31000b700
2016-08-02 14:06:33.938598 7fe2f4ff9700 20 librbd::Journal: 0x7fe308016890 open
2016-08-02 14:06:33.938599 7fe2f4ff9700 20 librbd::Journal: 0x7fe308016890 wait_for_steady_state: on_state=0x7fe30801cf60
2016-08-02 14:06:33.938601 7fe2f4ff9700 20 librbd::Journal: 0x7fe308016890 create_journaler
2016-08-02 14:06:33.938602 7fe2f4ff9700 20 librbd::Journal: 0x7fe308016890 transition_state: new state=1
2016-08-02 14:06:34.054135 7fe2d2ffd700 20 librbd::Journal: 0x7fe308016890 handle_initialized: r=0
2016-08-02 14:06:34.054161 7fe2d2ffd700 20 librbd::Journal: 0x7fe308016890 max_append_size=16777183
2016-08-02 14:06:34.054172 7fe2d2ffd700 20 librbd::Journal: 0x7fe308016890 handle_initialized: client: [id=, commit_position=[positions=[[object_number=1, tag_tid=0, entry_tid=1], [object_number=0, tag_tid=0, entry_tid=0]]], state=connected], image meta: [tag_class=0]
2016-08-02 14:06:34.055829 7fe2f4ff9700 20 librbd::Journal: 0x7fe2ec0195e0 process: most recent journal tag: tid=2, data=[mirror_uuid=<orphan>, predecessor_mirror_uuid=0e03fa0e-b67a-4332-a578-d73531ddc988, predecessor_tag_tid=1, predecessor_entry_tid=3]
2016-08-02 14:06:34.055862 7fe2d2ffd700 20 librbd::Journal: 0x7fe308016890 handle_get_tags: r=0
2016-08-02 14:06:34.055866 7fe2d2ffd700 20 librbd::Journal: 0x7fe308016890 transition_state: new state=2
2016-08-02 14:06:34.059314 7fe2d17fa700 20 librbd::Journal: 0x7fe308016890 handle_replay_complete: r=0
2016-08-02 14:06:34.059323 7fe2d17fa700 20 librbd::Journal: 0x7fe308016890 transition_state: new state=5
2016-08-02 14:06:34.059336 7fe2d17fa700 20 librbd::Journal: 0x7fe308016890 handle_replay_complete: shut down replay
2016-08-02 14:06:34.059338 7fe2d17fa700 20 librbd::journal::Replay: 0x7fe2ec016970 shut_down
2016-08-02 14:06:34.059375 7fe2d2ffd700 20 librbd::Journal: 0x7fe308016890 handle_replay_complete: handle shut down replay
2016-08-02 14:06:34.059382 7fe2d2ffd700 20 librbd::Journal: 0x7fe308016890 handle_flushing_replay
2016-08-02 14:06:34.059399 7fe2d2ffd700 20 librbd::Journal: 0x7fe308016890 transition_state: new state=6
2016-08-02 14:06:34.059403 7fe2d2ffd700 10 librbd::exclusive_lock::AcquireRequest: handle_open_journal: r=0
2016-08-02 14:06:34.059404 7fe2d2ffd700 10 librbd::exclusive_lock::AcquireRequest: send_allocate_journal_tag
2016-08-02 14:06:34.059428 7fe323dc8700 10 librbd::exclusive_lock::AcquireRequest: handle_allocate_journal_tag: r=0
2016-08-02 14:06:34.059447 7fe2d2ffd700 10 librbd::ExclusiveLock: 0x7fe308012bf0 handle_acquire_lock: r=0
2016-08-02 14:06:34.059451 7fe2d2ffd700 5 librbd::ExclusiveLock: successfully acquired exclusive lock
2016-08-02 14:06:34.059453 7fe2d2ffd700 10 librbd::ImageWatcher: 0x7fe3080177a0 notify acquired lock
2016-08-02 14:06:34.059455 7fe2d2ffd700 10 librbd::ImageWatcher: 0x7fe3080177a0 current lock owner: [4119,140613068566144]
2016-08-02 14:06:34.059468 7fe2d2ffd700 20 librbd::image_watcher::Notifier: notify: pending=1
2016-08-02 14:06:34.059513 7fe2d2ffd700 20 librbd::AioImageRequestWQ: clear_require_lock_on_read
2016-08-02 14:06:34.059515 7fe2d2ffd700 5 librbd::AioImageRequestWQ: unblock_writes: 0x7fe31000b700, num=0
2016-08-02 14:06:34.059518 7fe2d2ffd700 20 librbd::ExclusiveLock: 0x7fe308012bf0 is_lock_owner=1
2016-08-02 14:06:34.060832 7fe2da7fc700 20 librbd::ImageState: close
2016-08-02 14:06:34.060836 7fe2da7fc700 10 librbd::ImageState: 0x7fe3100102e0 send_close_unlock
2016-08-02 14:06:34.060840 7fe2da7fc700 10 librbd::image::CloseRequest: 0x7fe314007200 send_shut_down_update_watchers
2016-08-02 14:06:34.060842 7fe2da7fc700 20 librbd::ImageState: shut_down_update_watchers
2016-08-02 14:06:34.060844 7fe2da7fc700 20 librbd::ImageState: ImageUpdateWatchers::shut_down
2016-08-02 14:06:34.060845 7fe2da7fc700 20 librbd::ImageState: ImageUpdateWatchers::shut_down: completing shut down
2016-08-02 14:06:34.060862 7fe2d2ffd700 10 librbd::image::CloseRequest: 0x7fe314007200 handle_shut_down_update_watchers: r=0
2016-08-02 14:06:34.060865 7fe2d2ffd700 10 librbd::image::CloseRequest: 0x7fe314007200 send_unregister_image_watcher
2016-08-02 14:06:34.060866 7fe2d2ffd700 10 librbd::ImageWatcher: 0x7fe3080177a0 unregistering image watcher
2016-08-02 14:06:34.061182 7fe2f4ff9700 10 librbd::ImageWatcher: 0x7fe30801a2b0 C_NotifyAck start: id=73014444039, handle=140613068566144
2016-08-02 14:06:34.061190 7fe2f4ff9700 10 librbd::ImageWatcher: 0x7fe3080177a0 image exclusively locked announcement
2016-08-02 14:06:34.061192 7fe2f4ff9700 10 librbd::ImageWatcher: 0x7fe3080177a0 current lock owner: [4119,140613068566144]
2016-08-02 14:06:34.061194 7fe2f4ff9700 10 librbd::ImageWatcher: 0x7fe30801a2b0 C_NotifyAck finish: id=73014444039, handle=140613068566144
2016-08-02 14:06:34.130351 7fe2d2ffd700 10 librbd::image::CloseRequest: 0x7fe314007200 handle_unregister_image_watcher: r=0
2016-08-02 14:06:34.130360 7fe2d2ffd700 10 librbd::image::CloseRequest: 0x7fe314007200 send_shut_down_aio_queue
2016-08-02 14:06:34.130362 7fe2d2ffd700 5 librbd::AioImageRequestWQ: shut_down: in_flight=0
2016-08-02 14:06:34.130366 7fe2d2ffd700 10 librbd::image::CloseRequest: 0x7fe314007200 handle_shut_down_aio_queue: r=0
2016-08-02 14:06:34.130368 7fe2d2ffd700 10 librbd::image::CloseRequest: 0x7fe314007200 send_shut_down_exclusive_lock
2016-08-02 14:06:34.130370 7fe2d2ffd700 10 librbd::ExclusiveLock: 0x7fe308012bf0 shut_down
2016-08-02 14:06:34.130372 7fe2d2ffd700 10 librbd::ExclusiveLock: 0x7fe308012bf0 send_shutdown
2016-08-02 14:06:34.130378 7fe2d2ffd700 10 librbd::exclusive_lock::ReleaseRequest: send_cancel_op_requests
2016-08-02 14:06:34.130379 7fe2d2ffd700 10 librbd::exclusive_lock::ReleaseRequest: handle_cancel_op_requests: r=0
2016-08-02 14:06:34.130380 7fe2d2ffd700 10 librbd::exclusive_lock::ReleaseRequest: send_block_writes
2016-08-02 14:06:34.130382 7fe2d2ffd700 20 librbd::AioImageRequestWQ: set_require_lock_on_read
2016-08-02 14:06:34.130383 7fe2d2ffd700 5 librbd::AioImageRequestWQ: block_writes: 0x7fe31000b700, num=1
2016-08-02 14:06:34.130387 7fe2d2ffd700 10 librbd::exclusive_lock::ReleaseRequest: handle_block_writes: r=0
2016-08-02 14:06:34.130389 7fe2d2ffd700 10 librbd::exclusive_lock::ReleaseRequest: send_flush_notifies
2016-08-02 14:06:34.131331 7fe2f4ff9700 20 librbd::image_watcher::Notifier: handle_notify: pending=0
2016-08-02 14:06:34.131351 7fe2d2ffd700 10 librbd::exclusive_lock::ReleaseRequest: handle_flush_notifies
2016-08-02 14:06:34.131355 7fe2d2ffd700 10 librbd::exclusive_lock::ReleaseRequest: send_close_journal
2016-08-02 14:06:34.131357 7fe2d2ffd700 20 librbd::Journal: 0x7fe308016890 close
2016-08-02 14:06:34.131359 7fe2d2ffd700 20 librbd::Journal: 0x7fe308016890 transition_state: new state=7
2016-08-02 14:06:34.131366 7fe2d2ffd700 20 librbd::Journal: 0x7fe308016890 wait_for_steady_state: on_state=0x7fe2ec00d3b0
2016-08-02 14:06:34.131384 7fe2d2ffd700 20 librbd::Journal: 0x7fe308016890 handle_recording_stopped: r=0
2016-08-02 14:06:34.131392 7fe2d2ffd700 20 librbd::Journal: 0x7fe308016890 destroy_journaler: r=0
2016-08-02 14:06:34.131394 7fe2d2ffd700 20 librbd::Journal: 0x7fe308016890 transition_state: new state=8
2016-08-02 14:06:34.177141 7fe2d2ffd700 20 librbd::Journal: 0x7fe308016890 handle_journal_destroyed: r=0
2016-08-02 14:06:34.177153 7fe2d2ffd700 20 librbd::Journal: 0x7fe308016890 transition_state: new state=9
2016-08-02 14:06:34.177156 7fe2d2ffd700 10 librbd::exclusive_lock::ReleaseRequest: handle_close_journal: r=0
2016-08-02 14:06:34.177160 7fe2d2ffd700 10 librbd::exclusive_lock::ReleaseRequest: send_unlock
2016-08-02 14:06:34.177162 7fe2d2ffd700 10 librbd::ExclusiveLock: 0x7fe308012bf0 handle_shutdown_releasing: r=0
2016-08-02 14:06:34.237243 7fe2f4ff9700 10 librbd::exclusive_lock::ReleaseRequest: handle_unlock: r=0
2016-08-02 14:06:34.237262 7fe2d2ffd700 10 librbd::ExclusiveLock: 0x7fe308012bf0 handle_shutdown_released: r=0
2016-08-02 14:06:34.237265 7fe2d2ffd700 20 librbd::AioImageRequestWQ: clear_require_lock_on_read
2016-08-02 14:06:34.237267 7fe2d2ffd700 5 librbd::AioImageRequestWQ: unblock_writes: 0x7fe31000b700, num=0
2016-08-02 14:06:34.237268 7fe2d2ffd700 10 librbd::ImageWatcher: 0x7fe3080177a0 notify released lock
2016-08-02 14:06:34.237270 7fe2d2ffd700 10 librbd::ImageWatcher: 0x7fe3080177a0 current lock owner: [0,0]
2016-08-02 14:06:34.237275 7fe2d2ffd700 20 librbd::image_watcher::Notifier: notify: pending=1
2016-08-02 14:06:34.237321 7fe2d2ffd700 10 librbd::image::CloseRequest: 0x7fe314007200 handle_shut_down_exclusive_lock: r=0
2016-08-02 14:06:34.237325 7fe2d2ffd700 10 librbd::image::CloseRequest: 0x7fe314007200 send_flush_readahead
2016-08-02 14:06:34.237327 7fe2d2ffd700 10 librbd::image::CloseRequest: 0x7fe314007200 handle_flush_readahead: r=0
2016-08-02 14:06:34.237328 7fe2d2ffd700 10 librbd::image::CloseRequest: 0x7fe314007200 send_shut_down_cache
2016-08-02 14:06:34.237329 7fe2d2ffd700 10 librbd::image::CloseRequest: 0x7fe314007200 handle_shut_down_cache: r=0
2016-08-02 14:06:34.237330 7fe2d2ffd700 10 librbd::image::CloseRequest: 0x7fe314007200 send_flush_op_work_queue
2016-08-02 14:06:34.237333 7fe2d2ffd700 10 librbd::image::CloseRequest: 0x7fe314007200 handle_flush_op_work_queue: r=0
2016-08-02 14:06:34.238686 7fe2f4ff9700 20 librbd::image_watcher::Notifier: handle_notify: pending=0
2016-08-02 14:06:34.238701 7fe2d2ffd700 10 librbd::image::CloseRequest: 0x7fe314007200 handle_flush_image_watcher: r=0
2016-08-02 14:06:34.238716 7fe2d2ffd700 10 librbd::ImageState: 0x7fe3100102e0 handle_close: r=0
2016-08-02 14:06:34.306189 7fe323dc8700 20 rbd::mirror::image_replayer::BootstrapRequest::finish: r=-17
2016-08-02 14:07:04.289432 7fe2d8ff9700 5 librbd::AioImageRequestWQ: 0x7fe31000e710 : ictx=0x7fe310008a80
2016-08-02 14:07:04.289441 7fe2d8ff9700 20 librbd::ImageState: open
2016-08-02 14:07:04.289443 7fe2d8ff9700 10 librbd::ImageState: 0x7fe3100078d0 send_open_unlock
2016-08-02 14:07:04.289446 7fe2d8ff9700 10 librbd::image::OpenRequest: 0x7fe31000a2a0 send_v2_get_name
2016-08-02 14:07:04.291086 7fe2f4ff9700 10 librbd::image::OpenRequest: handle_v2_get_name: r=0
2016-08-02 14:07:04.291090 7fe2f4ff9700 10 librbd::image::OpenRequest: 0x7fe31000a2a0 send_v2_get_immutable_metadata
2016-08-02 14:07:04.292558 7fe2f4ff9700 10 librbd::image::OpenRequest: handle_v2_get_immutable_metadata: r=0
2016-08-02 14:07:04.292562 7fe2f4ff9700 10 librbd::image::OpenRequest: 0x7fe31000a2a0 send_v2_get_stripe_unit_count
2016-08-02 14:07:04.294051 7fe2f4ff9700 10 librbd::image::OpenRequest: handle_v2_get_stripe_unit_count: r=-8
2016-08-02 14:07:04.294058 7fe2f4ff9700 10 librbd::ImageCtx: init_layout stripe_unit 4194304 stripe_count 1 object_size 4194304 prefix rbd_data.1017557e0515 format rbd_data.1017557e0515.%016llx
2016-08-02 14:07:04.294060 7fe2f4ff9700 10 librbd::image::OpenRequest: 0x7fe31000a2a0 send_v2_apply_metadata: start_key=conf_
2016-08-02 14:07:04.295477 7fe2f4ff9700 10 librbd::image::OpenRequest: 0x7fe31000a2a0 handle_v2_apply_metadata: r=0
2016-08-02 14:07:04.295482 7fe2f4ff9700 20 librbd::ImageCtx: apply_metadata
2016-08-02 14:07:04.295612 7fe2f4ff9700 10 librbd::image::OpenRequest: 0x7fe31000a2a0 send_register_watch
2016-08-02 14:07:04.295621 7fe2f4ff9700 10 librbd::ImageWatcher: 0x7fe30800ae80 registering image watcher
2016-08-02 14:07:04.708853 7fe2f4ff9700 10 librbd::image::OpenRequest: 0x7fe31000a2a0 handle_register_watch: r=0
2016-08-02 14:07:04.708860 7fe2f4ff9700 10 librbd::image::OpenRequest: 0x7fe31000a2a0 send_refresh
2016-08-02 14:07:04.708863 7fe2f4ff9700 10 librbd::image::RefreshRequest: 0x7fe30801f010 send_v2_get_mutable_metadata
2016-08-02 14:07:04.711035 7fe2f4ff9700 10 librbd::image::RefreshRequest: 0x7fe30801f010 handle_v2_get_mutable_metadata: r=0
2016-08-02 14:07:04.711042 7fe2f4ff9700 10 librbd::image::RefreshRequest: 0x7fe30801f010 send_v2_get_flags
2016-08-02 14:07:04.712477 7fe2f4ff9700 10 librbd::image::RefreshRequest: 0x7fe30801f010 handle_v2_get_flags: r=0
2016-08-02 14:07:04.712483 7fe2f4ff9700 10 librbd::image::RefreshRequest: 0x7fe30801f010 send_v2_init_exclusive_lock
2016-08-02 14:07:04.712490 7fe2f4ff9700 10 librbd::ExclusiveLock: 0x7fe30800c720 init
2016-08-02 14:07:04.712492 7fe2f4ff9700 5 librbd::AioImageRequestWQ: block_writes: 0x7fe310008a80, num=1
2016-08-02 14:07:04.712500 7fe2f4ff9700 20 librbd::AioImageRequestWQ: set_require_lock_on_read
2016-08-02 14:07:04.712524 7fe2d2ffd700 10 librbd::ExclusiveLock: 0x7fe30800c720 handle_init_complete
2016-08-02 14:07:04.712527 7fe2d2ffd700 10 librbd::image::RefreshRequest: 0x7fe30801f010 handle_v2_init_exclusive_lock: r=0
2016-08-02 14:07:04.712530 7fe2d2ffd700 10 librbd::image::RefreshRequest: 0x7fe30801f010 send_v2_apply
2016-08-02 14:07:04.712533 7fe2d2ffd700 10 librbd::image::RefreshRequest: 0x7fe30801f010 handle_v2_apply
2016-08-02 14:07:04.712535 7fe2d2ffd700 20 librbd::image::RefreshRequest: 0x7fe30801f010 apply
2016-08-02 14:07:04.712543 7fe2d2ffd700 10 librbd::image::OpenRequest: handle_refresh: r=0
2016-08-02 14:07:04.712548 7fe2d2ffd700 10 librbd::ImageState: 0x7fe3100078d0 handle_open: r=0
2016-08-02 14:07:04.712553 7fe2d2ffd700 20 librbd::Journal: get_tag_owner
2016-08-02 14:07:05.369356 7fe2f4ff9700 20 librbd::Journal: 0x7fe2ec0195e0 process: most recent journal tag: tid=2, data=[mirror_uuid=<orphan>, predecessor_mirror_uuid=0e03fa0e-b67a-4332-a578-d73531ddc988, predecessor_tag_tid=1, predecessor_entry_tid=3]
2016-08-02 14:07:05.664154 7fe2d2ffd700 20 librbd::ExclusiveLock: 0x7fe30800c720 block_requests
2016-08-02 14:07:05.664158 7fe2d2ffd700 10 librbd::ExclusiveLock: 0x7fe30800c720 request_lock
2016-08-02 14:07:05.664161 7fe2d2ffd700 10 librbd::ExclusiveLock: 0x7fe30800c720 send_acquire_lock
2016-08-02 14:07:05.664168 7fe2d2ffd700 10 librbd::exclusive_lock::AcquireRequest: send_flush_notifies
2016-08-02 14:07:05.664176 7fe2d2ffd700 10 librbd::exclusive_lock::AcquireRequest: handle_flush_notifies
2016-08-02 14:07:05.664177 7fe2d2ffd700 10 librbd::exclusive_lock::AcquireRequest: send_lock
2016-08-02 14:07:05.747139 7fe2f4ff9700 10 librbd::exclusive_lock::AcquireRequest: handle_lock: r=0
2016-08-02 14:07:05.747147 7fe2f4ff9700 10 librbd::ExclusiveLock: 0x7fe30800c720 handle_acquiring_lock
2016-08-02 14:07:05.747149 7fe2f4ff9700 10 librbd::exclusive_lock::AcquireRequest: send_open_journal
2016-08-02 14:07:05.747156 7fe2f4ff9700 5 librbd::Journal: 0x7fe30801def0: ictx=0x7fe310008a80
2016-08-02 14:07:05.747164 7fe2f4ff9700 20 librbd::Journal: 0x7fe30801def0 open
2016-08-02 14:07:05.747166 7fe2f4ff9700 20 librbd::Journal: 0x7fe30801def0 wait_for_steady_state: on_state=0x7fe308009ec0
2016-08-02 14:07:05.747168 7fe2f4ff9700 20 librbd::Journal: 0x7fe30801def0 create_journaler
