2014-06-04 13:47:31.203742 7f5b145ec700 10 -- [2a00:f10:121:200:0:2:6801:5]:0/1005152 >> [2a00:f10:121:200::6789:2]:6789/0 pipe(0xcee5f0 sd=3 :34443 s=2 pgs=317544 cs=1 l=1 c=0xcee860).reader got message 10 0x7f5afc025530 mon_subscribe_ack(300s) v1
243
2014-06-04 13:47:31.203758 7f5b145ec700 20 -- [2a00:f10:121:200:0:2:6801:5]:0/1005152 queue 0x7f5afc025530 prio 196
244
2014-06-04 13:47:31.203762 7f5b155ee700 10 -- [2a00:f10:121:200:0:2:6801:5]:0/1005152 dispatch_throttle_release 20 to dispatch throttler 51053/104857600
245
2014-06-04 13:47:31.203771 7f5b155ee700 20 -- [2a00:f10:121:200:0:2:6801:5]:0/1005152 done calling dispatch on 0x7f5afc016830
246
2014-06-04 13:47:31.203773 7f5b145ec700 20 -- [2a00:f10:121:200:0:2:6801:5]:0/1005152 >> [2a00:f10:121:200::6789:2]:6789/0 pipe(0xcee5f0 sd=3 :34443 s=2 pgs=317544 cs=1 l=1 c=0xcee860).reader reading tag...
247
2014-06-04 13:47:31.203782 7f5b1a973700 10 -- [2a00:f10:121:200:0:2:6801:5]:0/1005152 >> [2a00:f10:121:200::6789:2]:6789/0 pipe(0xcee5f0 sd=3 :34443 s=2 pgs=317544 cs=1 l=1 c=0xcee860).writer: state = open policy.server=0
248
2014-06-04 13:47:31.203790 7f5b155ee700  1 -- [2a00:f10:121:200:0:2:6801:5]:0/1005152 <== mon.1 [2a00:f10:121:200::6789:2]:6789/0 9 ==== osd_map(25167..25167 src has 24509..25167) v3 ==== 51013+0+0 (2128544996 0 0) 0x7f5afc0241b0 con 0xcee860
249
2014-06-04 13:47:31.203806 7f5b1a973700 10 -- [2a00:f10:121:200:0:2:6801:5]:0/1005152 >> [2a00:f10:121:200::6789:2]:6789/0 pipe(0xcee5f0 sd=3 :34443 s=2 pgs=317544 cs=1 l=1 c=0xcee860).write_ack 10
250
2014-06-04 13:47:31.203827 7f5b1a973700 10 -- [2a00:f10:121:200:0:2:6801:5]:0/1005152 >> [2a00:f10:121:200::6789:2]:6789/0 pipe(0xcee5f0 sd=3 :34443 s=2 pgs=317544 cs=1 l=1 c=0xcee860).writer: state = open policy.server=0
251
2014-06-04 13:47:31.203847 7f5b1a973700 20 -- [2a00:f10:121:200:0:2:6801:5]:0/1005152 >> [2a00:f10:121:200::6789:2]:6789/0 pipe(0xcee5f0 sd=3 :34443 s=2 pgs=317544 cs=1 l=1 c=0xcee860).writer sleeping
252
2014-06-04 13:47:31.203864 7f5b1a97b780 10 -- [2a00:f10:121:200:0:2:6801:5]:0/1005152 connect_rank to [2a00:f10:121:200::6789:10]:6800/29479, creating pipe and registering
253
2014-06-04 13:47:31.203942 7f5b1a97b780 10 -- [2a00:f10:121:200:0:2:6801:5]:0/1005152 >> [2a00:f10:121:200::6789:10]:6800/29479 pipe(0xcf12e0 sd=-1 :0 s=1 pgs=0 cs=0 l=1 c=0xcf1550).register_pipe
254
2014-06-04 13:47:31.203961 7f5b1a97b780 10 -- [2a00:f10:121:200:0:2:6801:5]:0/1005152 get_connection osd.56 [2a00:f10:121:200::6789:10]:6800/29479 new 0xcf12e0
255
2014-06-04 13:47:31.203992 7f5b1a97b780  1 -- [2a00:f10:121:200:0:2:6801:5]:0/1005152 --> [2a00:f10:121:200::6789:10]:6800/29479 -- osd_op(client.952555.0:1 rbd_directory [read 0~0] 20.30a98c1c ack+read e25167) v4 -- ?+0 0xcf1b60 con 0xcf1550
256
2014-06-04 13:47:31.204001 7f5b144eb700 10 -- [2a00:f10:121:200:0:2:6801:5]:0/1005152 >> [2a00:f10:121:200::6789:10]:6800/29479 pipe(0xcf12e0 sd=-1 :0 s=1 pgs=0 cs=0 l=1 c=0xcf1550).writer: state = connecting policy.server=0
257
2014-06-04 13:47:31.204165 7f5b144eb700 10 -- [2a00:f10:121:200:0:2:6801:5]:0/1005152 >> [2a00:f10:121:200::6789:10]:6800/29479 pipe(0xcf12e0 sd=-1 :0 s=1 pgs=0 cs=0 l=1 c=0xcf1550).connect 0
258
2014-06-04 13:47:31.204202 7f5b1a97b780 20 -- [2a00:f10:121:200:0:2:6801:5]:0/1005152 submit_message osd_op(client.952555.0:1 rbd_directory [read 0~0] 20.30a98c1c ack+read e25167) v4 remote, [2a00:f10:121:200::6789:10]:6800/29479, have pipe.
259
2014-06-04 13:47:31.204206 7f5b144eb700 10 -- [2a00:f10:121:200:0:2:6801:5]:0/1005152 >> [2a00:f10:121:200::6789:10]:6800/29479 pipe(0xcf12e0 sd=4 :0 s=1 pgs=0 cs=0 l=1 c=0xcf1550).connecting to [2a00:f10:121:200::6789:10]:6800/29479
260
2014-06-04 13:47:31.204245 7f5b155ee700 10 -- [2a00:f10:121:200:0:2:6801:5]:0/1005152 dispatch_throttle_release 51013 to dispatch throttler 51033/104857600
261
2014-06-04 13:47:31.204257 7f5b155ee700 20 -- [2a00:f10:121:200:0:2:6801:5]:0/1005152 done calling dispatch on 0x7f5afc0241b0
262
2014-06-04 13:47:31.204267 7f5b155ee700  1 -- [2a00:f10:121:200:0:2:6801:5]:0/1005152 <== mon.1 [2a00:f10:121:200::6789:2]:6789/0 10 ==== mon_subscribe_ack(300s) v1 ==== 20+0+0 (3541125974 0 0) 0x7f5afc025530 con 0xcee860
263
2014-06-04 13:47:31.204284 7f5b155ee700 10 -- [2a00:f10:121:200:0:2:6801:5]:0/1005152 dispatch_throttle_release 20 to dispatch throttler 20/104857600
264
2014-06-04 13:47:31.204292 7f5b155ee700 20 -- [2a00:f10:121:200:0:2:6801:5]:0/1005152 done calling dispatch on 0x7f5afc025530
265
2014-06-04 13:47:31.206949 7f5b144eb700 20 -- [2a00:f10:121:200:0:2:6801:5]:0/1005152 >> [2a00:f10:121:200::6789:10]:6800/29479 pipe(0xcf12e0 sd=4 :53860 s=1 pgs=0 cs=0 l=1 c=0xcf1550).connect read peer addr [2a00:f10:121:200::6789:10]:6800/29479 on socket 4
266
2014-06-04 13:47:31.206997 7f5b144eb700 20 -- [2a00:f10:121:200:0:2:6801:5]:0/1005152 >> [2a00:f10:121:200::6789:10]:6800/29479 pipe(0xcf12e0 sd=4 :53860 s=1 pgs=0 cs=0 l=1 c=0xcf1550).connect peer addr for me is [2a00:f10:121:200:0:2:6801:5]:53860/0
267
2014-06-04 13:47:31.207041 7f5b144eb700 10 -- [2a00:f10:121:200:0:2:6801:5]:0/1005152 >> [2a00:f10:121:200::6789:10]:6800/29479 pipe(0xcf12e0 sd=4 :53860 s=1 pgs=0 cs=0 l=1 c=0xcf1550).connect sent my addr [2a00:f10:121:200:0:2:6801:5]:0/1005152
268
2014-06-04 13:47:31.207174 7f5b144eb700 10 -- [2a00:f10:121:200:0:2:6801:5]:0/1005152 >> [2a00:f10:121:200::6789:10]:6800/29479 pipe(0xcf12e0 sd=4 :53860 s=1 pgs=0 cs=0 l=1 c=0xcf1550).connect.authorizer_len=190 protocol=2
269
2014-06-04 13:47:31.207195 7f5b144eb700 10 -- [2a00:f10:121:200:0:2:6801:5]:0/1005152 >> [2a00:f10:121:200::6789:10]:6800/29479 pipe(0xcf12e0 sd=4 :53860 s=1 pgs=0 cs=0 l=1 c=0xcf1550).connect sending gseq=2 cseq=0 proto=24
270
2014-06-04 13:47:31.207219 7f5b144eb700 20 -- [2a00:f10:121:200:0:2:6801:5]:0/1005152 >> [2a00:f10:121:200::6789:10]:6800/29479 pipe(0xcf12e0 sd=4 :53860 s=1 pgs=0 cs=0 l=1 c=0xcf1550).connect wrote (self +) cseq, waiting for reply
271
2014-06-04 13:47:31.207750 7f5b144eb700 20 -- [2a00:f10:121:200:0:2:6801:5]:0/1005152 >> [2a00:f10:121:200::6789:10]:6800/29479 pipe(0xcf12e0 sd=4 :53860 s=1 pgs=0 cs=0 l=1 c=0xcf1550).connect got reply tag 1 connect_seq 1 global_seq 15647 proto 24 flags 1 features 4432406249471
272
2014-06-04 13:47:31.207770 7f5b144eb700 10 -- [2a00:f10:121:200:0:2:6801:5]:0/1005152 >> [2a00:f10:121:200::6789:10]:6800/29479 pipe(0xcf12e0 sd=4 :53860 s=1 pgs=0 cs=0 l=1 c=0xcf1550).reply.authorizer_len=36
273
2014-06-04 13:47:31.207852 7f5b144eb700 10 -- [2a00:f10:121:200:0:2:6801:5]:0/1005152 >> [2a00:f10:121:200::6789:10]:6800/29479 pipe(0xcf12e0 sd=4 :53860 s=2 pgs=15647 cs=1 l=1 c=0xcf1550).connect success 1, lossy = 1, features 4432406249471
274
2014-06-04 13:47:31.207883 7f5b144eb700 20 -- [2a00:f10:121:200:0:2:6801:5]:0/1005152 >> [2a00:f10:121:200::6789:10]:6800/29479 pipe(0xcf12e0 sd=4 :53860 s=2 pgs=15647 cs=1 l=1 c=0xcf1550).connect starting reader
275
2014-06-04 13:47:31.208040 7f5b144eb700 10 -- [2a00:f10:121:200:0:2:6801:5]:0/1005152 >> [2a00:f10:121:200::6789:10]:6800/29479 pipe(0xcf12e0 sd=4 :53860 s=2 pgs=15647 cs=1 l=1 c=0xcf1550).writer: state = open policy.server=0
276
2014-06-04 13:47:31.208061 7f5b144eb700 20 -- [2a00:f10:121:200:0:2:6801:5]:0/1005152 >> [2a00:f10:121:200::6789:10]:6800/29479 pipe(0xcf12e0 sd=4 :53860 s=2 pgs=15647 cs=1 l=1 c=0xcf1550).writer encoding 1 features 4432406249471 0xcf1b60 osd_op(client.952555.0:1 rbd_directory [read 0~0] 20.30a98c1c ack+read e25167) v4
277
2014-06-04 13:47:31.208184 7f5b144eb700 20 -- [2a00:f10:121:200:0:2:6801:5]:0/1005152 >> [2a00:f10:121:200::6789:10]:6800/29479 pipe(0xcf12e0 sd=4 :53860 s=2 pgs=15647 cs=1 l=1 c=0xcf1550).writer signed seq # 1): sig = 4506497420958166164
278
2014-06-04 13:47:31.208206 7f5b144eb700 20 -- [2a00:f10:121:200:0:2:6801:5]:0/1005152 >> [2a00:f10:121:200::6789:10]:6800/29479 pipe(0xcf12e0 sd=4 :53860 s=2 pgs=15647 cs=1 l=1 c=0xcf1550).writer sending 1 0xcf1b60
279
2014-06-04 13:47:31.208262 7f5b144eb700 10 -- [2a00:f10:121:200:0:2:6801:5]:0/1005152 >> [2a00:f10:121:200::6789:10]:6800/29479 pipe(0xcf12e0 sd=4 :53860 s=2 pgs=15647 cs=1 l=1 c=0xcf1550).writer: state = open policy.server=0
280
2014-06-04 13:47:31.208218 7f5b143ea700 20 -- [2a00:f10:121:200:0:2:6801:5]:0/1005152 >> [2a00:f10:121:200::6789:10]:6800/29479 pipe(0xcf12e0 sd=4 :53860 s=2 pgs=15647 cs=1 l=1 c=0xcf1550).reader reading tag...
281
2014-06-04 13:47:31.208278 7f5b144eb700 20 -- [2a00:f10:121:200:0:2:6801:5]:0/1005152 >> [2a00:f10:121:200::6789:10]:6800/29479 pipe(0xcf12e0 sd=4 :53860 s=2 pgs=15647 cs=1 l=1 c=0xcf1550).writer sleeping
282
2014-06-04 13:47:31.209471 7f5b143ea700 20 -- [2a00:f10:121:200:0:2:6801:5]:0/1005152 >> [2a00:f10:121:200::6789:10]:6800/29479 pipe(0xcf12e0 sd=4 :53860 s=2 pgs=15647 cs=1 l=1 c=0xcf1550).reader got ACK
283
2014-06-04 13:47:31.209511 7f5b143ea700 15 -- [2a00:f10:121:200:0:2:6801:5]:0/1005152 >> [2a00:f10:121:200::6789:10]:6800/29479 pipe(0xcf12e0 sd=4 :53860 s=2 pgs=15647 cs=1 l=1 c=0xcf1550).reader got ack seq 1
284
2014-06-04 13:47:31.209536 7f5b143ea700 20 -- [2a00:f10:121:200:0:2:6801:5]:0/1005152 >> [2a00:f10:121:200::6789:10]:6800/29479 pipe(0xcf12e0 sd=4 :53860 s=2 pgs=15647 cs=1 l=1 c=0xcf1550).reader reading tag...
285
2014-06-04 13:47:31.209554 7f5b143ea700 20 -- [2a00:f10:121:200:0:2:6801:5]:0/1005152 >> [2a00:f10:121:200::6789:10]:6800/29479 pipe(0xcf12e0 sd=4 :53860 s=2 pgs=15647 cs=1 l=1 c=0xcf1550).reader got MSG
286
2014-06-04 13:47:31.209584 7f5b143ea700 20 -- [2a00:f10:121:200:0:2:6801:5]:0/1005152 >> [2a00:f10:121:200::6789:10]:6800/29479 pipe(0xcf12e0 sd=4 :53860 s=2 pgs=15647 cs=1 l=1 c=0xcf1550).reader got envelope type=43 src osd.56 front=112 data=0 off 0
287
2014-06-04 13:47:31.209607 7f5b143ea700 10 -- [2a00:f10:121:200:0:2:6801:5]:0/1005152 >> [2a00:f10:121:200::6789:10]:6800/29479 pipe(0xcf12e0 sd=4 :53860 s=2 pgs=15647 cs=1 l=1 c=0xcf1550).reader wants 112 from dispatch throttler 0/104857600
288
2014-06-04 13:47:31.209630 7f5b143ea700 20 -- [2a00:f10:121:200:0:2:6801:5]:0/1005152 >> [2a00:f10:121:200::6789:10]:6800/29479 pipe(0xcf12e0 sd=4 :53860 s=2 pgs=15647 cs=1 l=1 c=0xcf1550).reader got front 112
289
2014-06-04 13:47:31.209648 7f5b143ea700 10 -- [2a00:f10:121:200:0:2:6801:5]:0/1005152 >> [2a00:f10:121:200::6789:10]:6800/29479 pipe(0xcf12e0 sd=4 :53860 s=2 pgs=15647 cs=1 l=1 c=0xcf1550).aborted = 0
290
2014-06-04 13:47:31.209660 7f5b143ea700 20 -- [2a00:f10:121:200:0:2:6801:5]:0/1005152 >> [2a00:f10:121:200::6789:10]:6800/29479 pipe(0xcf12e0 sd=4 :53860 s=2 pgs=15647 cs=1 l=1 c=0xcf1550).reader got 112 + 0 + 0 byte message
291
2014-06-04 13:47:31.209837 7f5b143ea700 10 -- [2a00:f10:121:200:0:2:6801:5]:0/1005152 >> [2a00:f10:121:200::6789:10]:6800/29479 pipe(0xcf12e0 sd=4 :53860 s=2 pgs=15647 cs=1 l=1 c=0xcf1550).reader got message 1 0x7f5af8001a30 osd_op_reply(1 rbd_directory [read 0~0] v25167'300792 uv300792 ondisk = 0) v4
292
2014-06-04 13:47:31.209871 7f5b143ea700 20 -- [2a00:f10:121:200:0:2:6801:5]:0/1005152 queue 0x7f5af8001a30 prio 127
293
2014-06-04 13:47:31.209914 7f5b143ea700 20 -- [2a00:f10:121:200:0:2:6801:5]:0/1005152 >> [2a00:f10:121:200::6789:10]:6800/29479 pipe(0xcf12e0 sd=4 :53860 s=2 pgs=15647 cs=1 l=1 c=0xcf1550).reader reading tag...
294
2014-06-04 13:47:31.209924 7f5b144eb700 10 -- [2a00:f10:121:200:0:2:6801:5]:0/1005152 >> [2a00:f10:121:200::6789:10]:6800/29479 pipe(0xcf12e0 sd=4 :53860 s=2 pgs=15647 cs=1 l=1 c=0xcf1550).writer: state = open policy.server=0
295
2014-06-04 13:47:31.209969 7f5b144eb700 10 -- [2a00:f10:121:200:0:2:6801:5]:0/1005152 >> [2a00:f10:121:200::6789:10]:6800/29479 pipe(0xcf12e0 sd=4 :53860 s=2 pgs=15647 cs=1 l=1 c=0xcf1550).write_ack 1
296
2014-06-04 13:47:31.209967 7f5b155ee700  1 -- [2a00:f10:121:200:0:2:6801:5]:0/1005152 <== osd.56 [2a00:f10:121:200::6789:10]:6800/29479 1 ==== osd_op_reply(1 rbd_directory [read 0~0] v25167'300792 uv300792 ondisk = 0) v4 ==== 112+0+0 (4061601790 0 0) 0x7f5af8001a30 con 0xcf1550
297
2014-06-04 13:47:31.209999 7f5b144eb700 10 -- [2a00:f10:121:200:0:2:6801:5]:0/1005152 >> [2a00:f10:121:200::6789:10]:6800/29479 pipe(0xcf12e0 sd=4 :53860 s=2 pgs=15647 cs=1 l=1 c=0xcf1550).writer: state = open policy.server=0
298
2014-06-04 13:47:31.210039 7f5b144eb700 20 -- [2a00:f10:121:200:0:2:6801:5]:0/1005152 >> [2a00:f10:121:200::6789:10]:6800/29479 pipe(0xcf12e0 sd=4 :53860 s=2 pgs=15647 cs=1 l=1 c=0xcf1550).writer sleeping
299
2014-06-04 13:47:31.210088 7f5b155ee700 10 -- [2a00:f10:121:200:0:2:6801:5]:0/1005152 dispatch_throttle_release 112 to dispatch throttler 112/104857600
300
2014-06-04 13:47:31.210102 7f5b155ee700 20 -- [2a00:f10:121:200:0:2:6801:5]:0/1005152 done calling dispatch on 0x7f5af8001a30
301
2014-06-04 13:47:31.210267 7f5b1a97b780  1 -- [2a00:f10:121:200:0:2:6801:5]:0/1005152 --> [2a00:f10:121:200::6789:10]:6800/29479 -- osd_op(client.952555.0:2 rbd_directory [call rbd.dir_list] 20.30a98c1c ack+read e25167) v4 -- ?+0 0xcf1b60 con 0xcf1550
302
2014-06-04 13:47:31.210323 7f5b1a97b780 20 -- [2a00:f10:121:200:0:2:6801:5]:0/1005152 submit_message osd_op(client.952555.0:2 rbd_directory [call rbd.dir_list] 20.30a98c1c ack+read e25167) v4 remote, [2a00:f10:121:200::6789:10]:6800/29479, have pipe.
303
2014-06-04 13:47:31.210362 7f5b144eb700 10 -- [2a00:f10:121:200:0:2:6801:5]:0/1005152 >> [2a00:f10:121:200::6789:10]:6800/29479 pipe(0xcf12e0 sd=4 :53860 s=2 pgs=15647 cs=1 l=1 c=0xcf1550).writer: state = open policy.server=0
304
2014-06-04 13:47:31.210384 7f5b144eb700 20 -- [2a00:f10:121:200:0:2:6801:5]:0/1005152 >> [2a00:f10:121:200::6789:10]:6800/29479 pipe(0xcf12e0 sd=4 :53860 s=2 pgs=15647 cs=1 l=1 c=0xcf1550).writer encoding 2 features 4432406249471 0xcf1b60 osd_op(client.952555.0:2 rbd_directory [call rbd.dir_list] 20.30a98c1c ack+read e25167) v4
305
2014-06-04 13:47:31.210532 7f5b144eb700 20 -- [2a00:f10:121:200:0:2:6801:5]:0/1005152 >> [2a00:f10:121:200::6789:10]:6800/29479 pipe(0xcf12e0 sd=4 :53860 s=2 pgs=15647 cs=1 l=1 c=0xcf1550).writer signed seq # 2): sig = 17024068507504006093
306
2014-06-04 13:47:31.210555 7f5b144eb700 20 -- [2a00:f10:121:200:0:2:6801:5]:0/1005152 >> [2a00:f10:121:200::6789:10]:6800/29479 pipe(0xcf12e0 sd=4 :53860 s=2 pgs=15647 cs=1 l=1 c=0xcf1550).writer sending 2 0xcf1b60
307
2014-06-04 13:47:31.210608 7f5b144eb700 10 -- [2a00:f10:121:200:0:2:6801:5]:0/1005152 >> [2a00:f10:121:200::6789:10]:6800/29479 pipe(0xcf12e0 sd=4 :53860 s=2 pgs=15647 cs=1 l=1 c=0xcf1550).writer: state = open policy.server=0
308
2014-06-04 13:47:31.210627 7f5b144eb700 20 -- [2a00:f10:121:200:0:2:6801:5]:0/1005152 >> [2a00:f10:121:200::6789:10]:6800/29479 pipe(0xcf12e0 sd=4 :53860 s=2 pgs=15647 cs=1 l=1 c=0xcf1550).writer sleeping
309
2014-06-04 13:47:34.195164 7f5b0ffff700 20 -- [2a00:f10:121:200:0:2:6801:5]:0/1005152 send_keepalive con 0xcee860, have pipe.
310
2014-06-04 13:47:34.195262 7f5b1a973700 10 -- [2a00:f10:121:200:0:2:6801:5]:0/1005152 >> [2a00:f10:121:200::6789:2]:6789/0 pipe(0xcee5f0 sd=3 :34443 s=2 pgs=317544 cs=1 l=1 c=0xcee860).writer: state = open policy.server=0
311
2014-06-04 13:47:34.195326 7f5b1a973700 10 -- [2a00:f10:121:200:0:2:6801:5]:0/1005152 >> [2a00:f10:121:200::6789:2]:6789/0 pipe(0xcee5f0 sd=3 :34443 s=2 pgs=317544 cs=1 l=1 c=0xcee860).write_keepalive2 14 2014-06-04 13:47:34.195325
312
2014-06-04 13:47:34.195413 7f5b1a973700 10 -- [2a00:f10:121:200:0:2:6801:5]:0/1005152 >> [2a00:f10:121:200::6789:2]:6789/0 pipe(0xcee5f0 sd=3 :34443 s=2 pgs=317544 cs=1 l=1 c=0xcee860).writer: state = open policy.server=0
313
2014-06-04 13:47:34.195439 7f5b1a973700 20 -- [2a00:f10:121:200:0:2:6801:5]:0/1005152 >> [2a00:f10:121:200::6789:2]:6789/0 pipe(0xcee5f0 sd=3 :34443 s=2 pgs=317544 cs=1 l=1 c=0xcee860).writer sleeping
314
2014-06-04 13:47:34.195620 7f5b145ec700 20 -- [2a00:f10:121:200:0:2:6801:5]:0/1005152 >> [2a00:f10:121:200::6789:2]:6789/0 pipe(0xcee5f0 sd=3 :34443 s=2 pgs=317544 cs=1 l=1 c=0xcee860).reader got KEEPALIVE_ACK
315
2014-06-04 13:47:34.195670 7f5b145ec700 20 -- [2a00:f10:121:200:0:2:6801:5]:0/1005152 >> [2a00:f10:121:200::6789:2]:6789/0 pipe(0xcee5f0 sd=3 :34443 s=2 pgs=317544 cs=1 l=1 c=0xcee860).reader reading tag...
316
2014-06-04 13:47:44.195396 7f5b0ffff700 20 -- [2a00:f10:121:200:0:2:6801:5]:0/1005152 send_keepalive con 0xcee860, have pipe.
317
2014-06-04 13:47:44.195504 7f5b1a973700 10 -- [2a00:f10:121:200:0:2:6801:5]:0/1005152 >> [2a00:f10:121:200::6789:2]:6789/0 pipe(0xcee5f0 sd=3 :34443 s=2 pgs=317544 cs=1 l=1 c=0xcee860).writer: state = open policy.server=0
318
2014-06-04 13:47:44.195575 7f5b1a973700 10 -- [2a00:f10:121:200:0:2:6801:5]:0/1005152 >> [2a00:f10:121:200::6789:2]:6789/0 pipe(0xcee5f0 sd=3 :34443 s=2 pgs=317544 cs=1 l=1 c=0xcee860).write_keepalive2 14 2014-06-04 13:47:44.195574
319
2014-06-04 13:47:44.195632 7f5b1a973700 10 -- [2a00:f10:121:200:0:2:6801:5]:0/1005152 >> [2a00:f10:121:200::6789:2]:6789/0 pipe(0xcee5f0 sd=3 :34443 s=2 pgs=317544 cs=1 l=1 c=0xcee860).writer: state = open policy.server=0
320
2014-06-04 13:47:44.195661 7f5b1a973700 20 -- [2a00:f10:121:200:0:2:6801:5]:0/1005152 >> [2a00:f10:121:200::6789:2]:6789/0 pipe(0xcee5f0 sd=3 :34443 s=2 pgs=317544 cs=1 l=1 c=0xcee860).writer sleeping
321
2014-06-04 13:47:44.195839 7f5b145ec700 20 -- [2a00:f10:121:200:0:2:6801:5]:0/1005152 >> [2a00:f10:121:200::6789:2]:6789/0 pipe(0xcee5f0 sd=3 :34443 s=2 pgs=317544 cs=1 l=1 c=0xcee860).reader got KEEPALIVE_ACK
322
2014-06-04 13:47:44.195907 7f5b145ec700 20 -- [2a00:f10:121:200:0:2:6801:5]:0/1005152 >> [2a00:f10:121:200::6789:2]:6789/0 pipe(0xcee5f0 sd=3 :34443 s=2 pgs=317544 cs=1 l=1 c=0xcee860).reader reading tag...
323
2014-06-04 13:47:46.201821 7f5b0effd700  1 -- [2a00:f10:121:200:0:2:6801:5]:0/1005152 --> [2a00:f10:121:200::6789:2]:6789/0 -- mon_subscribe({monmap=2+,osdmap=25168}) v2 -- ?+0 0x7f5af0000ab0 con 0xcee860
324
2014-06-04 13:47:46.201843 7f5b0effd700 20 -- [2a00:f10:121:200:0:2:6801:5]:0/1005152 submit_message mon_subscribe({monmap=2+,osdmap=25168}) v2 remote, [2a00:f10:121:200::6789:2]:6789/0, have pipe.
325
2014-06-04 13:47:46.201881 7f5b0effd700  1 -- [2a00:f10:121:200:0:2:6801:5]:0/1005152 --> [2a00:f10:121:200::6789:10]:6800/29479 -- ping v1 -- ?+0 0x7f5af00010c0 con 0xcf1550
326
2014-06-04 13:47:46.201898 7f5b0effd700 20 -- [2a00:f10:121:200:0:2:6801:5]:0/1005152 submit_message ping v1 remote, [2a00:f10:121:200::6789:10]:6800/29479, have pipe.
327
2014-06-04 13:47:46.201953 7f5b1a973700 10 -- [2a00:f10:121:200:0:2:6801:5]:0/1005152 >> [2a00:f10:121:200::6789:2]:6789/0 pipe(0xcee5f0 sd=3 :34443 s=2 pgs=317544 cs=1 l=1 c=0xcee860).writer: state = open policy.server=0
328
2014-06-04 13:47:46.201984 7f5b144eb700 10 -- [2a00:f10:121:200:0:2:6801:5]:0/1005152 >> [2a00:f10:121:200::6789:10]:6800/29479 pipe(0xcf12e0 sd=4 :53860 s=2 pgs=15647 cs=1 l=1 c=0xcf1550).writer: state = open policy.server=0
329
2014-06-04 13:47:46.202028 7f5b1a973700 20 -- [2a00:f10:121:200:0:2:6801:5]:0/1005152 >> [2a00:f10:121:200::6789:2]:6789/0 pipe(0xcee5f0 sd=3 :34443 s=2 pgs=317544 cs=1 l=1 c=0xcee860).writer encoding 7 features 4432406249471 0x7f5af0000ab0 mon_subscribe({monmap=2+,osdmap=25168}) v2
330
2014-06-04 13:47:46.202054 7f5b144eb700 20 -- [2a00:f10:121:200:0:2:6801:5]:0/1005152 >> [2a00:f10:121:200::6789:10]:6800/29479 pipe(0xcf12e0 sd=4 :53860 s=2 pgs=15647 cs=1 l=1 c=0xcf1550).writer encoding 3 features 4432406249471 0x7f5af00010c0 ping v1
331
2014-06-04 13:47:46.202087 7f5b1a973700 20 -- [2a00:f10:121:200:0:2:6801:5]:0/1005152 >> [2a00:f10:121:200::6789:2]:6789/0 pipe(0xcee5f0 sd=3 :34443 s=2 pgs=317544 cs=1 l=1 c=0xcee860).writer no session security
332
2014-06-04 13:47:46.202104 7f5b1a973700 20 -- [2a00:f10:121:200:0:2:6801:5]:0/1005152 >> [2a00:f10:121:200::6789:2]:6789/0 pipe(0xcee5f0 sd=3 :34443 s=2 pgs=317544 cs=1 l=1 c=0xcee860).writer sending 7 0x7f5af0000ab0
333
2014-06-04 13:47:46.202163 7f5b1a973700 10 -- [2a00:f10:121:200:0:2:6801:5]:0/1005152 >> [2a00:f10:121:200::6789:2]:6789/0 pipe(0xcee5f0 sd=3 :34443 s=2 pgs=317544 cs=1 l=1 c=0xcee860).writer: state = open policy.server=0
334
2014-06-04 13:47:46.202168 7f5b144eb700 20 -- [2a00:f10:121:200:0:2:6801:5]:0/1005152 >> [2a00:f10:121:200::6789:10]:6800/29479 pipe(0xcf12e0 sd=4 :53860 s=2 pgs=15647 cs=1 l=1 c=0xcf1550).writer signed seq # 3): sig = 1991265471342313136
335
2014-06-04 13:47:46.202178 7f5b1a973700 20 -- [2a00:f10:121:200:0:2:6801:5]:0/1005152 >> [2a00:f10:121:200::6789:2]:6789/0 pipe(0xcee5f0 sd=3 :34443 s=2 pgs=317544 cs=1 l=1 c=0xcee860).writer sleeping
336
2014-06-04 13:47:46.202190 7f5b144eb700 20 -- [2a00:f10:121:200:0:2:6801:5]:0/1005152 >> [2a00:f10:121:200::6789:10]:6800/29479 pipe(0xcf12e0 sd=4 :53860 s=2 pgs=15647 cs=1 l=1 c=0xcf1550).writer sending 3 0x7f5af00010c0
337
2014-06-04 13:47:46.202250 7f5b144eb700 10 -- [2a00:f10:121:200:0:2:6801:5]:0/1005152 >> [2a00:f10:121:200::6789:10]:6800/29479 pipe(0xcf12e0 sd=4 :53860 s=2 pgs=15647 cs=1 l=1 c=0xcf1550).writer: state = open policy.server=0
338
2014-06-04 13:47:46.202265 7f5b144eb700 20 -- [2a00:f10:121:200:0:2:6801:5]:0/1005152 >> [2a00:f10:121:200::6789:10]:6800/29479 pipe(0xcf12e0 sd=4 :53860 s=2 pgs=15647 cs=1 l=1 c=0xcf1550).writer sleeping
339
2014-06-04 13:47:46.202399 7f5b145ec700 20 -- [2a00:f10:121:200:0:2:6801:5]:0/1005152 >> [2a00:f10:121:200::6789:2]:6789/0 pipe(0xcee5f0 sd=3 :34443 s=2 pgs=317544 cs=1 l=1 c=0xcee860).reader got ACK
340
2014-06-04 13:47:46.202438 7f5b145ec700 15 -- [2a00:f10:121:200:0:2:6801:5]:0/1005152 >> [2a00:f10:121:200::6789:2]:6789/0 pipe(0xcee5f0 sd=3 :34443 s=2 pgs=317544 cs=1 l=1 c=0xcee860).reader got ack seq 7
341
2014-06-04 13:47:46.202456 7f5b145ec700 20 -- [2a00:f10:121:200:0:2:6801:5]:0/1005152 >> [2a00:f10:121:200::6789:2]:6789/0 pipe(0xcee5f0 sd=3 :34443 s=2 pgs=317544 cs=1 l=1 c=0xcee860).reader reading tag...
342
2014-06-04 13:47:46.202472 7f5b145ec700 20 -- [2a00:f10:121:200:0:2:6801:5]:0/1005152 >> [2a00:f10:121:200::6789:2]:6789/0 pipe(0xcee5f0 sd=3 :34443 s=2 pgs=317544 cs=1 l=1 c=0xcee860).reader got MSG
343
2014-06-04 13:47:46.202491 7f5b145ec700 20 -- [2a00:f10:121:200:0:2:6801:5]:0/1005152 >> [2a00:f10:121:200::6789:2]:6789/0 pipe(0xcee5f0 sd=3 :34443 s=2 pgs=317544 cs=1 l=1 c=0xcee860).reader got envelope type=16 src mon.1 front=20 data=0 off 0
344
2014-06-04 13:47:46.202508 7f5b145ec700 10 -- [2a00:f10:121:200:0:2:6801:5]:0/1005152 >> [2a00:f10:121:200::6789:2]:6789/0 pipe(0xcee5f0 sd=3 :34443 s=2 pgs=317544 cs=1 l=1 c=0xcee860).reader wants 20 from dispatch throttler 0/104857600
345
2014-06-04 13:47:46.202532 7f5b145ec700 20 -- [2a00:f10:121:200:0:2:6801:5]:0/1005152 >> [2a00:f10:121:200::6789:2]:6789/0 pipe(0xcee5f0 sd=3 :34443 s=2 pgs=317544 cs=1 l=1 c=0xcee860).reader got front 20
346
2014-06-04 13:47:46.202549 7f5b145ec700 10 -- [2a00:f10:121:200:0:2:6801:5]:0/1005152 >> [2a00:f10:121:200::6789:2]:6789/0 pipe(0xcee5f0 sd=3 :34443 s=2 pgs=317544 cs=1 l=1 c=0xcee860).aborted = 0
347
2014-06-04 13:47:46.202562 7f5b145ec700 20 -- [2a00:f10:121:200:0:2:6801:5]:0/1005152 >> [2a00:f10:121:200::6789:2]:6789/0 pipe(0xcee5f0 sd=3 :34443 s=2 pgs=317544 cs=1 l=1 c=0xcee860).reader got 20 + 0 + 0 byte message
348
2014-06-04 13:47:46.202583 7f5b145ec700 10 -- [2a00:f10:121:200:0:2:6801:5]:0/1005152 >> [2a00:f10:121:200::6789:2]:6789/0 pipe(0xcee5f0 sd=3 :34443 s=2 pgs=317544 cs=1 l=1 c=0xcee860).No session security set
349
2014-06-04 13:47:46.202603 7f5b145ec700 10 -- [2a00:f10:121:200:0:2:6801:5]:0/1005152 >> [2a00:f10:121:200::6789:2]:6789/0 pipe(0xcee5f0 sd=3 :34443 s=2 pgs=317544 cs=1 l=1 c=0xcee860).reader got message 11 0x7f5afc009ba0 mon_subscribe_ack(300s) v1
350
2014-06-04 13:47:46.202620 7f5b145ec700 20 -- [2a00:f10:121:200:0:2:6801:5]:0/1005152 queue 0x7f5afc009ba0 prio 196
351
2014-06-04 13:47:46.202639 7f5b145ec700 20 -- [2a00:f10:121:200:0:2:6801:5]:0/1005152 >> [2a00:f10:121:200::6789:2]:6789/0 pipe(0xcee5f0 sd=3 :34443 s=2 pgs=317544 cs=1 l=1 c=0xcee860).reader reading tag...
352
2014-06-04 13:47:46.202652 7f5b1a973700 10 -- [2a00:f10:121:200:0:2:6801:5]:0/1005152 >> [2a00:f10:121:200::6789:2]:6789/0 pipe(0xcee5f0 sd=3 :34443 s=2 pgs=317544 cs=1 l=1 c=0xcee860).writer: state = open policy.server=0
353
2014-06-04 13:47:46.202676 7f5b1a973700 10 -- [2a00:f10:121:200:0:2:6801:5]:0/1005152 >> [2a00:f10:121:200::6789:2]:6789/0 pipe(0xcee5f0 sd=3 :34443 s=2 pgs=317544 cs=1 l=1 c=0xcee860).write_ack 11
354
2014-06-04 13:47:46.202665 7f5b155ee700  1 -- [2a00:f10:121:200:0:2:6801:5]:0/1005152 <== mon.1 [2a00:f10:121:200::6789:2]:6789/0 11 ==== mon_subscribe_ack(300s) v1 ==== 20+0+0 (3541125974 0 0) 0x7f5afc009ba0 con 0xcee860
355
2014-06-04 13:47:46.202697 7f5b1a973700 10 -- [2a00:f10:121:200:0:2:6801:5]:0/1005152 >> [2a00:f10:121:200::6789:2]:6789/0 pipe(0xcee5f0 sd=3 :34443 s=2 pgs=317544 cs=1 l=1 c=0xcee860).writer: state = open policy.server=0
356
2014-06-04 13:47:46.202714 7f5b1a973700 20 -- [2a00:f10:121:200:0:2:6801:5]:0/1005152 >> [2a00:f10:121:200::6789:2]:6789/0 pipe(0xcee5f0 sd=3 :34443 s=2 pgs=317544 cs=1 l=1 c=0xcee860).writer sleeping
357
2014-06-04 13:47:46.202721 7f5b155ee700 10 -- [2a00:f10:121:200:0:2:6801:5]:0/1005152 dispatch_throttle_release 20 to dispatch throttler 20/104857600
358
2014-06-04 13:47:46.202742 7f5b155ee700 20 -- [2a00:f10:121:200:0:2:6801:5]:0/1005152 done calling dispatch on 0x7f5afc009ba0
359
2014-06-04 13:47:51.202001 7f5b0effd700  1 -- [2a00:f10:121:200:0:2:6801:5]:0/1005152 --> [2a00:f10:121:200::6789:10]:6800/29479 -- ping v1 -- ?+0 0x7f5af0000ab0 con 0xcf1550
360
2014-06-04 13:47:51.202037 7f5b0effd700 20 -- [2a00:f10:121:200:0:2:6801:5]:0/1005152 submit_message ping v1 remote, [2a00:f10:121:200::6789:10]:6800/29479, have pipe.
361
2014-06-04 13:47:51.202132 7f5b144eb700 10 -- [2a00:f10:121:200:0:2:6801:5]:0/1005152 >> [2a00:f10:121:200::6789:10]:6800/29479 pipe(0xcf12e0 sd=4 :53860 s=2 pgs=15647 cs=1 l=1 c=0xcf1550).writer: state = open policy.server=0
362
2014-06-04 13:47:51.202172 7f5b144eb700 20 -- [2a00:f10:121:200:0:2:6801:5]:0/1005152 >> [2a00:f10:121:200::6789:10]:6800/29479 pipe(0xcf12e0 sd=4 :53860 s=2 pgs=15647 cs=1 l=1 c=0xcf1550).writer encoding 4 features 4432406249471 0x7f5af0000ab0 ping v1
363
2014-06-04 13:47:51.202262 7f5b144eb700 20 -- [2a00:f10:121:200:0:2:6801:5]:0/1005152 >> [2a00:f10:121:200::6789:10]:6800/29479 pipe(0xcf12e0 sd=4 :53860 s=2 pgs=15647 cs=1 l=1 c=0xcf1550).writer signed seq # 4): sig = 8354990366995132960
364
2014-06-04 13:47:51.202289 7f5b144eb700 20 -- [2a00:f10:121:200:0:2:6801:5]:0/1005152 >> [2a00:f10:121:200::6789:10]:6800/29479 pipe(0xcf12e0 sd=4 :53860 s=2 pgs=15647 cs=1 l=1 c=0xcf1550).writer sending 4 0x7f5af0000ab0
365
2014-06-04 13:47:51.202336 7f5b144eb700 10 -- [2a00:f10:121:200:0:2:6801:5]:0/1005152 >> [2a00:f10:121:200::6789:10]:6800/29479 pipe(0xcf12e0 sd=4 :53860 s=2 pgs=15647 cs=1 l=1 c=0xcf1550).writer: state = open policy.server=0
366
2014-06-04 13:47:51.202378 7f5b144eb700 20 -- [2a00:f10:121:200:0:2:6801:5]:0/1005152 >> [2a00:f10:121:200::6789:10]:6800/29479 pipe(0xcf12e0 sd=4 :53860 s=2 pgs=15647 cs=1 l=1 c=0xcf1550).writer sleeping
367
2014-06-04 13:47:54.195611 7f5b0ffff700 20 -- [2a00:f10:121:200:0:2:6801:5]:0/1005152 send_keepalive con 0xcee860, have pipe.
368
2014-06-04 13:47:54.195705 7f5b1a973700 10 -- [2a00:f10:121:200:0:2:6801:5]:0/1005152 >> [2a00:f10:121:200::6789:2]:6789/0 pipe(0xcee5f0 sd=3 :34443 s=2 pgs=317544 cs=1 l=1 c=0xcee860).writer: state = open policy.server=0
369
2014-06-04 13:47:54.195755 7f5b1a973700 10 -- [2a00:f10:121:200:0:2:6801:5]:0/1005152 >> [2a00:f10:121:200::6789:2]:6789/0 pipe(0xcee5f0 sd=3 :34443 s=2 pgs=317544 cs=1 l=1 c=0xcee860).write_keepalive2 14 2014-06-04 13:47:54.195755
370
2014-06-04 13:47:54.195806 7f5b1a973700 10 -- [2a00:f10:121:200:0:2:6801:5]:0/1005152 >> [2a00:f10:121:200::6789:2]:6789/0 pipe(0xcee5f0 sd=3 :34443 s=2 pgs=317544 cs=1 l=1 c=0xcee860).writer: state = open policy.server=0
371
2014-06-04 13:47:54.195831 7f5b1a973700 20 -- [2a00:f10:121:200:0:2:6801:5]:0/1005152 >> [2a00:f10:121:200::6789:2]:6789/0 pipe(0xcee5f0 sd=3 :34443 s=2 pgs=317544 cs=1 l=1 c=0xcee860).writer sleeping
372
2014-06-04 13:47:54.195982 7f5b145ec700 20 -- [2a00:f10:121:200:0:2:6801:5]:0/1005152 >> [2a00:f10:121:200::6789:2]:6789/0 pipe(0xcee5f0 sd=3 :34443 s=2 pgs=317544 cs=1 l=1 c=0xcee860).reader got KEEPALIVE_ACK
373
2014-06-04 13:47:54.196032 7f5b145ec700 20 -- [2a00:f10:121:200:0:2:6801:5]:0/1005152 >> [2a00:f10:121:200::6789:2]:6789/0 pipe(0xcee5f0 sd=3 :34443 s=2 pgs=317544 cs=1 l=1 c=0xcee860).reader reading tag...
374
2014-06-04 13:47:56.202216 7f5b0effd700  1 -- [2a00:f10:121:200:0:2:6801:5]:0/1005152 --> [2a00:f10:121:200::6789:10]:6800/29479 -- ping v1 -- ?+0 0x7f5af0000ab0 con 0xcf1550
375
2014-06-04 13:47:56.202252 7f5b0effd700 20 -- [2a00:f10:121:200:0:2:6801:5]:0/1005152 submit_message ping v1 remote, [2a00:f10:121:200::6789:10]:6800/29479, have pipe.
376
2014-06-04 13:47:56.202340 7f5b144eb700 10 -- [2a00:f10:121:200:0:2:6801:5]:0/1005152 >> [2a00:f10:121:200::6789:10]:6800/29479 pipe(0xcf12e0 sd=4 :53860 s=2 pgs=15647 cs=1 l=1 c=0xcf1550).writer: state = open policy.server=0
377
2014-06-04 13:47:56.202379 7f5b144eb700 20 -- [2a00:f10:121:200:0:2:6801:5]:0/1005152 >> [2a00:f10:121:200::6789:10]:6800/29479 pipe(0xcf12e0 sd=4 :53860 s=2 pgs=15647 cs=1 l=1 c=0xcf1550).writer encoding 5 features 4432406249471 0x7f5af0000ab0 ping v1
378
2014-06-04 13:47:56.202467 7f5b144eb700 20 -- [2a00:f10:121:200:0:2:6801:5]:0/1005152 >> [2a00:f10:121:200::6789:10]:6800/29479 pipe(0xcf12e0 sd=4 :53860 s=2 pgs=15647 cs=1 l=1 c=0xcf1550).writer signed seq # 5): sig = 13311326065901004731
379
2014-06-04 13:47:56.202487 7f5b144eb700 20 -- [2a00:f10:121:200:0:2:6801:5]:0/1005152 >> [2a00:f10:121:200::6789:10]:6800/29479 pipe(0xcf12e0 sd=4 :53860 s=2 pgs=15647 cs=1 l=1 c=0xcf1550).writer sending 5 0x7f5af0000ab0
380
2014-06-04 13:47:56.202532 7f5b144eb700 10 -- [2a00:f10:121:200:0:2:6801:5]:0/1005152 >> [2a00:f10:121:200::6789:10]:6800/29479 pipe(0xcf12e0 sd=4 :53860 s=2 pgs=15647 cs=1 l=1 c=0xcf1550).writer: state = open policy.server=0
381
2014-06-04 13:47:56.202556 7f5b144eb700 20 -- [2a00:f10:121:200:0:2:6801:5]:0/1005152 >> [2a00:f10:121:200::6789:10]:6800/29479 pipe(0xcf12e0 sd=4 :53860 s=2 pgs=15647 cs=1 l=1 c=0xcf1550).writer sleeping