Project

General

Profile

ceph-client-ms.log

Wido den Hollander, 06/04/2014 04:56 AM

Download (76.6 KB)

 
1
2014-06-04 13:47:31.194106 7f5b1a97b780 10 -- :/0 ready :/0
2
2014-06-04 13:47:31.194206 7f5b1a97b780  1 -- :/0 messenger.start
3
2014-06-04 13:47:31.194386 7f5b14ded700 10 -- :/1005152 reaper_entry start
4
2014-06-04 13:47:31.194687 7f5b14ded700 10 -- :/1005152 reaper
5
2014-06-04 13:47:31.194693 7f5b14ded700 10 -- :/1005152 reaper done
6
2014-06-04 13:47:31.195025 7f5b1a97b780 10 -- :/1005152 connect_rank to [2a00:f10:121:200::6789:2]:6789/0, creating pipe and registering
7
2014-06-04 13:47:31.195127 7f5b1a97b780 10 -- :/1005152 >> [2a00:f10:121:200::6789:2]:6789/0 pipe(0xcee5f0 sd=-1 :0 s=1 pgs=0 cs=0 l=1 c=0xcee860).register_pipe
8
2014-06-04 13:47:31.195166 7f5b1a97b780 10 -- :/1005152 get_connection mon.1 [2a00:f10:121:200::6789:2]:6789/0 new 0xcee5f0
9
2014-06-04 13:47:31.195141 7f5b1a973700 10 -- :/1005152 >> [2a00:f10:121:200::6789:2]:6789/0 pipe(0xcee5f0 sd=-1 :0 s=1 pgs=0 cs=0 l=1 c=0xcee860).writer: state = connecting policy.server=0
10
2014-06-04 13:47:31.195198 7f5b1a973700 10 -- :/1005152 >> [2a00:f10:121:200::6789:2]:6789/0 pipe(0xcee5f0 sd=-1 :0 s=1 pgs=0 cs=0 l=1 c=0xcee860).connect 0
11
2014-06-04 13:47:31.195247 7f5b1a97b780 20 -- :/1005152 send_keepalive con 0xcee860, have pipe.
12
2014-06-04 13:47:31.195237 7f5b1a973700 10 -- :/1005152 >> [2a00:f10:121:200::6789:2]:6789/0 pipe(0xcee5f0 sd=3 :0 s=1 pgs=0 cs=0 l=1 c=0xcee860).connecting to [2a00:f10:121:200::6789:2]:6789/0
13
2014-06-04 13:47:31.195278 7f5b1a97b780  1 -- :/1005152 --> [2a00:f10:121:200::6789:2]:6789/0 -- auth(proto 0 36 bytes epoch 0) v1 -- ?+0 0xcef050 con 0xcee860
14
2014-06-04 13:47:31.195296 7f5b1a97b780 20 -- :/1005152 submit_message auth(proto 0 36 bytes epoch 0) v1 remote, [2a00:f10:121:200::6789:2]:6789/0, have pipe.
15
2014-06-04 13:47:31.196617 7f5b1a973700 20 -- :/1005152 >> [2a00:f10:121:200::6789:2]:6789/0 pipe(0xcee5f0 sd=3 :34443 s=1 pgs=0 cs=0 l=1 c=0xcee860).connect read peer addr [2a00:f10:121:200::6789:2]:6789/0 on socket 3
16
2014-06-04 13:47:31.196692 7f5b1a973700 20 -- :/1005152 >> [2a00:f10:121:200::6789:2]:6789/0 pipe(0xcee5f0 sd=3 :34443 s=1 pgs=0 cs=0 l=1 c=0xcee860).connect peer addr for me is [2a00:f10:121:200:0:2:6801:5]:34443/0
17
2014-06-04 13:47:31.196710 7f5b1a973700  1 -- [2a00:f10:121:200:0:2:6801:5]:0/1005152 learned my addr [2a00:f10:121:200:0:2:6801:5]:0/1005152
18
2014-06-04 13:47:31.196754 7f5b1a973700 10 -- [2a00:f10:121:200:0:2:6801:5]:0/1005152 >> [2a00:f10:121:200::6789:2]:6789/0 pipe(0xcee5f0 sd=3 :34443 s=1 pgs=0 cs=0 l=1 c=0xcee860).connect sent my addr [2a00:f10:121:200:0:2:6801:5]:0/1005152
19
2014-06-04 13:47:31.196790 7f5b1a973700 10 -- [2a00:f10:121:200:0:2:6801:5]:0/1005152 >> [2a00:f10:121:200::6789:2]:6789/0 pipe(0xcee5f0 sd=3 :34443 s=1 pgs=0 cs=0 l=1 c=0xcee860).connect sending gseq=1 cseq=0 proto=15
20
2014-06-04 13:47:31.196830 7f5b1a973700 20 -- [2a00:f10:121:200:0:2:6801:5]:0/1005152 >> [2a00:f10:121:200::6789:2]:6789/0 pipe(0xcee5f0 sd=3 :34443 s=1 pgs=0 cs=0 l=1 c=0xcee860).connect wrote (self +) cseq, waiting for reply
21
2014-06-04 13:47:31.196948 7f5b1a973700 20 -- [2a00:f10:121:200:0:2:6801:5]:0/1005152 >> [2a00:f10:121:200::6789:2]:6789/0 pipe(0xcee5f0 sd=3 :34443 s=1 pgs=0 cs=0 l=1 c=0xcee860).connect got reply tag 1 connect_seq 1 global_seq 317544 proto 15 flags 1 features 4432406249471
22
2014-06-04 13:47:31.196982 7f5b1a973700 10 -- [2a00:f10:121:200:0:2:6801:5]:0/1005152 >> [2a00:f10:121:200::6789:2]:6789/0 pipe(0xcee5f0 sd=3 :34443 s=2 pgs=317544 cs=1 l=1 c=0xcee860).connect success 1, lossy = 1, features 4432406249471
23
2014-06-04 13:47:31.197037 7f5b1a973700 20 -- [2a00:f10:121:200:0:2:6801:5]:0/1005152 >> [2a00:f10:121:200::6789:2]:6789/0 pipe(0xcee5f0 sd=3 :34443 s=2 pgs=317544 cs=1 l=1 c=0xcee860).connect starting reader
24
2014-06-04 13:47:31.197207 7f5b1a973700 10 -- [2a00:f10:121:200:0:2:6801:5]:0/1005152 >> [2a00:f10:121:200::6789:2]:6789/0 pipe(0xcee5f0 sd=3 :34443 s=2 pgs=317544 cs=1 l=1 c=0xcee860).writer: state = open policy.server=0
25
2014-06-04 13:47:31.197234 7f5b1a973700 10 -- [2a00:f10:121:200:0:2:6801:5]:0/1005152 >> [2a00:f10:121:200::6789:2]:6789/0 pipe(0xcee5f0 sd=3 :34443 s=2 pgs=317544 cs=1 l=1 c=0xcee860).write_keepalive2 14 2014-06-04 13:47:31.197233
26
2014-06-04 13:47:31.197282 7f5b1a973700 20 -- [2a00:f10:121:200:0:2:6801:5]:0/1005152 >> [2a00:f10:121:200::6789:2]:6789/0 pipe(0xcee5f0 sd=3 :34443 s=2 pgs=317544 cs=1 l=1 c=0xcee860).writer encoding 1 features 4432406249471 0xcef050 auth(proto 0 36 bytes epoch 0) v1
27
2014-06-04 13:47:31.197250 7f5b145ec700 20 -- [2a00:f10:121:200:0:2:6801:5]:0/1005152 >> [2a00:f10:121:200::6789:2]:6789/0 pipe(0xcee5f0 sd=3 :34443 s=2 pgs=317544 cs=1 l=1 c=0xcee860).reader reading tag...
28
2014-06-04 13:47:31.197336 7f5b1a973700 20 -- [2a00:f10:121:200:0:2:6801:5]:0/1005152 >> [2a00:f10:121:200::6789:2]:6789/0 pipe(0xcee5f0 sd=3 :34443 s=2 pgs=317544 cs=1 l=1 c=0xcee860).writer no session security
29
2014-06-04 13:47:31.197352 7f5b1a973700 20 -- [2a00:f10:121:200:0:2:6801:5]:0/1005152 >> [2a00:f10:121:200::6789:2]:6789/0 pipe(0xcee5f0 sd=3 :34443 s=2 pgs=317544 cs=1 l=1 c=0xcee860).writer sending 1 0xcef050
30
2014-06-04 13:47:31.197406 7f5b1a973700 10 -- [2a00:f10:121:200:0:2:6801:5]:0/1005152 >> [2a00:f10:121:200::6789:2]:6789/0 pipe(0xcee5f0 sd=3 :34443 s=2 pgs=317544 cs=1 l=1 c=0xcee860).writer: state = open policy.server=0
31
2014-06-04 13:47:31.197422 7f5b1a973700 20 -- [2a00:f10:121:200:0:2:6801:5]:0/1005152 >> [2a00:f10:121:200::6789:2]:6789/0 pipe(0xcee5f0 sd=3 :34443 s=2 pgs=317544 cs=1 l=1 c=0xcee860).writer sleeping
32
2014-06-04 13:47:31.197416 7f5b145ec700 20 -- [2a00:f10:121:200:0:2:6801:5]:0/1005152 >> [2a00:f10:121:200::6789:2]:6789/0 pipe(0xcee5f0 sd=3 :34443 s=2 pgs=317544 cs=1 l=1 c=0xcee860).reader got KEEPALIVE_ACK
33
2014-06-04 13:47:31.197448 7f5b145ec700 20 -- [2a00:f10:121:200:0:2:6801:5]:0/1005152 >> [2a00:f10:121:200::6789:2]:6789/0 pipe(0xcee5f0 sd=3 :34443 s=2 pgs=317544 cs=1 l=1 c=0xcee860).reader reading tag...
34
2014-06-04 13:47:31.197742 7f5b145ec700 20 -- [2a00:f10:121:200:0:2:6801:5]:0/1005152 >> [2a00:f10:121:200::6789:2]:6789/0 pipe(0xcee5f0 sd=3 :34443 s=2 pgs=317544 cs=1 l=1 c=0xcee860).reader got ACK
35
2014-06-04 13:47:31.197765 7f5b145ec700 15 -- [2a00:f10:121:200:0:2:6801:5]:0/1005152 >> [2a00:f10:121:200::6789:2]:6789/0 pipe(0xcee5f0 sd=3 :34443 s=2 pgs=317544 cs=1 l=1 c=0xcee860).reader got ack seq 1
36
2014-06-04 13:47:31.197787 7f5b145ec700 20 -- [2a00:f10:121:200:0:2:6801:5]:0/1005152 >> [2a00:f10:121:200::6789:2]:6789/0 pipe(0xcee5f0 sd=3 :34443 s=2 pgs=317544 cs=1 l=1 c=0xcee860).reader reading tag...
37
2014-06-04 13:47:31.197803 7f5b145ec700 20 -- [2a00:f10:121:200:0:2:6801:5]:0/1005152 >> [2a00:f10:121:200::6789:2]:6789/0 pipe(0xcee5f0 sd=3 :34443 s=2 pgs=317544 cs=1 l=1 c=0xcee860).reader got MSG
38
2014-06-04 13:47:31.197818 7f5b145ec700 20 -- [2a00:f10:121:200:0:2:6801:5]:0/1005152 >> [2a00:f10:121:200::6789:2]:6789/0 pipe(0xcee5f0 sd=3 :34443 s=2 pgs=317544 cs=1 l=1 c=0xcee860).reader got envelope type=4 src mon.1 front=486 data=0 off 0
39
2014-06-04 13:47:31.197843 7f5b145ec700 10 -- [2a00:f10:121:200:0:2:6801:5]:0/1005152 >> [2a00:f10:121:200::6789:2]:6789/0 pipe(0xcee5f0 sd=3 :34443 s=2 pgs=317544 cs=1 l=1 c=0xcee860).reader wants 486 from dispatch throttler 0/104857600
40
2014-06-04 13:47:31.197873 7f5b145ec700 20 -- [2a00:f10:121:200:0:2:6801:5]:0/1005152 >> [2a00:f10:121:200::6789:2]:6789/0 pipe(0xcee5f0 sd=3 :34443 s=2 pgs=317544 cs=1 l=1 c=0xcee860).reader got front 486
41
2014-06-04 13:47:31.197890 7f5b145ec700 10 -- [2a00:f10:121:200:0:2:6801:5]:0/1005152 >> [2a00:f10:121:200::6789:2]:6789/0 pipe(0xcee5f0 sd=3 :34443 s=2 pgs=317544 cs=1 l=1 c=0xcee860).aborted = 0
42
2014-06-04 13:47:31.197902 7f5b145ec700 20 -- [2a00:f10:121:200:0:2:6801:5]:0/1005152 >> [2a00:f10:121:200::6789:2]:6789/0 pipe(0xcee5f0 sd=3 :34443 s=2 pgs=317544 cs=1 l=1 c=0xcee860).reader got 486 + 0 + 0 byte message
43
2014-06-04 13:47:31.197948 7f5b145ec700 10 -- [2a00:f10:121:200:0:2:6801:5]:0/1005152 >> [2a00:f10:121:200::6789:2]:6789/0 pipe(0xcee5f0 sd=3 :34443 s=2 pgs=317544 cs=1 l=1 c=0xcee860).No session security set
44
2014-06-04 13:47:31.197973 7f5b145ec700 10 -- [2a00:f10:121:200:0:2:6801:5]:0/1005152 >> [2a00:f10:121:200::6789:2]:6789/0 pipe(0xcee5f0 sd=3 :34443 s=2 pgs=317544 cs=1 l=1 c=0xcee860).reader got message 1 0x7f5afc001ee0 mon_map v1
45
2014-06-04 13:47:31.197999 7f5b145ec700 20 -- [2a00:f10:121:200:0:2:6801:5]:0/1005152 queue 0x7f5afc001ee0 prio 196
46
2014-06-04 13:47:31.198015 7f5b145ec700 20 -- [2a00:f10:121:200:0:2:6801:5]:0/1005152 >> [2a00:f10:121:200::6789:2]:6789/0 pipe(0xcee5f0 sd=3 :34443 s=2 pgs=317544 cs=1 l=1 c=0xcee860).reader reading tag...
47
2014-06-04 13:47:31.198032 7f5b145ec700 20 -- [2a00:f10:121:200:0:2:6801:5]:0/1005152 >> [2a00:f10:121:200::6789:2]:6789/0 pipe(0xcee5f0 sd=3 :34443 s=2 pgs=317544 cs=1 l=1 c=0xcee860).reader got MSG
48
2014-06-04 13:47:31.198047 7f5b145ec700 20 -- [2a00:f10:121:200:0:2:6801:5]:0/1005152 >> [2a00:f10:121:200::6789:2]:6789/0 pipe(0xcee5f0 sd=3 :34443 s=2 pgs=317544 cs=1 l=1 c=0xcee860).reader got envelope type=18 src mon.1 front=33 data=0 off 0
49
2014-06-04 13:47:31.198062 7f5b145ec700 10 -- [2a00:f10:121:200:0:2:6801:5]:0/1005152 >> [2a00:f10:121:200::6789:2]:6789/0 pipe(0xcee5f0 sd=3 :34443 s=2 pgs=317544 cs=1 l=1 c=0xcee860).reader wants 33 from dispatch throttler 486/104857600
50
2014-06-04 13:47:31.198079 7f5b145ec700 20 -- [2a00:f10:121:200:0:2:6801:5]:0/1005152 >> [2a00:f10:121:200::6789:2]:6789/0 pipe(0xcee5f0 sd=3 :34443 s=2 pgs=317544 cs=1 l=1 c=0xcee860).reader got front 33
51
2014-06-04 13:47:31.198043 7f5b1a973700 10 -- [2a00:f10:121:200:0:2:6801:5]:0/1005152 >> [2a00:f10:121:200::6789:2]:6789/0 pipe(0xcee5f0 sd=3 :34443 s=2 pgs=317544 cs=1 l=1 c=0xcee860).writer: state = open policy.server=0
52
2014-06-04 13:47:31.198097 7f5b145ec700 10 -- [2a00:f10:121:200:0:2:6801:5]:0/1005152 >> [2a00:f10:121:200::6789:2]:6789/0 pipe(0xcee5f0 sd=3 :34443 s=2 pgs=317544 cs=1 l=1 c=0xcee860).aborted = 0
53
2014-06-04 13:47:31.198049 7f5b155ee700  1 -- [2a00:f10:121:200:0:2:6801:5]:0/1005152 <== mon.1 [2a00:f10:121:200::6789:2]:6789/0 1 ==== mon_map v1 ==== 486+0+0 (628742214 0 0) 0x7f5afc001ee0 con 0xcee860
54
2014-06-04 13:47:31.198107 7f5b1a973700 10 -- [2a00:f10:121:200:0:2:6801:5]:0/1005152 >> [2a00:f10:121:200::6789:2]:6789/0 pipe(0xcee5f0 sd=3 :34443 s=2 pgs=317544 cs=1 l=1 c=0xcee860).write_ack 1
55
2014-06-04 13:47:31.198110 7f5b145ec700 20 -- [2a00:f10:121:200:0:2:6801:5]:0/1005152 >> [2a00:f10:121:200::6789:2]:6789/0 pipe(0xcee5f0 sd=3 :34443 s=2 pgs=317544 cs=1 l=1 c=0xcee860).reader got 33 + 0 + 0 byte message
56
2014-06-04 13:47:31.198137 7f5b145ec700 10 -- [2a00:f10:121:200:0:2:6801:5]:0/1005152 >> [2a00:f10:121:200::6789:2]:6789/0 pipe(0xcee5f0 sd=3 :34443 s=2 pgs=317544 cs=1 l=1 c=0xcee860).No session security set
57
2014-06-04 13:47:31.198142 7f5b1a973700 10 -- [2a00:f10:121:200:0:2:6801:5]:0/1005152 >> [2a00:f10:121:200::6789:2]:6789/0 pipe(0xcee5f0 sd=3 :34443 s=2 pgs=317544 cs=1 l=1 c=0xcee860).writer: state = open policy.server=0
58
2014-06-04 13:47:31.198162 7f5b1a973700 20 -- [2a00:f10:121:200:0:2:6801:5]:0/1005152 >> [2a00:f10:121:200::6789:2]:6789/0 pipe(0xcee5f0 sd=3 :34443 s=2 pgs=317544 cs=1 l=1 c=0xcee860).writer sleeping
59
2014-06-04 13:47:31.198238 7f5b155ee700 10 -- [2a00:f10:121:200:0:2:6801:5]:0/1005152 dispatch_throttle_release 486 to dispatch throttler 519/104857600
60
2014-06-04 13:47:31.198216 7f5b145ec700 10 -- [2a00:f10:121:200:0:2:6801:5]:0/1005152 >> [2a00:f10:121:200::6789:2]:6789/0 pipe(0xcee5f0 sd=3 :34443 s=2 pgs=317544 cs=1 l=1 c=0xcee860).reader got message 2 0x7f5afc0031e0 auth_reply(proto 2 0 (0) Success) v1
61
2014-06-04 13:47:31.198257 7f5b155ee700 20 -- [2a00:f10:121:200:0:2:6801:5]:0/1005152 done calling dispatch on 0x7f5afc001ee0
62
2014-06-04 13:47:31.198263 7f5b145ec700 20 -- [2a00:f10:121:200:0:2:6801:5]:0/1005152 queue 0x7f5afc0031e0 prio 196
63
2014-06-04 13:47:31.198290 7f5b145ec700 20 -- [2a00:f10:121:200:0:2:6801:5]:0/1005152 >> [2a00:f10:121:200::6789:2]:6789/0 pipe(0xcee5f0 sd=3 :34443 s=2 pgs=317544 cs=1 l=1 c=0xcee860).reader reading tag...
64
2014-06-04 13:47:31.198300 7f5b1a973700 10 -- [2a00:f10:121:200:0:2:6801:5]:0/1005152 >> [2a00:f10:121:200::6789:2]:6789/0 pipe(0xcee5f0 sd=3 :34443 s=2 pgs=317544 cs=1 l=1 c=0xcee860).writer: state = open policy.server=0
65
2014-06-04 13:47:31.198324 7f5b1a973700 10 -- [2a00:f10:121:200:0:2:6801:5]:0/1005152 >> [2a00:f10:121:200::6789:2]:6789/0 pipe(0xcee5f0 sd=3 :34443 s=2 pgs=317544 cs=1 l=1 c=0xcee860).write_ack 2
66
2014-06-04 13:47:31.198310 7f5b155ee700  1 -- [2a00:f10:121:200:0:2:6801:5]:0/1005152 <== mon.1 [2a00:f10:121:200::6789:2]:6789/0 2 ==== auth_reply(proto 2 0 (0) Success) v1 ==== 33+0+0 (1003299638 0 0) 0x7f5afc0031e0 con 0xcee860
67
2014-06-04 13:47:31.198344 7f5b1a973700 10 -- [2a00:f10:121:200:0:2:6801:5]:0/1005152 >> [2a00:f10:121:200::6789:2]:6789/0 pipe(0xcee5f0 sd=3 :34443 s=2 pgs=317544 cs=1 l=1 c=0xcee860).writer: state = open policy.server=0
68
2014-06-04 13:47:31.198362 7f5b1a973700 20 -- [2a00:f10:121:200:0:2:6801:5]:0/1005152 >> [2a00:f10:121:200::6789:2]:6789/0 pipe(0xcee5f0 sd=3 :34443 s=2 pgs=317544 cs=1 l=1 c=0xcee860).writer sleeping
69
2014-06-04 13:47:31.198713 7f5b155ee700  1 -- [2a00:f10:121:200:0:2:6801:5]:0/1005152 --> [2a00:f10:121:200::6789:2]:6789/0 -- auth(proto 2 32 bytes epoch 0) v1 -- ?+0 0x7f5b00001a30 con 0xcee860
70
2014-06-04 13:47:31.198733 7f5b155ee700 20 -- [2a00:f10:121:200:0:2:6801:5]:0/1005152 submit_message auth(proto 2 32 bytes epoch 0) v1 remote, [2a00:f10:121:200::6789:2]:6789/0, have pipe.
71
2014-06-04 13:47:31.198759 7f5b155ee700 10 -- [2a00:f10:121:200:0:2:6801:5]:0/1005152 dispatch_throttle_release 33 to dispatch throttler 33/104857600
72
2014-06-04 13:47:31.198772 7f5b155ee700 20 -- [2a00:f10:121:200:0:2:6801:5]:0/1005152 done calling dispatch on 0x7f5afc0031e0
73
2014-06-04 13:47:31.198765 7f5b1a973700 10 -- [2a00:f10:121:200:0:2:6801:5]:0/1005152 >> [2a00:f10:121:200::6789:2]:6789/0 pipe(0xcee5f0 sd=3 :34443 s=2 pgs=317544 cs=1 l=1 c=0xcee860).writer: state = open policy.server=0
74
2014-06-04 13:47:31.198788 7f5b1a973700 20 -- [2a00:f10:121:200:0:2:6801:5]:0/1005152 >> [2a00:f10:121:200::6789:2]:6789/0 pipe(0xcee5f0 sd=3 :34443 s=2 pgs=317544 cs=1 l=1 c=0xcee860).writer encoding 2 features 4432406249471 0x7f5b00001a30 auth(proto 2 32 bytes epoch 0) v1
75
2014-06-04 13:47:31.198819 7f5b1a973700 20 -- [2a00:f10:121:200:0:2:6801:5]:0/1005152 >> [2a00:f10:121:200::6789:2]:6789/0 pipe(0xcee5f0 sd=3 :34443 s=2 pgs=317544 cs=1 l=1 c=0xcee860).writer no session security
76
2014-06-04 13:47:31.198839 7f5b1a973700 20 -- [2a00:f10:121:200:0:2:6801:5]:0/1005152 >> [2a00:f10:121:200::6789:2]:6789/0 pipe(0xcee5f0 sd=3 :34443 s=2 pgs=317544 cs=1 l=1 c=0xcee860).writer sending 2 0x7f5b00001a30
77
2014-06-04 13:47:31.198899 7f5b1a973700 10 -- [2a00:f10:121:200:0:2:6801:5]:0/1005152 >> [2a00:f10:121:200::6789:2]:6789/0 pipe(0xcee5f0 sd=3 :34443 s=2 pgs=317544 cs=1 l=1 c=0xcee860).writer: state = open policy.server=0
78
2014-06-04 13:47:31.198918 7f5b1a973700 20 -- [2a00:f10:121:200:0:2:6801:5]:0/1005152 >> [2a00:f10:121:200::6789:2]:6789/0 pipe(0xcee5f0 sd=3 :34443 s=2 pgs=317544 cs=1 l=1 c=0xcee860).writer sleeping
79
2014-06-04 13:47:31.199391 7f5b145ec700 20 -- [2a00:f10:121:200:0:2:6801:5]:0/1005152 >> [2a00:f10:121:200::6789:2]:6789/0 pipe(0xcee5f0 sd=3 :34443 s=2 pgs=317544 cs=1 l=1 c=0xcee860).reader got ACK
80
2014-06-04 13:47:31.199434 7f5b145ec700 15 -- [2a00:f10:121:200:0:2:6801:5]:0/1005152 >> [2a00:f10:121:200::6789:2]:6789/0 pipe(0xcee5f0 sd=3 :34443 s=2 pgs=317544 cs=1 l=1 c=0xcee860).reader got ack seq 2
81
2014-06-04 13:47:31.199451 7f5b145ec700 20 -- [2a00:f10:121:200:0:2:6801:5]:0/1005152 >> [2a00:f10:121:200::6789:2]:6789/0 pipe(0xcee5f0 sd=3 :34443 s=2 pgs=317544 cs=1 l=1 c=0xcee860).reader reading tag...
82
2014-06-04 13:47:31.199468 7f5b145ec700 20 -- [2a00:f10:121:200:0:2:6801:5]:0/1005152 >> [2a00:f10:121:200::6789:2]:6789/0 pipe(0xcee5f0 sd=3 :34443 s=2 pgs=317544 cs=1 l=1 c=0xcee860).reader got MSG
83
2014-06-04 13:47:31.199484 7f5b145ec700 20 -- [2a00:f10:121:200:0:2:6801:5]:0/1005152 >> [2a00:f10:121:200::6789:2]:6789/0 pipe(0xcee5f0 sd=3 :34443 s=2 pgs=317544 cs=1 l=1 c=0xcee860).reader got envelope type=18 src mon.1 front=222 data=0 off 0
84
2014-06-04 13:47:31.199500 7f5b145ec700 10 -- [2a00:f10:121:200:0:2:6801:5]:0/1005152 >> [2a00:f10:121:200::6789:2]:6789/0 pipe(0xcee5f0 sd=3 :34443 s=2 pgs=317544 cs=1 l=1 c=0xcee860).reader wants 222 from dispatch throttler 0/104857600
85
2014-06-04 13:47:31.199522 7f5b145ec700 20 -- [2a00:f10:121:200:0:2:6801:5]:0/1005152 >> [2a00:f10:121:200::6789:2]:6789/0 pipe(0xcee5f0 sd=3 :34443 s=2 pgs=317544 cs=1 l=1 c=0xcee860).reader got front 222
86
2014-06-04 13:47:31.199549 7f5b145ec700 10 -- [2a00:f10:121:200:0:2:6801:5]:0/1005152 >> [2a00:f10:121:200::6789:2]:6789/0 pipe(0xcee5f0 sd=3 :34443 s=2 pgs=317544 cs=1 l=1 c=0xcee860).aborted = 0
87
2014-06-04 13:47:31.199561 7f5b145ec700 20 -- [2a00:f10:121:200:0:2:6801:5]:0/1005152 >> [2a00:f10:121:200::6789:2]:6789/0 pipe(0xcee5f0 sd=3 :34443 s=2 pgs=317544 cs=1 l=1 c=0xcee860).reader got 222 + 0 + 0 byte message
88
2014-06-04 13:47:31.199581 7f5b145ec700 10 -- [2a00:f10:121:200:0:2:6801:5]:0/1005152 >> [2a00:f10:121:200::6789:2]:6789/0 pipe(0xcee5f0 sd=3 :34443 s=2 pgs=317544 cs=1 l=1 c=0xcee860).No session security set
89
2014-06-04 13:47:31.199604 7f5b145ec700 10 -- [2a00:f10:121:200:0:2:6801:5]:0/1005152 >> [2a00:f10:121:200::6789:2]:6789/0 pipe(0xcee5f0 sd=3 :34443 s=2 pgs=317544 cs=1 l=1 c=0xcee860).reader got message 3 0x7f5afc0043c0 auth_reply(proto 2 0 (0) Success) v1
90
2014-06-04 13:47:31.199631 7f5b145ec700 20 -- [2a00:f10:121:200:0:2:6801:5]:0/1005152 queue 0x7f5afc0043c0 prio 196
91
2014-06-04 13:47:31.199653 7f5b145ec700 20 -- [2a00:f10:121:200:0:2:6801:5]:0/1005152 >> [2a00:f10:121:200::6789:2]:6789/0 pipe(0xcee5f0 sd=3 :34443 s=2 pgs=317544 cs=1 l=1 c=0xcee860).reader reading tag...
92
2014-06-04 13:47:31.199663 7f5b1a973700 10 -- [2a00:f10:121:200:0:2:6801:5]:0/1005152 >> [2a00:f10:121:200::6789:2]:6789/0 pipe(0xcee5f0 sd=3 :34443 s=2 pgs=317544 cs=1 l=1 c=0xcee860).writer: state = open policy.server=0
93
2014-06-04 13:47:31.199669 7f5b155ee700  1 -- [2a00:f10:121:200:0:2:6801:5]:0/1005152 <== mon.1 [2a00:f10:121:200::6789:2]:6789/0 3 ==== auth_reply(proto 2 0 (0) Success) v1 ==== 222+0+0 (2020044212 0 0) 0x7f5afc0043c0 con 0xcee860
94
2014-06-04 13:47:31.199685 7f5b1a973700 10 -- [2a00:f10:121:200:0:2:6801:5]:0/1005152 >> [2a00:f10:121:200::6789:2]:6789/0 pipe(0xcee5f0 sd=3 :34443 s=2 pgs=317544 cs=1 l=1 c=0xcee860).write_ack 3
95
2014-06-04 13:47:31.199707 7f5b1a973700 10 -- [2a00:f10:121:200:0:2:6801:5]:0/1005152 >> [2a00:f10:121:200::6789:2]:6789/0 pipe(0xcee5f0 sd=3 :34443 s=2 pgs=317544 cs=1 l=1 c=0xcee860).writer: state = open policy.server=0
96
2014-06-04 13:47:31.199724 7f5b1a973700 20 -- [2a00:f10:121:200:0:2:6801:5]:0/1005152 >> [2a00:f10:121:200::6789:2]:6789/0 pipe(0xcee5f0 sd=3 :34443 s=2 pgs=317544 cs=1 l=1 c=0xcee860).writer sleeping
97
2014-06-04 13:47:31.199855 7f5b155ee700  1 -- [2a00:f10:121:200:0:2:6801:5]:0/1005152 --> [2a00:f10:121:200::6789:2]:6789/0 -- auth(proto 2 181 bytes epoch 0) v1 -- ?+0 0x7f5b00002290 con 0xcee860
98
2014-06-04 13:47:31.199867 7f5b155ee700 20 -- [2a00:f10:121:200:0:2:6801:5]:0/1005152 submit_message auth(proto 2 181 bytes epoch 0) v1 remote, [2a00:f10:121:200::6789:2]:6789/0, have pipe.
99
2014-06-04 13:47:31.199889 7f5b155ee700 10 -- [2a00:f10:121:200:0:2:6801:5]:0/1005152 dispatch_throttle_release 222 to dispatch throttler 222/104857600
100
2014-06-04 13:47:31.199902 7f5b155ee700 20 -- [2a00:f10:121:200:0:2:6801:5]:0/1005152 done calling dispatch on 0x7f5afc0043c0
101
2014-06-04 13:47:31.199894 7f5b1a973700 10 -- [2a00:f10:121:200:0:2:6801:5]:0/1005152 >> [2a00:f10:121:200::6789:2]:6789/0 pipe(0xcee5f0 sd=3 :34443 s=2 pgs=317544 cs=1 l=1 c=0xcee860).writer: state = open policy.server=0
102
2014-06-04 13:47:31.199915 7f5b1a973700 20 -- [2a00:f10:121:200:0:2:6801:5]:0/1005152 >> [2a00:f10:121:200::6789:2]:6789/0 pipe(0xcee5f0 sd=3 :34443 s=2 pgs=317544 cs=1 l=1 c=0xcee860).writer encoding 3 features 4432406249471 0x7f5b00002290 auth(proto 2 181 bytes epoch 0) v1
103
2014-06-04 13:47:31.199953 7f5b1a973700 20 -- [2a00:f10:121:200:0:2:6801:5]:0/1005152 >> [2a00:f10:121:200::6789:2]:6789/0 pipe(0xcee5f0 sd=3 :34443 s=2 pgs=317544 cs=1 l=1 c=0xcee860).writer no session security
104
2014-06-04 13:47:31.199968 7f5b1a973700 20 -- [2a00:f10:121:200:0:2:6801:5]:0/1005152 >> [2a00:f10:121:200::6789:2]:6789/0 pipe(0xcee5f0 sd=3 :34443 s=2 pgs=317544 cs=1 l=1 c=0xcee860).writer sending 3 0x7f5b00002290
105
2014-06-04 13:47:31.200013 7f5b1a973700 10 -- [2a00:f10:121:200:0:2:6801:5]:0/1005152 >> [2a00:f10:121:200::6789:2]:6789/0 pipe(0xcee5f0 sd=3 :34443 s=2 pgs=317544 cs=1 l=1 c=0xcee860).writer: state = open policy.server=0
106
2014-06-04 13:47:31.200028 7f5b1a973700 20 -- [2a00:f10:121:200:0:2:6801:5]:0/1005152 >> [2a00:f10:121:200::6789:2]:6789/0 pipe(0xcee5f0 sd=3 :34443 s=2 pgs=317544 cs=1 l=1 c=0xcee860).writer sleeping
107
2014-06-04 13:47:31.200576 7f5b145ec700 20 -- [2a00:f10:121:200:0:2:6801:5]:0/1005152 >> [2a00:f10:121:200::6789:2]:6789/0 pipe(0xcee5f0 sd=3 :34443 s=2 pgs=317544 cs=1 l=1 c=0xcee860).reader got ACK
108
2014-06-04 13:47:31.200621 7f5b145ec700 15 -- [2a00:f10:121:200:0:2:6801:5]:0/1005152 >> [2a00:f10:121:200::6789:2]:6789/0 pipe(0xcee5f0 sd=3 :34443 s=2 pgs=317544 cs=1 l=1 c=0xcee860).reader got ack seq 3
109
2014-06-04 13:47:31.200639 7f5b145ec700 20 -- [2a00:f10:121:200:0:2:6801:5]:0/1005152 >> [2a00:f10:121:200::6789:2]:6789/0 pipe(0xcee5f0 sd=3 :34443 s=2 pgs=317544 cs=1 l=1 c=0xcee860).reader reading tag...
110
2014-06-04 13:47:31.200656 7f5b145ec700 20 -- [2a00:f10:121:200:0:2:6801:5]:0/1005152 >> [2a00:f10:121:200::6789:2]:6789/0 pipe(0xcee5f0 sd=3 :34443 s=2 pgs=317544 cs=1 l=1 c=0xcee860).reader got MSG
111
2014-06-04 13:47:31.200671 7f5b145ec700 20 -- [2a00:f10:121:200:0:2:6801:5]:0/1005152 >> [2a00:f10:121:200::6789:2]:6789/0 pipe(0xcee5f0 sd=3 :34443 s=2 pgs=317544 cs=1 l=1 c=0xcee860).reader got envelope type=18 src mon.1 front=425 data=0 off 0
112
2014-06-04 13:47:31.200697 7f5b145ec700 10 -- [2a00:f10:121:200:0:2:6801:5]:0/1005152 >> [2a00:f10:121:200::6789:2]:6789/0 pipe(0xcee5f0 sd=3 :34443 s=2 pgs=317544 cs=1 l=1 c=0xcee860).reader wants 425 from dispatch throttler 0/104857600
113
2014-06-04 13:47:31.200718 7f5b145ec700 20 -- [2a00:f10:121:200:0:2:6801:5]:0/1005152 >> [2a00:f10:121:200::6789:2]:6789/0 pipe(0xcee5f0 sd=3 :34443 s=2 pgs=317544 cs=1 l=1 c=0xcee860).reader got front 425
114
2014-06-04 13:47:31.200735 7f5b145ec700 10 -- [2a00:f10:121:200:0:2:6801:5]:0/1005152 >> [2a00:f10:121:200::6789:2]:6789/0 pipe(0xcee5f0 sd=3 :34443 s=2 pgs=317544 cs=1 l=1 c=0xcee860).aborted = 0
115
2014-06-04 13:47:31.200747 7f5b145ec700 20 -- [2a00:f10:121:200:0:2:6801:5]:0/1005152 >> [2a00:f10:121:200::6789:2]:6789/0 pipe(0xcee5f0 sd=3 :34443 s=2 pgs=317544 cs=1 l=1 c=0xcee860).reader got 425 + 0 + 0 byte message
116
2014-06-04 13:47:31.200766 7f5b145ec700 10 -- [2a00:f10:121:200:0:2:6801:5]:0/1005152 >> [2a00:f10:121:200::6789:2]:6789/0 pipe(0xcee5f0 sd=3 :34443 s=2 pgs=317544 cs=1 l=1 c=0xcee860).No session security set
117
2014-06-04 13:47:31.200789 7f5b145ec700 10 -- [2a00:f10:121:200:0:2:6801:5]:0/1005152 >> [2a00:f10:121:200::6789:2]:6789/0 pipe(0xcee5f0 sd=3 :34443 s=2 pgs=317544 cs=1 l=1 c=0xcee860).reader got message 4 0x7f5afc005870 auth_reply(proto 2 0 (0) Success) v1
118
2014-06-04 13:47:31.200815 7f5b145ec700 20 -- [2a00:f10:121:200:0:2:6801:5]:0/1005152 queue 0x7f5afc005870 prio 196
119
2014-06-04 13:47:31.200837 7f5b145ec700 20 -- [2a00:f10:121:200:0:2:6801:5]:0/1005152 >> [2a00:f10:121:200::6789:2]:6789/0 pipe(0xcee5f0 sd=3 :34443 s=2 pgs=317544 cs=1 l=1 c=0xcee860).reader reading tag...
120
2014-06-04 13:47:31.200845 7f5b1a973700 10 -- [2a00:f10:121:200:0:2:6801:5]:0/1005152 >> [2a00:f10:121:200::6789:2]:6789/0 pipe(0xcee5f0 sd=3 :34443 s=2 pgs=317544 cs=1 l=1 c=0xcee860).writer: state = open policy.server=0
121
2014-06-04 13:47:31.200846 7f5b155ee700  1 -- [2a00:f10:121:200:0:2:6801:5]:0/1005152 <== mon.1 [2a00:f10:121:200::6789:2]:6789/0 4 ==== auth_reply(proto 2 0 (0) Success) v1 ==== 425+0+0 (3198434072 0 0) 0x7f5afc005870 con 0xcee860
122
2014-06-04 13:47:31.200871 7f5b1a973700 10 -- [2a00:f10:121:200:0:2:6801:5]:0/1005152 >> [2a00:f10:121:200::6789:2]:6789/0 pipe(0xcee5f0 sd=3 :34443 s=2 pgs=317544 cs=1 l=1 c=0xcee860).write_ack 4
123
2014-06-04 13:47:31.200895 7f5b1a973700 10 -- [2a00:f10:121:200:0:2:6801:5]:0/1005152 >> [2a00:f10:121:200::6789:2]:6789/0 pipe(0xcee5f0 sd=3 :34443 s=2 pgs=317544 cs=1 l=1 c=0xcee860).writer: state = open policy.server=0
124
2014-06-04 13:47:31.200913 7f5b1a973700 20 -- [2a00:f10:121:200:0:2:6801:5]:0/1005152 >> [2a00:f10:121:200::6789:2]:6789/0 pipe(0xcee5f0 sd=3 :34443 s=2 pgs=317544 cs=1 l=1 c=0xcee860).writer sleeping
125
2014-06-04 13:47:31.200992 7f5b155ee700  1 -- [2a00:f10:121:200:0:2:6801:5]:0/1005152 --> [2a00:f10:121:200::6789:2]:6789/0 -- mon_subscribe({monmap=0+}) v2 -- ?+0 0xcef830 con 0xcee860
126
2014-06-04 13:47:31.201011 7f5b155ee700 20 -- [2a00:f10:121:200:0:2:6801:5]:0/1005152 submit_message mon_subscribe({monmap=0+}) v2 remote, [2a00:f10:121:200::6789:2]:6789/0, have pipe.
127
2014-06-04 13:47:31.201038 7f5b1a973700 10 -- [2a00:f10:121:200:0:2:6801:5]:0/1005152 >> [2a00:f10:121:200::6789:2]:6789/0 pipe(0xcee5f0 sd=3 :34443 s=2 pgs=317544 cs=1 l=1 c=0xcee860).writer: state = open policy.server=0
128
2014-06-04 13:47:31.201047 7f5b155ee700 10 -- [2a00:f10:121:200:0:2:6801:5]:0/1005152 dispatch_throttle_release 425 to dispatch throttler 425/104857600
129
2014-06-04 13:47:31.201068 7f5b155ee700 20 -- [2a00:f10:121:200:0:2:6801:5]:0/1005152 done calling dispatch on 0x7f5afc005870
130
2014-06-04 13:47:31.201060 7f5b1a973700 20 -- [2a00:f10:121:200:0:2:6801:5]:0/1005152 >> [2a00:f10:121:200::6789:2]:6789/0 pipe(0xcee5f0 sd=3 :34443 s=2 pgs=317544 cs=1 l=1 c=0xcee860).writer encoding 4 features 4432406249471 0xcef830 mon_subscribe({monmap=0+}) v2
131
2014-06-04 13:47:31.201093 7f5b1a973700 20 -- [2a00:f10:121:200:0:2:6801:5]:0/1005152 >> [2a00:f10:121:200::6789:2]:6789/0 pipe(0xcee5f0 sd=3 :34443 s=2 pgs=317544 cs=1 l=1 c=0xcee860).writer no session security
132
2014-06-04 13:47:31.201109 7f5b1a973700 20 -- [2a00:f10:121:200:0:2:6801:5]:0/1005152 >> [2a00:f10:121:200::6789:2]:6789/0 pipe(0xcee5f0 sd=3 :34443 s=2 pgs=317544 cs=1 l=1 c=0xcee860).writer sending 4 0xcef830
133
2014-06-04 13:47:31.201148 7f5b1a973700 10 -- [2a00:f10:121:200:0:2:6801:5]:0/1005152 >> [2a00:f10:121:200::6789:2]:6789/0 pipe(0xcee5f0 sd=3 :34443 s=2 pgs=317544 cs=1 l=1 c=0xcee860).writer: state = open policy.server=0
134
2014-06-04 13:47:31.201164 7f5b1a973700 20 -- [2a00:f10:121:200:0:2:6801:5]:0/1005152 >> [2a00:f10:121:200::6789:2]:6789/0 pipe(0xcee5f0 sd=3 :34443 s=2 pgs=317544 cs=1 l=1 c=0xcee860).writer sleeping
135
2014-06-04 13:47:31.201299 7f5b1a97b780  1 -- [2a00:f10:121:200:0:2:6801:5]:0/1005152 --> [2a00:f10:121:200::6789:2]:6789/0 -- mon_subscribe({monmap=2+,osdmap=0}) v2 -- ?+0 0xcebf40 con 0xcee860
136
2014-06-04 13:47:31.201320 7f5b1a97b780 20 -- [2a00:f10:121:200:0:2:6801:5]:0/1005152 submit_message mon_subscribe({monmap=2+,osdmap=0}) v2 remote, [2a00:f10:121:200::6789:2]:6789/0, have pipe.
137
2014-06-04 13:47:31.201351 7f5b1a97b780  1 -- [2a00:f10:121:200:0:2:6801:5]:0/1005152 --> [2a00:f10:121:200::6789:2]:6789/0 -- mon_subscribe({monmap=2+,osdmap=0}) v2 -- ?+0 0xcf0720 con 0xcee860
138
2014-06-04 13:47:31.201352 7f5b1a973700 10 -- [2a00:f10:121:200:0:2:6801:5]:0/1005152 >> [2a00:f10:121:200::6789:2]:6789/0 pipe(0xcee5f0 sd=3 :34443 s=2 pgs=317544 cs=1 l=1 c=0xcee860).writer: state = open policy.server=0
139
2014-06-04 13:47:31.201371 7f5b1a973700 20 -- [2a00:f10:121:200:0:2:6801:5]:0/1005152 >> [2a00:f10:121:200::6789:2]:6789/0 pipe(0xcee5f0 sd=3 :34443 s=2 pgs=317544 cs=1 l=1 c=0xcee860).writer encoding 5 features 4432406249471 0xcebf40 mon_subscribe({monmap=2+,osdmap=0}) v2
140
2014-06-04 13:47:31.201388 7f5b145ec700 20 -- [2a00:f10:121:200:0:2:6801:5]:0/1005152 >> [2a00:f10:121:200::6789:2]:6789/0 pipe(0xcee5f0 sd=3 :34443 s=2 pgs=317544 cs=1 l=1 c=0xcee860).reader got ACK
141
2014-06-04 13:47:31.201396 7f5b1a973700 20 -- [2a00:f10:121:200:0:2:6801:5]:0/1005152 >> [2a00:f10:121:200::6789:2]:6789/0 pipe(0xcee5f0 sd=3 :34443 s=2 pgs=317544 cs=1 l=1 c=0xcee860).writer no session security
142
2014-06-04 13:47:31.201415 7f5b1a973700 20 -- [2a00:f10:121:200:0:2:6801:5]:0/1005152 >> [2a00:f10:121:200::6789:2]:6789/0 pipe(0xcee5f0 sd=3 :34443 s=2 pgs=317544 cs=1 l=1 c=0xcee860).writer sending 5 0xcebf40
143
2014-06-04 13:47:31.201428 7f5b1a97b780 20 -- [2a00:f10:121:200:0:2:6801:5]:0/1005152 submit_message mon_subscribe({monmap=2+,osdmap=0}) v2 remote, [2a00:f10:121:200::6789:2]:6789/0, have pipe.
144
2014-06-04 13:47:31.201458 7f5b145ec700 15 -- [2a00:f10:121:200:0:2:6801:5]:0/1005152 >> [2a00:f10:121:200::6789:2]:6789/0 pipe(0xcee5f0 sd=3 :34443 s=2 pgs=317544 cs=1 l=1 c=0xcee860).reader got ack seq 4
145
2014-06-04 13:47:31.201479 7f5b145ec700 20 -- [2a00:f10:121:200:0:2:6801:5]:0/1005152 >> [2a00:f10:121:200::6789:2]:6789/0 pipe(0xcee5f0 sd=3 :34443 s=2 pgs=317544 cs=1 l=1 c=0xcee860).reader reading tag...
146
2014-06-04 13:47:31.201492 7f5b1a973700 10 -- [2a00:f10:121:200:0:2:6801:5]:0/1005152 >> [2a00:f10:121:200::6789:2]:6789/0 pipe(0xcee5f0 sd=3 :34443 s=2 pgs=317544 cs=1 l=1 c=0xcee860).writer: state = open policy.server=0
147
2014-06-04 13:47:31.201506 7f5b145ec700 20 -- [2a00:f10:121:200:0:2:6801:5]:0/1005152 >> [2a00:f10:121:200::6789:2]:6789/0 pipe(0xcee5f0 sd=3 :34443 s=2 pgs=317544 cs=1 l=1 c=0xcee860).reader got MSG
148
2014-06-04 13:47:31.201513 7f5b1a973700 20 -- [2a00:f10:121:200:0:2:6801:5]:0/1005152 >> [2a00:f10:121:200::6789:2]:6789/0 pipe(0xcee5f0 sd=3 :34443 s=2 pgs=317544 cs=1 l=1 c=0xcee860).writer encoding 6 features 4432406249471 0xcf0720 mon_subscribe({monmap=2+,osdmap=0}) v2
149
2014-06-04 13:47:31.201525 7f5b145ec700 20 -- [2a00:f10:121:200:0:2:6801:5]:0/1005152 >> [2a00:f10:121:200::6789:2]:6789/0 pipe(0xcee5f0 sd=3 :34443 s=2 pgs=317544 cs=1 l=1 c=0xcee860).reader got envelope type=4 src mon.1 front=486 data=0 off 0
150
2014-06-04 13:47:31.201533 7f5b1a973700 20 -- [2a00:f10:121:200:0:2:6801:5]:0/1005152 >> [2a00:f10:121:200::6789:2]:6789/0 pipe(0xcee5f0 sd=3 :34443 s=2 pgs=317544 cs=1 l=1 c=0xcee860).writer no session security
151
2014-06-04 13:47:31.201540 7f5b145ec700 10 -- [2a00:f10:121:200:0:2:6801:5]:0/1005152 >> [2a00:f10:121:200::6789:2]:6789/0 pipe(0xcee5f0 sd=3 :34443 s=2 pgs=317544 cs=1 l=1 c=0xcee860).reader wants 486 from dispatch throttler 0/104857600
152
2014-06-04 13:47:31.201547 7f5b1a973700 20 -- [2a00:f10:121:200:0:2:6801:5]:0/1005152 >> [2a00:f10:121:200::6789:2]:6789/0 pipe(0xcee5f0 sd=3 :34443 s=2 pgs=317544 cs=1 l=1 c=0xcee860).writer sending 6 0xcf0720
153
2014-06-04 13:47:31.201559 7f5b145ec700 20 -- [2a00:f10:121:200:0:2:6801:5]:0/1005152 >> [2a00:f10:121:200::6789:2]:6789/0 pipe(0xcee5f0 sd=3 :34443 s=2 pgs=317544 cs=1 l=1 c=0xcee860).reader got front 486
154
2014-06-04 13:47:31.201575 7f5b145ec700 10 -- [2a00:f10:121:200:0:2:6801:5]:0/1005152 >> [2a00:f10:121:200::6789:2]:6789/0 pipe(0xcee5f0 sd=3 :34443 s=2 pgs=317544 cs=1 l=1 c=0xcee860).aborted = 0
155
2014-06-04 13:47:31.201576 7f5b1a973700 10 -- [2a00:f10:121:200:0:2:6801:5]:0/1005152 >> [2a00:f10:121:200::6789:2]:6789/0 pipe(0xcee5f0 sd=3 :34443 s=2 pgs=317544 cs=1 l=1 c=0xcee860).writer: state = open policy.server=0
156
2014-06-04 13:47:31.201587 7f5b145ec700 20 -- [2a00:f10:121:200:0:2:6801:5]:0/1005152 >> [2a00:f10:121:200::6789:2]:6789/0 pipe(0xcee5f0 sd=3 :34443 s=2 pgs=317544 cs=1 l=1 c=0xcee860).reader got 486 + 0 + 0 byte message
157
2014-06-04 13:47:31.201596 7f5b1a973700 20 -- [2a00:f10:121:200:0:2:6801:5]:0/1005152 >> [2a00:f10:121:200::6789:2]:6789/0 pipe(0xcee5f0 sd=3 :34443 s=2 pgs=317544 cs=1 l=1 c=0xcee860).writer sleeping
158
2014-06-04 13:47:31.201615 7f5b145ec700 10 -- [2a00:f10:121:200:0:2:6801:5]:0/1005152 >> [2a00:f10:121:200::6789:2]:6789/0 pipe(0xcee5f0 sd=3 :34443 s=2 pgs=317544 cs=1 l=1 c=0xcee860).No session security set
159
2014-06-04 13:47:31.201635 7f5b145ec700 10 -- [2a00:f10:121:200:0:2:6801:5]:0/1005152 >> [2a00:f10:121:200::6789:2]:6789/0 pipe(0xcee5f0 sd=3 :34443 s=2 pgs=317544 cs=1 l=1 c=0xcee860).reader got message 5 0x7f5afc006e50 mon_map v1
160
2014-06-04 13:47:31.201649 7f5b145ec700 20 -- [2a00:f10:121:200:0:2:6801:5]:0/1005152 queue 0x7f5afc006e50 prio 196
161
2014-06-04 13:47:31.201683 7f5b145ec700 20 -- [2a00:f10:121:200:0:2:6801:5]:0/1005152 >> [2a00:f10:121:200::6789:2]:6789/0 pipe(0xcee5f0 sd=3 :34443 s=2 pgs=317544 cs=1 l=1 c=0xcee860).reader reading tag...
162
2014-06-04 13:47:31.201691 7f5b1a973700 10 -- [2a00:f10:121:200:0:2:6801:5]:0/1005152 >> [2a00:f10:121:200::6789:2]:6789/0 pipe(0xcee5f0 sd=3 :34443 s=2 pgs=317544 cs=1 l=1 c=0xcee860).writer: state = open policy.server=0
163
2014-06-04 13:47:31.201694 7f5b155ee700  1 -- [2a00:f10:121:200:0:2:6801:5]:0/1005152 <== mon.1 [2a00:f10:121:200::6789:2]:6789/0 5 ==== mon_map v1 ==== 486+0+0 (628742214 0 0) 0x7f5afc006e50 con 0xcee860
164
2014-06-04 13:47:31.201702 7f5b145ec700 20 -- [2a00:f10:121:200:0:2:6801:5]:0/1005152 >> [2a00:f10:121:200::6789:2]:6789/0 pipe(0xcee5f0 sd=3 :34443 s=2 pgs=317544 cs=1 l=1 c=0xcee860).reader got MSG
165
2014-06-04 13:47:31.201715 7f5b1a973700 10 -- [2a00:f10:121:200:0:2:6801:5]:0/1005152 >> [2a00:f10:121:200::6789:2]:6789/0 pipe(0xcee5f0 sd=3 :34443 s=2 pgs=317544 cs=1 l=1 c=0xcee860).write_ack 5
166
2014-06-04 13:47:31.201720 7f5b145ec700 20 -- [2a00:f10:121:200:0:2:6801:5]:0/1005152 >> [2a00:f10:121:200::6789:2]:6789/0 pipe(0xcee5f0 sd=3 :34443 s=2 pgs=317544 cs=1 l=1 c=0xcee860).reader got envelope type=16 src mon.1 front=20 data=0 off 0
167
2014-06-04 13:47:31.201735 7f5b145ec700 10 -- [2a00:f10:121:200:0:2:6801:5]:0/1005152 >> [2a00:f10:121:200::6789:2]:6789/0 pipe(0xcee5f0 sd=3 :34443 s=2 pgs=317544 cs=1 l=1 c=0xcee860).reader wants 20 from dispatch throttler 486/104857600
168
2014-06-04 13:47:31.201736 7f5b1a973700 10 -- [2a00:f10:121:200:0:2:6801:5]:0/1005152 >> [2a00:f10:121:200::6789:2]:6789/0 pipe(0xcee5f0 sd=3 :34443 s=2 pgs=317544 cs=1 l=1 c=0xcee860).writer: state = open policy.server=0
169
2014-06-04 13:47:31.201754 7f5b145ec700 20 -- [2a00:f10:121:200:0:2:6801:5]:0/1005152 >> [2a00:f10:121:200::6789:2]:6789/0 pipe(0xcee5f0 sd=3 :34443 s=2 pgs=317544 cs=1 l=1 c=0xcee860).reader got front 20
170
2014-06-04 13:47:31.201754 7f5b1a973700 20 -- [2a00:f10:121:200:0:2:6801:5]:0/1005152 >> [2a00:f10:121:200::6789:2]:6789/0 pipe(0xcee5f0 sd=3 :34443 s=2 pgs=317544 cs=1 l=1 c=0xcee860).writer sleeping
171
2014-06-04 13:47:31.201772 7f5b145ec700 10 -- [2a00:f10:121:200:0:2:6801:5]:0/1005152 >> [2a00:f10:121:200::6789:2]:6789/0 pipe(0xcee5f0 sd=3 :34443 s=2 pgs=317544 cs=1 l=1 c=0xcee860).aborted = 0
172
2014-06-04 13:47:31.201779 7f5b155ee700 10 -- [2a00:f10:121:200:0:2:6801:5]:0/1005152 dispatch_throttle_release 486 to dispatch throttler 506/104857600
173
2014-06-04 13:47:31.201784 7f5b145ec700 20 -- [2a00:f10:121:200:0:2:6801:5]:0/1005152 >> [2a00:f10:121:200::6789:2]:6789/0 pipe(0xcee5f0 sd=3 :34443 s=2 pgs=317544 cs=1 l=1 c=0xcee860).reader got 20 + 0 + 0 byte message
174
2014-06-04 13:47:31.201790 7f5b155ee700 20 -- [2a00:f10:121:200:0:2:6801:5]:0/1005152 done calling dispatch on 0x7f5afc006e50
175
2014-06-04 13:47:31.201815 7f5b145ec700 10 -- [2a00:f10:121:200:0:2:6801:5]:0/1005152 >> [2a00:f10:121:200::6789:2]:6789/0 pipe(0xcee5f0 sd=3 :34443 s=2 pgs=317544 cs=1 l=1 c=0xcee860).No session security set
176
2014-06-04 13:47:31.201835 7f5b145ec700 10 -- [2a00:f10:121:200:0:2:6801:5]:0/1005152 >> [2a00:f10:121:200::6789:2]:6789/0 pipe(0xcee5f0 sd=3 :34443 s=2 pgs=317544 cs=1 l=1 c=0xcee860).reader got message 6 0x7f5afc007fc0 mon_subscribe_ack(300s) v1
177
2014-06-04 13:47:31.201850 7f5b145ec700 20 -- [2a00:f10:121:200:0:2:6801:5]:0/1005152 queue 0x7f5afc007fc0 prio 196
178
2014-06-04 13:47:31.201869 7f5b145ec700 20 -- [2a00:f10:121:200:0:2:6801:5]:0/1005152 >> [2a00:f10:121:200::6789:2]:6789/0 pipe(0xcee5f0 sd=3 :34443 s=2 pgs=317544 cs=1 l=1 c=0xcee860).reader reading tag...
179
2014-06-04 13:47:31.201877 7f5b1a973700 10 -- [2a00:f10:121:200:0:2:6801:5]:0/1005152 >> [2a00:f10:121:200::6789:2]:6789/0 pipe(0xcee5f0 sd=3 :34443 s=2 pgs=317544 cs=1 l=1 c=0xcee860).writer: state = open policy.server=0
180
2014-06-04 13:47:31.201876 7f5b155ee700  1 -- [2a00:f10:121:200:0:2:6801:5]:0/1005152 <== mon.1 [2a00:f10:121:200::6789:2]:6789/0 6 ==== mon_subscribe_ack(300s) v1 ==== 20+0+0 (3541125974 0 0) 0x7f5afc007fc0 con 0xcee860
181
2014-06-04 13:47:31.201900 7f5b1a973700 10 -- [2a00:f10:121:200:0:2:6801:5]:0/1005152 >> [2a00:f10:121:200::6789:2]:6789/0 pipe(0xcee5f0 sd=3 :34443 s=2 pgs=317544 cs=1 l=1 c=0xcee860).write_ack 6
182
2014-06-04 13:47:31.201917 7f5b155ee700 10 -- [2a00:f10:121:200:0:2:6801:5]:0/1005152 dispatch_throttle_release 20 to dispatch throttler 20/104857600
183
2014-06-04 13:47:31.201927 7f5b155ee700 20 -- [2a00:f10:121:200:0:2:6801:5]:0/1005152 done calling dispatch on 0x7f5afc007fc0
184
2014-06-04 13:47:31.201920 7f5b1a973700 10 -- [2a00:f10:121:200:0:2:6801:5]:0/1005152 >> [2a00:f10:121:200::6789:2]:6789/0 pipe(0xcee5f0 sd=3 :34443 s=2 pgs=317544 cs=1 l=1 c=0xcee860).writer: state = open policy.server=0
185
2014-06-04 13:47:31.201937 7f5b1a973700 20 -- [2a00:f10:121:200:0:2:6801:5]:0/1005152 >> [2a00:f10:121:200::6789:2]:6789/0 pipe(0xcee5f0 sd=3 :34443 s=2 pgs=317544 cs=1 l=1 c=0xcee860).writer sleeping
186
2014-06-04 13:47:31.202075 7f5b145ec700 20 -- [2a00:f10:121:200:0:2:6801:5]:0/1005152 >> [2a00:f10:121:200::6789:2]:6789/0 pipe(0xcee5f0 sd=3 :34443 s=2 pgs=317544 cs=1 l=1 c=0xcee860).reader got ACK
187
2014-06-04 13:47:31.202093 7f5b145ec700 15 -- [2a00:f10:121:200:0:2:6801:5]:0/1005152 >> [2a00:f10:121:200::6789:2]:6789/0 pipe(0xcee5f0 sd=3 :34443 s=2 pgs=317544 cs=1 l=1 c=0xcee860).reader got ack seq 6
188
2014-06-04 13:47:31.202164 7f5b145ec700 20 -- [2a00:f10:121:200:0:2:6801:5]:0/1005152 >> [2a00:f10:121:200::6789:2]:6789/0 pipe(0xcee5f0 sd=3 :34443 s=2 pgs=317544 cs=1 l=1 c=0xcee860).reader reading tag...
189
2014-06-04 13:47:31.202180 7f5b145ec700 20 -- [2a00:f10:121:200:0:2:6801:5]:0/1005152 >> [2a00:f10:121:200::6789:2]:6789/0 pipe(0xcee5f0 sd=3 :34443 s=2 pgs=317544 cs=1 l=1 c=0xcee860).reader got MSG
190
2014-06-04 13:47:31.202195 7f5b145ec700 20 -- [2a00:f10:121:200:0:2:6801:5]:0/1005152 >> [2a00:f10:121:200::6789:2]:6789/0 pipe(0xcee5f0 sd=3 :34443 s=2 pgs=317544 cs=1 l=1 c=0xcee860).reader got envelope type=41 src mon.1 front=51013 data=0 off 0
191
2014-06-04 13:47:31.202209 7f5b145ec700 10 -- [2a00:f10:121:200:0:2:6801:5]:0/1005152 >> [2a00:f10:121:200::6789:2]:6789/0 pipe(0xcee5f0 sd=3 :34443 s=2 pgs=317544 cs=1 l=1 c=0xcee860).reader wants 51013 from dispatch throttler 0/104857600
192
2014-06-04 13:47:31.202675 7f5b145ec700 20 -- [2a00:f10:121:200:0:2:6801:5]:0/1005152 >> [2a00:f10:121:200::6789:2]:6789/0 pipe(0xcee5f0 sd=3 :34443 s=2 pgs=317544 cs=1 l=1 c=0xcee860).reader got front 51013
193
2014-06-04 13:47:31.202696 7f5b145ec700 10 -- [2a00:f10:121:200:0:2:6801:5]:0/1005152 >> [2a00:f10:121:200::6789:2]:6789/0 pipe(0xcee5f0 sd=3 :34443 s=2 pgs=317544 cs=1 l=1 c=0xcee860).aborted = 0
194
2014-06-04 13:47:31.202734 7f5b145ec700 20 -- [2a00:f10:121:200:0:2:6801:5]:0/1005152 >> [2a00:f10:121:200::6789:2]:6789/0 pipe(0xcee5f0 sd=3 :34443 s=2 pgs=317544 cs=1 l=1 c=0xcee860).reader got 51013 + 0 + 0 byte message
195
2014-06-04 13:47:31.202858 7f5b145ec700 10 -- [2a00:f10:121:200:0:2:6801:5]:0/1005152 >> [2a00:f10:121:200::6789:2]:6789/0 pipe(0xcee5f0 sd=3 :34443 s=2 pgs=317544 cs=1 l=1 c=0xcee860).No session security set
196
2014-06-04 13:47:31.202884 7f5b145ec700 10 -- [2a00:f10:121:200:0:2:6801:5]:0/1005152 >> [2a00:f10:121:200::6789:2]:6789/0 pipe(0xcee5f0 sd=3 :34443 s=2 pgs=317544 cs=1 l=1 c=0xcee860).reader got message 7 0x7f5afc015620 osd_map(25167..25167 src has 24509..25167) v3
197
2014-06-04 13:47:31.202921 7f5b145ec700 20 -- [2a00:f10:121:200:0:2:6801:5]:0/1005152 queue 0x7f5afc015620 prio 196
198
2014-06-04 13:47:31.202940 7f5b145ec700 20 -- [2a00:f10:121:200:0:2:6801:5]:0/1005152 >> [2a00:f10:121:200::6789:2]:6789/0 pipe(0xcee5f0 sd=3 :34443 s=2 pgs=317544 cs=1 l=1 c=0xcee860).reader reading tag...
199
2014-06-04 13:47:31.202949 7f5b1a973700 10 -- [2a00:f10:121:200:0:2:6801:5]:0/1005152 >> [2a00:f10:121:200::6789:2]:6789/0 pipe(0xcee5f0 sd=3 :34443 s=2 pgs=317544 cs=1 l=1 c=0xcee860).writer: state = open policy.server=0
200
2014-06-04 13:47:31.202951 7f5b155ee700  1 -- [2a00:f10:121:200:0:2:6801:5]:0/1005152 <== mon.1 [2a00:f10:121:200::6789:2]:6789/0 7 ==== osd_map(25167..25167 src has 24509..25167) v3 ==== 51013+0+0 (2128544996 0 0) 0x7f5afc015620 con 0xcee860
201
2014-06-04 13:47:31.202977 7f5b1a973700 10 -- [2a00:f10:121:200:0:2:6801:5]:0/1005152 >> [2a00:f10:121:200::6789:2]:6789/0 pipe(0xcee5f0 sd=3 :34443 s=2 pgs=317544 cs=1 l=1 c=0xcee860).write_ack 7
202
2014-06-04 13:47:31.202981 7f5b145ec700 20 -- [2a00:f10:121:200:0:2:6801:5]:0/1005152 >> [2a00:f10:121:200::6789:2]:6789/0 pipe(0xcee5f0 sd=3 :34443 s=2 pgs=317544 cs=1 l=1 c=0xcee860).reader got MSG
203
2014-06-04 13:47:31.203012 7f5b1a973700 10 -- [2a00:f10:121:200:0:2:6801:5]:0/1005152 >> [2a00:f10:121:200::6789:2]:6789/0 pipe(0xcee5f0 sd=3 :34443 s=2 pgs=317544 cs=1 l=1 c=0xcee860).writer: state = open policy.server=0
204
2014-06-04 13:47:31.203032 7f5b1a973700 20 -- [2a00:f10:121:200:0:2:6801:5]:0/1005152 >> [2a00:f10:121:200::6789:2]:6789/0 pipe(0xcee5f0 sd=3 :34443 s=2 pgs=317544 cs=1 l=1 c=0xcee860).writer sleeping
205
2014-06-04 13:47:31.203027 7f5b145ec700 20 -- [2a00:f10:121:200:0:2:6801:5]:0/1005152 >> [2a00:f10:121:200::6789:2]:6789/0 pipe(0xcee5f0 sd=3 :34443 s=2 pgs=317544 cs=1 l=1 c=0xcee860).reader got envelope type=16 src mon.1 front=20 data=0 off 0
206
2014-06-04 13:47:31.203063 7f5b145ec700 10 -- [2a00:f10:121:200:0:2:6801:5]:0/1005152 >> [2a00:f10:121:200::6789:2]:6789/0 pipe(0xcee5f0 sd=3 :34443 s=2 pgs=317544 cs=1 l=1 c=0xcee860).reader wants 20 from dispatch throttler 51013/104857600
207
2014-06-04 13:47:31.203089 7f5b145ec700 20 -- [2a00:f10:121:200:0:2:6801:5]:0/1005152 >> [2a00:f10:121:200::6789:2]:6789/0 pipe(0xcee5f0 sd=3 :34443 s=2 pgs=317544 cs=1 l=1 c=0xcee860).reader got front 20
208
2014-06-04 13:47:31.203106 7f5b145ec700 10 -- [2a00:f10:121:200:0:2:6801:5]:0/1005152 >> [2a00:f10:121:200::6789:2]:6789/0 pipe(0xcee5f0 sd=3 :34443 s=2 pgs=317544 cs=1 l=1 c=0xcee860).aborted = 0
209
2014-06-04 13:47:31.203141 7f5b145ec700 20 -- [2a00:f10:121:200:0:2:6801:5]:0/1005152 >> [2a00:f10:121:200::6789:2]:6789/0 pipe(0xcee5f0 sd=3 :34443 s=2 pgs=317544 cs=1 l=1 c=0xcee860).reader got 20 + 0 + 0 byte message
210
2014-06-04 13:47:31.203156 7f5b145ec700 10 -- [2a00:f10:121:200:0:2:6801:5]:0/1005152 >> [2a00:f10:121:200::6789:2]:6789/0 pipe(0xcee5f0 sd=3 :34443 s=2 pgs=317544 cs=1 l=1 c=0xcee860).No session security set
211
2014-06-04 13:47:31.203174 7f5b145ec700 10 -- [2a00:f10:121:200:0:2:6801:5]:0/1005152 >> [2a00:f10:121:200::6789:2]:6789/0 pipe(0xcee5f0 sd=3 :34443 s=2 pgs=317544 cs=1 l=1 c=0xcee860).reader got message 8 0x7f5afc016830 mon_subscribe_ack(300s) v1
212
2014-06-04 13:47:31.203192 7f5b145ec700 20 -- [2a00:f10:121:200:0:2:6801:5]:0/1005152 queue 0x7f5afc016830 prio 196
213
2014-06-04 13:47:31.203207 7f5b145ec700 20 -- [2a00:f10:121:200:0:2:6801:5]:0/1005152 >> [2a00:f10:121:200::6789:2]:6789/0 pipe(0xcee5f0 sd=3 :34443 s=2 pgs=317544 cs=1 l=1 c=0xcee860).reader reading tag...
214
2014-06-04 13:47:31.203215 7f5b1a973700 10 -- [2a00:f10:121:200:0:2:6801:5]:0/1005152 >> [2a00:f10:121:200::6789:2]:6789/0 pipe(0xcee5f0 sd=3 :34443 s=2 pgs=317544 cs=1 l=1 c=0xcee860).writer: state = open policy.server=0
215
2014-06-04 13:47:31.203229 7f5b145ec700 20 -- [2a00:f10:121:200:0:2:6801:5]:0/1005152 >> [2a00:f10:121:200::6789:2]:6789/0 pipe(0xcee5f0 sd=3 :34443 s=2 pgs=317544 cs=1 l=1 c=0xcee860).reader got MSG
216
2014-06-04 13:47:31.203239 7f5b1a973700 10 -- [2a00:f10:121:200:0:2:6801:5]:0/1005152 >> [2a00:f10:121:200::6789:2]:6789/0 pipe(0xcee5f0 sd=3 :34443 s=2 pgs=317544 cs=1 l=1 c=0xcee860).write_ack 8
217
2014-06-04 13:47:31.203246 7f5b145ec700 20 -- [2a00:f10:121:200:0:2:6801:5]:0/1005152 >> [2a00:f10:121:200::6789:2]:6789/0 pipe(0xcee5f0 sd=3 :34443 s=2 pgs=317544 cs=1 l=1 c=0xcee860).reader got envelope type=41 src mon.1 front=51013 data=0 off 0
218
2014-06-04 13:47:31.203261 7f5b145ec700 10 -- [2a00:f10:121:200:0:2:6801:5]:0/1005152 >> [2a00:f10:121:200::6789:2]:6789/0 pipe(0xcee5f0 sd=3 :34443 s=2 pgs=317544 cs=1 l=1 c=0xcee860).reader wants 51013 from dispatch throttler 51033/104857600
219
2014-06-04 13:47:31.203262 7f5b1a973700 10 -- [2a00:f10:121:200:0:2:6801:5]:0/1005152 >> [2a00:f10:121:200::6789:2]:6789/0 pipe(0xcee5f0 sd=3 :34443 s=2 pgs=317544 cs=1 l=1 c=0xcee860).writer: state = open policy.server=0
220
2014-06-04 13:47:31.203280 7f5b1a973700 20 -- [2a00:f10:121:200:0:2:6801:5]:0/1005152 >> [2a00:f10:121:200::6789:2]:6789/0 pipe(0xcee5f0 sd=3 :34443 s=2 pgs=317544 cs=1 l=1 c=0xcee860).writer sleeping
221
2014-06-04 13:47:31.203446 7f5b145ec700 20 -- [2a00:f10:121:200:0:2:6801:5]:0/1005152 >> [2a00:f10:121:200::6789:2]:6789/0 pipe(0xcee5f0 sd=3 :34443 s=2 pgs=317544 cs=1 l=1 c=0xcee860).reader got front 51013
222
2014-06-04 13:47:31.203463 7f5b145ec700 10 -- [2a00:f10:121:200:0:2:6801:5]:0/1005152 >> [2a00:f10:121:200::6789:2]:6789/0 pipe(0xcee5f0 sd=3 :34443 s=2 pgs=317544 cs=1 l=1 c=0xcee860).aborted = 0
223
2014-06-04 13:47:31.203475 7f5b145ec700 20 -- [2a00:f10:121:200:0:2:6801:5]:0/1005152 >> [2a00:f10:121:200::6789:2]:6789/0 pipe(0xcee5f0 sd=3 :34443 s=2 pgs=317544 cs=1 l=1 c=0xcee860).reader got 51013 + 0 + 0 byte message
224
2014-06-04 13:47:31.203551 7f5b145ec700 10 -- [2a00:f10:121:200:0:2:6801:5]:0/1005152 >> [2a00:f10:121:200::6789:2]:6789/0 pipe(0xcee5f0 sd=3 :34443 s=2 pgs=317544 cs=1 l=1 c=0xcee860).No session security set
225
2014-06-04 13:47:31.203569 7f5b145ec700 10 -- [2a00:f10:121:200:0:2:6801:5]:0/1005152 >> [2a00:f10:121:200::6789:2]:6789/0 pipe(0xcee5f0 sd=3 :34443 s=2 pgs=317544 cs=1 l=1 c=0xcee860).reader got message 9 0x7f5afc0241b0 osd_map(25167..25167 src has 24509..25167) v3
226
2014-06-04 13:47:31.203584 7f5b145ec700 20 -- [2a00:f10:121:200:0:2:6801:5]:0/1005152 queue 0x7f5afc0241b0 prio 196
227
2014-06-04 13:47:31.203597 7f5b145ec700 20 -- [2a00:f10:121:200:0:2:6801:5]:0/1005152 >> [2a00:f10:121:200::6789:2]:6789/0 pipe(0xcee5f0 sd=3 :34443 s=2 pgs=317544 cs=1 l=1 c=0xcee860).reader reading tag...
228
2014-06-04 13:47:31.203613 7f5b145ec700 20 -- [2a00:f10:121:200:0:2:6801:5]:0/1005152 >> [2a00:f10:121:200::6789:2]:6789/0 pipe(0xcee5f0 sd=3 :34443 s=2 pgs=317544 cs=1 l=1 c=0xcee860).reader got MSG
229
2014-06-04 13:47:31.203606 7f5b1a973700 10 -- [2a00:f10:121:200:0:2:6801:5]:0/1005152 >> [2a00:f10:121:200::6789:2]:6789/0 pipe(0xcee5f0 sd=3 :34443 s=2 pgs=317544 cs=1 l=1 c=0xcee860).writer: state = open policy.server=0
230
2014-06-04 13:47:31.203627 7f5b145ec700 20 -- [2a00:f10:121:200:0:2:6801:5]:0/1005152 >> [2a00:f10:121:200::6789:2]:6789/0 pipe(0xcee5f0 sd=3 :34443 s=2 pgs=317544 cs=1 l=1 c=0xcee860).reader got envelope type=16 src mon.1 front=20 data=0 off 0
231
2014-06-04 13:47:31.203633 7f5b1a973700 10 -- [2a00:f10:121:200:0:2:6801:5]:0/1005152 >> [2a00:f10:121:200::6789:2]:6789/0 pipe(0xcee5f0 sd=3 :34443 s=2 pgs=317544 cs=1 l=1 c=0xcee860).write_ack 9
232
2014-06-04 13:47:31.203641 7f5b145ec700 10 -- [2a00:f10:121:200:0:2:6801:5]:0/1005152 >> [2a00:f10:121:200::6789:2]:6789/0 pipe(0xcee5f0 sd=3 :34443 s=2 pgs=317544 cs=1 l=1 c=0xcee860).reader wants 20 from dispatch throttler 102046/104857600
233
2014-06-04 13:47:31.203655 7f5b1a973700 10 -- [2a00:f10:121:200:0:2:6801:5]:0/1005152 >> [2a00:f10:121:200::6789:2]:6789/0 pipe(0xcee5f0 sd=3 :34443 s=2 pgs=317544 cs=1 l=1 c=0xcee860).writer: state = open policy.server=0
234
2014-06-04 13:47:31.203675 7f5b145ec700 20 -- [2a00:f10:121:200:0:2:6801:5]:0/1005152 >> [2a00:f10:121:200::6789:2]:6789/0 pipe(0xcee5f0 sd=3 :34443 s=2 pgs=317544 cs=1 l=1 c=0xcee860).reader got front 20
235
2014-06-04 13:47:31.203678 7f5b1a973700 20 -- [2a00:f10:121:200:0:2:6801:5]:0/1005152 >> [2a00:f10:121:200::6789:2]:6789/0 pipe(0xcee5f0 sd=3 :34443 s=2 pgs=317544 cs=1 l=1 c=0xcee860).writer sleeping
236
2014-06-04 13:47:31.203692 7f5b145ec700 10 -- [2a00:f10:121:200:0:2:6801:5]:0/1005152 >> [2a00:f10:121:200::6789:2]:6789/0 pipe(0xcee5f0 sd=3 :34443 s=2 pgs=317544 cs=1 l=1 c=0xcee860).aborted = 0
237
2014-06-04 13:47:31.203703 7f5b155ee700 10 -- [2a00:f10:121:200:0:2:6801:5]:0/1005152 dispatch_throttle_release 51013 to dispatch throttler 102066/104857600
238
2014-06-04 13:47:31.203706 7f5b145ec700 20 -- [2a00:f10:121:200:0:2:6801:5]:0/1005152 >> [2a00:f10:121:200::6789:2]:6789/0 pipe(0xcee5f0 sd=3 :34443 s=2 pgs=317544 cs=1 l=1 c=0xcee860).reader got 20 + 0 + 0 byte message
239
2014-06-04 13:47:31.203716 7f5b155ee700 20 -- [2a00:f10:121:200:0:2:6801:5]:0/1005152 done calling dispatch on 0x7f5afc015620
240
2014-06-04 13:47:31.203722 7f5b145ec700 10 -- [2a00:f10:121:200:0:2:6801:5]:0/1005152 >> [2a00:f10:121:200::6789:2]:6789/0 pipe(0xcee5f0 sd=3 :34443 s=2 pgs=317544 cs=1 l=1 c=0xcee860).No session security set
241
2014-06-04 13:47:31.203730 7f5b155ee700  1 -- [2a00:f10:121:200:0:2:6801:5]:0/1005152 <== mon.1 [2a00:f10:121:200::6789:2]:6789/0 8 ==== mon_subscribe_ack(300s) v1 ==== 20+0+0 (3541125974 0 0) 0x7f5afc016830 con 0xcee860
242
